{"id":14220,"date":"2026-02-26T04:19:27","date_gmt":"2026-02-26T03:19:27","guid":{"rendered":"https:\/\/rowermax.shop\/ro64\/produkt\/rower-fuji-gran-fondo-1-3-carbon-l-56-cm-szosa-endurance-50-gwarancja\/"},"modified":"2026-02-26T04:19:29","modified_gmt":"2026-02-26T03:19:29","slug":"rower-fuji-gran-fondo-1-3-carbon-l-56-cm-szosa-endurance-50-gwarancja","status":"publish","type":"product","link":"https:\/\/twojerowery.shop\/ro64\/produkt\/rower-fuji-gran-fondo-1-3-carbon-l-56-cm-szosa-endurance-50-gwarancja\/","title":{"rendered":"Rower Fuji Gran Fondo 1.3 Carbon L 56 cm szosa Endurance -50% Gwarancja !!"},"content":{"rendered":"<div style=\"font-family: Arial, sans-serif; line-height: 1.6; color: #333; padding: 20px; clear: both; display: block; width: 100%; float: none; position: static; overflow: hidden;\">\n<div style=\"clear: both; display: block; margin: 10px 0;\">\n<div style=\"clear: both; display: block; margin: 10px 0;\">\n<div style=\"clear: both; display: block; margin: 10px 0;\">\n<div  style=\"max-width:2161px;max-height:1250px\">\n<div style=\"clear: both; display: block; margin: 10px 0;\">\n<div style=\"clear: both; width: 100%; display: block; margin: 20px 0; padding: 0; float: none; position: static; text-align: center;\"><img decoding=\"async\"  src=\"https:\/\/a.allegroimg.com\/original\/116a6e\/11449bc84283817a942cba0b8b1a\/Rower-Fuji-Gran-Fondo-1-3-Carbon-L-56-cm-szosa-Endurance-50-Gwarancja\" srcset=\"https:\/\/a.allegroimg.com\/original\/116a6e\/11449bc84283817a942cba0b8b1a\/Rower-Fuji-Gran-Fondo-1-3-Carbon-L-56-cm-szosa-Endurance-50-Gwarancja 360w,https:\/\/a.allegroimg.com\/original\/116a6e\/11449bc84283817a942cba0b8b1a\/Rower-Fuji-Gran-Fondo-1-3-Carbon-L-56-cm-szosa-Endurance-50-Gwarancja 720w,https:\/\/a.allegroimg.com\/original\/116a6e\/11449bc84283817a942cba0b8b1a\/Rower-Fuji-Gran-Fondo-1-3-Carbon-L-56-cm-szosa-Endurance-50-Gwarancja 1024w,https:\/\/a.allegroimg.com\/original\/116a6e\/11449bc84283817a942cba0b8b1a\/Rower-Fuji-Gran-Fondo-1-3-Carbon-L-56-cm-szosa-Endurance-50-Gwarancja 1440w,https:\/\/a.allegroimg.com\/original\/116a6e\/11449bc84283817a942cba0b8b1a\/Rower-Fuji-Gran-Fondo-1-3-Carbon-L-56-cm-szosa-Endurance-50-Gwarancja 2161w\" sizes=\"100vw\" width=\"2161px\" alt=\"Rower Fuji Gran Fondo 1.3 Carbon L 56 cm szosa Endurance -50% Gwarancja !!\" style=\"max-width: 100%; height: auto; display: block; margin: 0 auto;\"><\/div>\n<\/div>\n<\/div>\n<\/div>\n<\/div>\n<\/div>\n<div style=\"clear: both; display: block; margin: 10px 0;\">\n<div style=\"clear: both; display: block; margin: 10px 0;\">\n<div style=\"clear: both; display: block; margin: 10px 0;\">\n<h1>Rower szosowy karbonowy<\/h1>\n<h1>FUJI Gran Fondo 1.3<\/h1>\n<p style=\"margin: 15px 0; line-height: 1.8; clear: both; display: block; width: 100%; float: none; position: static;\">Szosowy rower Endurance<\/p>\n<h3 style=\"color: #2c5aa0; font-size: 18px; margin: 30px 0 15px 0; font-weight: bold; clear: both; display: block; width: 100%; float: none; position: static;\">Gran Fondo \u2013 rower stworzony na d\u0142ugie dystanse<\/h3>\n<p style=\"margin: 15px 0; line-height: 1.8; clear: both; display: block; width: 100%; float: none; position: static;\"><b>Fuji Gran Fondo 1.3<\/b>&nbsp;zosta\u0142 zaprojektowany do p\u0142ynnej, szybkiej i ca\u0142odniowej jazdy, bez wzgl\u0119du na stan nawierzchni. To rower, kt\u00f3ry zachwyca wygod\u0105 na podjazdach i daje pewno\u015b\u0107 na zjazdach. To idealny towarzysz wielogodzinnych wypraw.<\/p>\n<p style=\"margin: 15px 0; line-height: 1.8; clear: both; display: block; width: 100%; float: none; position: static;\">Lekka rama z wysokomodu\u0142owego w\u0142\u00f3kna w\u0119glowego wyposa\u017cona w technologi\u0119 redukcji drga\u0144&nbsp;<b>Vibration Reduction Technology,<\/b>&nbsp;skutecznie minimalizuje wibracje i nier\u00f3wno\u015bci terenu. Efekt jej zastosowania to: wyj\u0105tkowy komfort i mniejsze zm\u0119czenie na d\u0142ugich trasach &#8211; mo\u017cesz jecha\u0107 dalej, szybciej i z wi\u0119ksz\u0105 przyjemno\u015bci\u0105.<\/p>\n<h3 style=\"color: #2c5aa0; font-size: 18px; margin: 30px 0 15px 0; font-weight: bold; clear: both; display: block; width: 100%; float: none; position: static;\">Fuji \u2013 legendarne rowery szosowe, gravelowe i MTB<\/h3>\n<p style=\"margin: 15px 0; line-height: 1.8; clear: both; display: block; width: 100%; float: none; position: static;\">Fuji to jedna z najstarszych marek rowerowych na \u015bwiecie, kt\u00f3rej historia si\u0119ga&nbsp;<b>1899 roku<\/b>. W ci\u0105gu dekad Fuji sta\u0142o si\u0119 synonimem&nbsp;<b>innowacyjnych technologii, trwa\u0142o\u015bci i doskona\u0142ej jako\u015bci<\/b>. Dzi\u015b marka znana jest na ca\u0142ym \u015bwiecie i oferuje szerok\u0105 gam\u0119 rower\u00f3w, od modeli szosowych i gravelowych po rowery g\u00f3rskie i miejskie.<\/p>\n<p style=\"margin: 15px 0; line-height: 1.8; clear: both; display: block; width: 100%; float: none; position: static;\">Firma stosuje wysokiej jako\u015bci aluminium i karbon, zapewniaj\u0105c lekko\u015b\u0107 i wytrzyma\u0142o\u015b\u0107 swoich rower\u00f3w. Rowery Fuji to wysoka jako\u015b\u0107 wykonania, niezawodny osprz\u0119t oraz komfort jazdy!<\/p>\n<\/div>\n<\/div>\n<div style=\"clear: both; display: block; margin: 10px 0;\">\n<div style=\"clear: both; display: block; margin: 10px 0;\">\n<div  style=\"max-width:892px;max-height:715px\">\n<div style=\"clear: both; display: block; margin: 10px 0;\">\n<div style=\"clear: both; width: 100%; display: block; margin: 20px 0; padding: 0; float: none; position: static; text-align: center;\"><img decoding=\"async\"  src=\"https:\/\/a.allegroimg.com\/original\/11962f\/076f7c454c21a935015028dd8fab\/Rower-Fuji-Gran-Fondo-1-3-Carbon-L-56-cm-szosa-Endurance-50-Gwarancja-Marka-Fuji\" srcset=\"https:\/\/a.allegroimg.com\/original\/11962f\/076f7c454c21a935015028dd8fab\/Rower-Fuji-Gran-Fondo-1-3-Carbon-L-56-cm-szosa-Endurance-50-Gwarancja-Marka-Fuji 360w,https:\/\/a.allegroimg.com\/original\/11962f\/076f7c454c21a935015028dd8fab\/Rower-Fuji-Gran-Fondo-1-3-Carbon-L-56-cm-szosa-Endurance-50-Gwarancja-Marka-Fuji 720w,https:\/\/a.allegroimg.com\/original\/11962f\/076f7c454c21a935015028dd8fab\/Rower-Fuji-Gran-Fondo-1-3-Carbon-L-56-cm-szosa-Endurance-50-Gwarancja-Marka-Fuji 892w,https:\/\/a.allegroimg.com\/original\/11962f\/076f7c454c21a935015028dd8fab\/Rower-Fuji-Gran-Fondo-1-3-Carbon-L-56-cm-szosa-Endurance-50-Gwarancja-Marka-Fuji 892w\" sizes=\"(min-width: 1200px) 560px, (min-width: 992px) 50vw, 100vw\" width=\"892px\" alt=\"Rower Fuji Gran Fondo 1.3 Carbon L 56 cm szosa Endurance -50% Gwarancja !! Marka Fuji\" style=\"max-width: 100%; height: auto; display: block; margin: 0 auto;\"><\/div>\n<\/div>\n<\/div>\n<\/div>\n<\/div>\n<\/div>\n<div style=\"clear: both; display: block; margin: 10px 0;\">\n<div style=\"clear: both; display: block; margin: 10px 0;\">\n<div style=\"clear: both; display: block; margin: 10px 0;\">\n<div  style=\"max-width:899px;max-height:884px\">\n<div style=\"clear: both; display: block; margin: 10px 0;\">\n<div style=\"clear: both; width: 100%; display: block; margin: 20px 0; padding: 0; float: none; position: static; text-align: center;\"><img decoding=\"async\"  src=\"https:\/\/a.allegroimg.com\/original\/11264f\/9fc90a174ed48aea02d881cdc905\/Rower-Fuji-Gran-Fondo-1-3-Carbon-L-56-cm-szosa-Endurance-50-Gwarancja-Kod-producenta-22FJ26560M1\" srcset=\"https:\/\/a.allegroimg.com\/original\/11264f\/9fc90a174ed48aea02d881cdc905\/Rower-Fuji-Gran-Fondo-1-3-Carbon-L-56-cm-szosa-Endurance-50-Gwarancja-Kod-producenta-22FJ26560M1 360w,https:\/\/a.allegroimg.com\/original\/11264f\/9fc90a174ed48aea02d881cdc905\/Rower-Fuji-Gran-Fondo-1-3-Carbon-L-56-cm-szosa-Endurance-50-Gwarancja-Kod-producenta-22FJ26560M1 720w,https:\/\/a.allegroimg.com\/original\/11264f\/9fc90a174ed48aea02d881cdc905\/Rower-Fuji-Gran-Fondo-1-3-Carbon-L-56-cm-szosa-Endurance-50-Gwarancja-Kod-producenta-22FJ26560M1 899w,https:\/\/a.allegroimg.com\/original\/11264f\/9fc90a174ed48aea02d881cdc905\/Rower-Fuji-Gran-Fondo-1-3-Carbon-L-56-cm-szosa-Endurance-50-Gwarancja-Kod-producenta-22FJ26560M1 899w\" sizes=\"(min-width: 1200px) 560px, (min-width: 992px) 50vw, 100vw\" width=\"899px\" alt=\"Rower Fuji Gran Fondo 1.3 Carbon L 56 cm szosa Endurance -50% Gwarancja !! Kod producenta 22FJ26560M1\" style=\"max-width: 100%; height: auto; display: block; margin: 0 auto;\"><\/div>\n<\/div>\n<\/div>\n<\/div>\n<\/div>\n<div style=\"clear: both; display: block; margin: 10px 0;\">\n<div style=\"clear: both; display: block; margin: 10px 0;\">\n<div  style=\"max-width:907px;max-height:895px\">\n<div style=\"clear: both; display: block; margin: 10px 0;\">\n<div style=\"clear: both; width: 100%; display: block; margin: 20px 0; padding: 0; float: none; position: static; text-align: center;\"><img decoding=\"async\"  src=\"https:\/\/a.allegroimg.com\/original\/112186\/d09ef32249509ed43b76203dcd83\/Rower-Fuji-Gran-Fondo-1-3-Carbon-L-56-cm-szosa-Endurance-50-Gwarancja-EAN-GTIN-785749218700\" srcset=\"https:\/\/a.allegroimg.com\/original\/112186\/d09ef32249509ed43b76203dcd83\/Rower-Fuji-Gran-Fondo-1-3-Carbon-L-56-cm-szosa-Endurance-50-Gwarancja-EAN-GTIN-785749218700 360w,https:\/\/a.allegroimg.com\/original\/112186\/d09ef32249509ed43b76203dcd83\/Rower-Fuji-Gran-Fondo-1-3-Carbon-L-56-cm-szosa-Endurance-50-Gwarancja-EAN-GTIN-785749218700 720w,https:\/\/a.allegroimg.com\/original\/112186\/d09ef32249509ed43b76203dcd83\/Rower-Fuji-Gran-Fondo-1-3-Carbon-L-56-cm-szosa-Endurance-50-Gwarancja-EAN-GTIN-785749218700 907w,https:\/\/a.allegroimg.com\/original\/112186\/d09ef32249509ed43b76203dcd83\/Rower-Fuji-Gran-Fondo-1-3-Carbon-L-56-cm-szosa-Endurance-50-Gwarancja-EAN-GTIN-785749218700 907w\" sizes=\"(min-width: 1200px) 560px, (min-width: 992px) 50vw, 100vw\" width=\"907px\" alt=\"Rower Fuji Gran Fondo 1.3 Carbon L 56 cm szosa Endurance -50% Gwarancja !! EAN (GTIN) 785749218700\" style=\"max-width: 100%; height: auto; display: block; margin: 0 auto;\"><\/div>\n<\/div>\n<\/div>\n<\/div>\n<\/div>\n<\/div>\n<div style=\"clear: both; display: block; margin: 10px 0;\">\n<div style=\"clear: both; display: block; margin: 10px 0;\">\n<div style=\"clear: both; display: block; margin: 10px 0;\">\n<h3 style=\"color: #2c5aa0; font-size: 18px; margin: 30px 0 15px 0; font-weight: bold; clear: both; display: block; width: 100%; float: none; position: static;\">Specyfikacja techniczna<\/h3>\n<ul style=\"margin: 15px 0; padding-left: 20px; clear: both; display: block; width: 100%; float: none; position: static;\">\n<li style=\"margin: 5px 0; padding: 2px 0; clear: both; display: list-item; float: none; position: static;\"><b>Karbonowa rama:<\/b>&nbsp;C10 &#8211; lekka rama z wysokomodu\u0142owego w\u0142\u00f3kna w\u0119glowego, wyposa\u017cona w technologi\u0119 redukcji drga\u0144&nbsp;<b>Vibration Reduction Technology<\/b>, o\u015b przelotowa 12x142mm<\/li>\n<li style=\"margin: 5px 0; padding: 2px 0; clear: both; display: list-item; float: none; position: static;\"><b>Technologia Vibration Reduction (VRTech):&nbsp;<\/b>Gran Fondo wykorzystuje technologi\u0119 redukcji drga\u0144 VRTech, w kt\u00f3rej naturalne w\u0142\u00f3kna pokryte poliuretanem s\u0105 strategicznie rozmieszczone wewn\u0105trz warstw wysokomodu\u0142owego karbonu. Taka konstrukcja skutecznie t\u0142umi drgania o wysokiej cz\u0119stotliwo\u015bci, zapewniaj\u0105c a\u017c 24,6% redukcji wibracji pochodz\u0105cych z nawierzchni.<\/li>\n<li style=\"margin: 5px 0; padding: 2px 0; clear: both; display: list-item; float: none; position: static;\"><b>Widelec:&nbsp;<\/b>C10 wysokomodu\u0142owy, o\u015b przelotowa 100x12mm<\/li>\n<li style=\"margin: 5px 0; padding: 2px 0; clear: both; display: list-item; float: none; position: static;\"><b>Przerzutka (prz\u00f3d)<\/b>: Shimano 105<\/li>\n<li style=\"margin: 5px 0; padding: 2px 0; clear: both; display: list-item; float: none; position: static;\"><b>Przerzutka (ty\u0142)<\/b>: Shimano 105<\/li>\n<li style=\"margin: 5px 0; padding: 2px 0; clear: both; display: list-item; float: none; position: static;\"><b>Manetki<\/b>: Shimano 105 Dual Control 2\u00d711<\/li>\n<li style=\"margin: 5px 0; padding: 2px 0; clear: both; display: list-item; float: none; position: static;\"><b>Hamulec prz\u00f3d<\/b>: Shimano 105, hydrauliczny hamulec tarczowy, tarcza hamulcowa 160 mm<\/li>\n<li style=\"margin: 5px 0; padding: 2px 0; clear: both; display: list-item; float: none; position: static;\"><b>Hamulec ty\u0142<\/b>: Shimano 105, hydrauliczny hamulec tarczowy, tarcza hamulcowa 140 mm<\/li>\n<li style=\"margin: 5px 0; padding: 2px 0; clear: both; display: list-item; float: none; position: static;\"><b>D\u017awignie hamulcowe:&nbsp;<\/b>Shimano 105, hydrauliczny hamulec tarczowy<\/li>\n<li style=\"margin: 5px 0; padding: 2px 0; clear: both; display: list-item; float: none; position: static;\"><b>Mechanizm korbowy<\/b>: FSA Gossamer Pro 386 EVO, 50\/34T<\/li>\n<li style=\"margin: 5px 0; padding: 2px 0; clear: both; display: list-item; float: none; position: static;\"><b>Osprz\u0119t<\/b>: Praxis PF30<\/li>\n<li style=\"margin: 5px 0; padding: 2px 0; clear: both; display: list-item; float: none; position: static;\"><b>Stery<\/b>: FSA, 1 1\/8\u201d g\u00f3rny- 1 1\/2\u201d dolny, zintegrowany<\/li>\n<li style=\"margin: 5px 0; padding: 2px 0; clear: both; display: list-item; float: none; position: static;\"><b>Kaseta<\/b>: Shimano 105, 11-34T<\/li>\n<li style=\"margin: 5px 0; padding: 2px 0; clear: both; display: list-item; float: none; position: static;\"><b>\u0141a\u0144cuch<\/b>: KMC X11<\/li>\n<li style=\"margin: 5px 0; padding: 2px 0; clear: both; display: list-item; float: none; position: static;\"><b>Kierownica<\/b>: Oval Concepts 310 Ergo, aluminium 6061, \u015brednica mocowania 31,8 mm, drop 133 mm, 4\u00b0 wygi\u0119cia<\/li>\n<li style=\"margin: 5px 0; padding: 2px 0; clear: both; display: list-item; float: none; position: static;\"><b>Mostek kierownicy<\/b>: Oval Concepts 313, odkucie 3D 6061, +\/-6\u00b0<\/li>\n<li style=\"margin: 5px 0; padding: 2px 0; clear: both; display: list-item; float: none; position: static;\"><b>Sztyca<\/b>: Oval Concepts 905, karbon, 27.2mm<\/li>\n<li style=\"margin: 5px 0; padding: 2px 0; clear: both; display: list-item; float: none; position: static;\"><b>Siode\u0142ko<\/b>: Selle Italia X3 Boost<\/li>\n<li style=\"margin: 5px 0; padding: 2px 0; clear: both; display: list-item; float: none; position: static;\"><b>Chwyty kierownicy<\/b>: Selle Italia Smootape Corsa<\/li>\n<li style=\"margin: 5px 0; padding: 2px 0; clear: both; display: list-item; float: none; position: static;\"><b>Obr\u0119cze<\/b>: Oval Concepts 324 Disc, 24\/28H<\/li>\n<li style=\"margin: 5px 0; padding: 2px 0; clear: both; display: list-item; float: none; position: static;\"><b>Opony<\/b>: Vittoria Zaffiro Pro V, G2.0, 700 x 30c, 26tpi, zwijane<\/li>\n<li style=\"margin: 5px 0; padding: 2px 0; clear: both; display: list-item; float: none; position: static;\"><b>Kolor:&nbsp;<\/b>b\u0142\u0119kitny<\/li>\n<\/ul>\n<\/div>\n<\/div>\n<\/div>\n<div style=\"clear: both; display: block; margin: 10px 0;\">\n<div style=\"clear: both; display: block; margin: 10px 0;\">\n<div style=\"clear: both; display: block; margin: 10px 0;\">\n<div  style=\"max-width:1331px;max-height:837px\">\n<div style=\"clear: both; display: block; margin: 10px 0;\">\n<div style=\"clear: both; width: 100%; display: block; margin: 20px 0; padding: 0; float: none; position: static; text-align: center;\"><img decoding=\"async\"  src=\"https:\/\/a.allegroimg.com\/original\/114b5b\/dc31c51e42829a7a2d95d9849262\/Rower-Fuji-Gran-Fondo-1-3-Carbon-L-56-cm-szosa-Endurance-50-Gwarancja-Rozmiar-ramy-56-cm\" srcset=\"https:\/\/a.allegroimg.com\/original\/114b5b\/dc31c51e42829a7a2d95d9849262\/Rower-Fuji-Gran-Fondo-1-3-Carbon-L-56-cm-szosa-Endurance-50-Gwarancja-Rozmiar-ramy-56-cm 360w,https:\/\/a.allegroimg.com\/original\/114b5b\/dc31c51e42829a7a2d95d9849262\/Rower-Fuji-Gran-Fondo-1-3-Carbon-L-56-cm-szosa-Endurance-50-Gwarancja-Rozmiar-ramy-56-cm 720w,https:\/\/a.allegroimg.com\/original\/114b5b\/dc31c51e42829a7a2d95d9849262\/Rower-Fuji-Gran-Fondo-1-3-Carbon-L-56-cm-szosa-Endurance-50-Gwarancja-Rozmiar-ramy-56-cm 1024w,https:\/\/a.allegroimg.com\/original\/114b5b\/dc31c51e42829a7a2d95d9849262\/Rower-Fuji-Gran-Fondo-1-3-Carbon-L-56-cm-szosa-Endurance-50-Gwarancja-Rozmiar-ramy-56-cm 1331w,https:\/\/a.allegroimg.com\/original\/114b5b\/dc31c51e42829a7a2d95d9849262\/Rower-Fuji-Gran-Fondo-1-3-Carbon-L-56-cm-szosa-Endurance-50-Gwarancja-Rozmiar-ramy-56-cm 1331w\" sizes=\"100vw\" width=\"1331px\" alt=\"Rower Fuji Gran Fondo 1.3 Carbon L 56 cm szosa Endurance -50% Gwarancja !! Rozmiar ramy 56 cm\" style=\"max-width: 100%; height: auto; display: block; margin: 0 auto;\"><\/div>\n<\/div>\n<\/div>\n<\/div>\n<\/div>\n<\/div>\n<div style=\"clear: both; display: block; margin: 10px 0;\">\n<div style=\"clear: both; display: block; margin: 10px 0;\">\n<div style=\"clear: both; display: block; margin: 10px 0;\">\n<h3 style=\"color: #2c5aa0; font-size: 18px; margin: 30px 0 15px 0; font-weight: bold; clear: both; display: block; width: 100%; float: none; position: static;\">Darmowa dostawa roweru pod wybrany adres.<\/h3>\n<h3 style=\"color: #2c5aa0; font-size: 18px; margin: 30px 0 15px 0; font-weight: bold; clear: both; display: block; width: 100%; float: none; position: static;\">Rower obj\u0119ty jest 2-letni\u0105 gwarancj\u0105 producenta.<\/h3>\n<h3 style=\"color: #2c5aa0; font-size: 18px; margin: 30px 0 15px 0; font-weight: bold; clear: both; display: block; width: 100%; float: none; position: static;\">Jeste\u015bmy partnerem marki Fuji. Je\u015bli zastanawiasz si\u0119, jaki model i rozmiar roweru Fuji wybra\u0107, pomo\u017cemy Ci dopasowa\u0107 rower idealny do Twoich potrzeb.<\/h3>\n<\/div>\n<\/div>\n<div style=\"clear: both; display: block; margin: 10px 0;\">\n<div style=\"clear: both; display: block; margin: 10px 0;\">\n<div  style=\"max-width:900px;max-height:600px\">\n<div style=\"clear: both; display: block; margin: 10px 0;\">\n<div style=\"clear: both; width: 100%; display: block; margin: 20px 0; padding: 0; float: none; position: static; text-align: center;\"><img decoding=\"async\"  src=\"https:\/\/a.allegroimg.com\/original\/113558\/94e50a0840e6a0cd219824a7c338\/Rower-Fuji-Gran-Fondo-1-3-Carbon-L-56-cm-szosa-Endurance-50-Gwarancja-Stan-opakowania-oryginalne\" srcset=\"https:\/\/a.allegroimg.com\/original\/113558\/94e50a0840e6a0cd219824a7c338\/Rower-Fuji-Gran-Fondo-1-3-Carbon-L-56-cm-szosa-Endurance-50-Gwarancja-Stan-opakowania-oryginalne 360w,https:\/\/a.allegroimg.com\/original\/113558\/94e50a0840e6a0cd219824a7c338\/Rower-Fuji-Gran-Fondo-1-3-Carbon-L-56-cm-szosa-Endurance-50-Gwarancja-Stan-opakowania-oryginalne 720w,https:\/\/a.allegroimg.com\/original\/113558\/94e50a0840e6a0cd219824a7c338\/Rower-Fuji-Gran-Fondo-1-3-Carbon-L-56-cm-szosa-Endurance-50-Gwarancja-Stan-opakowania-oryginalne 900w,https:\/\/a.allegroimg.com\/original\/113558\/94e50a0840e6a0cd219824a7c338\/Rower-Fuji-Gran-Fondo-1-3-Carbon-L-56-cm-szosa-Endurance-50-Gwarancja-Stan-opakowania-oryginalne 900w\" sizes=\"(min-width: 1200px) 560px, (min-width: 992px) 50vw, 100vw\" width=\"900px\" alt=\"Rower Fuji Gran Fondo 1.3 Carbon L 56 cm szosa Endurance -50% Gwarancja !! Stan opakowania oryginalne\" style=\"max-width: 100%; height: auto; display: block; margin: 0 auto;\"><\/div>\n<\/div>\n<\/div>\n<\/div>\n<\/div>\n<\/div>\n<div style=\"clear: both; display: block; margin: 10px 0;\">\n<div style=\"clear: both; display: block; margin: 10px 0;\">\n<div style=\"clear: both; display: block; margin: 10px 0;\">\n<p style=\"margin: 15px 0; line-height: 1.8; clear: both; display: block; width: 100%; float: none; position: static;\"><b>Nasze rowery s\u0105 wst\u0119pnie regulowane, staranie pakowane i zabezpieczane w&nbsp;<\/b><b>profesjonalnej fabryce rower\u00f3w.<\/b><\/p>\n<p style=\"margin: 15px 0; line-height: 1.8; clear: both; display: block; width: 100%; float: none; position: static;\">W procesie produkcji, przed zapakowaniem, rowery przechodz\u0105 kontrol\u0119 jako\u015bci oraz s\u0105 wst\u0119pnie regulowane. Nast\u0119pnie pakowane s\u0105 solidnie w grube kartony wraz z zabezpieczeniem konkretnych element\u00f3w roweru dla zminimalizowania ryzyka uszkodze\u0144.&nbsp;Wszystko po to, aby rower dotar\u0142 do Pa\u0144stwa bezpiecznie, w nienaruszonym stanie.<\/p>\n<h3 style=\"color: #2c5aa0; font-size: 18px; margin: 30px 0 15px 0; font-weight: bold; clear: both; display: block; width: 100%; float: none; position: static;\">Rower dostarczany jest cz\u0119\u015bciowo z\u0142o\u017cony.<\/h3>\n<p style=\"margin: 15px 0; line-height: 1.8; clear: both; display: block; width: 100%; float: none; position: static;\">W zale\u017cno\u015bci od wybranego modelu, do samodzielnego monta\u017cu mog\u0105 pozosta\u0107 jedynie takie elementy jak: ko\u0142o, kierownica, peda\u0142y, siode\u0142ko oraz akcesoria.&nbsp;Do ka\u017cdego roweru do\u0142\u0105czamy&nbsp;<b>instrukcj\u0119 u\u017cytkowania<\/b>, dzi\u0119ki kt\u00f3rej z\u0142o\u017cenie roweru b\u0119dzie proste i bezproblemowe.<\/p>\n<h3 style=\"color: #2c5aa0; font-size: 18px; margin: 30px 0 15px 0; font-weight: bold; clear: both; display: block; width: 100%; float: none; position: static;\">Jak z\u0142o\u017cy\u0107 rower w domu?<\/h3>\n<ol>\n<li style=\"margin: 5px 0; padding: 2px 0; clear: both; display: list-item; float: none; position: static;\">Wyci\u0105gnij i rozpakuj poszczeg\u00f3lne elementy z opakowania.<\/li>\n<li style=\"margin: 5px 0; padding: 2px 0; clear: both; display: list-item; float: none; position: static;\">Zamontuj siode\u0142ko, kierownic\u0119 i peda\u0142y (zwr\u00f3\u0107 uwag\u0119, kt\u00f3ry peda\u0142 jest prawy, a kt\u00f3ry lewy).<\/li>\n<li style=\"margin: 5px 0; padding: 2px 0; clear: both; display: list-item; float: none; position: static;\">Przykr\u0119\u0107 przednie ko\u0142o i sprawd\u017a, czy pozosta\u0142e elementy s\u0105 prawid\u0142owo zamontowane i dokr\u0119cone.<\/li>\n<li style=\"margin: 5px 0; padding: 2px 0; clear: both; display: list-item; float: none; position: static;\">Wyreguluj przerzutki oraz hamulce.<\/li>\n<li style=\"margin: 5px 0; padding: 2px 0; clear: both; display: list-item; float: none; position: static;\">Rower jest gotowy do jazdy.<\/li>\n<\/ol>\n<\/div>\n<\/div>\n<\/div>\n<\/div>\n<\/div>\n<\/div>\n<div style=\"clear: both; display: block; margin: 10px 0;\">\n","protected":false},"excerpt":{"rendered":"<p>Rower szosowy karbonowy<\/p>\n<p>FUJI Gran Fondo 1.3<\/p>\n<p>Szosowy rower Endurance<\/p>\n<p>Gran Fondo \u2013 rower stworzony na d\u0142ugie dystanse<\/p>\n<p>Fuji Gran Fondo 1.3&nbsp;zosta\u0142 zaprojektowany do p\u0142ynnej, szybkiej i ca\u0142odniowej jazdy, bez wzgl\u0119du na stan nawierzchni. To rower, kt\u00f3ry zachwyca wygod\u0105 na podjazdach i daje pewno\u015b\u0107 na zjazdach. To idealny towarzysz wielogodzinnych wypraw.<\/p>\n","protected":false},"featured_media":14221,"template":"","meta":{"_uag_custom_page_level_css":""},"product_brand":[686],"product_cat":[688,687,689],"product_tag":[],"class_list":{"0":"post-14220","1":"product","2":"type-product","3":"status-publish","4":"has-post-thumbnail","6":"product_brand-fuji","7":"product_cat-rowery","8":"product_cat-rowery-i-akcesoria","9":"product_cat-szosowe","11":"first","12":"instock","13":"sale","14":"shipping-taxable","15":"purchasable","16":"product-type-simple"},"uagb_featured_image_src":{"full":["https:\/\/twojerowery.shop\/ro64\/wp-content\/uploads\/2026\/02\/allegro-image-14220.jpg",2161,1250,false],"thumbnail":["https:\/\/twojerowery.shop\/ro64\/wp-content\/uploads\/2026\/02\/allegro-image-14220-150x150.jpg",150,150,true],"medium":["https:\/\/twojerowery.shop\/ro64\/wp-content\/uploads\/2026\/02\/allegro-image-14220-300x174.jpg",300,174,true],"medium_large":["https:\/\/twojerowery.shop\/ro64\/wp-content\/uploads\/2026\/02\/allegro-image-14220-768x444.jpg",768,444,true],"large":["https:\/\/twojerowery.shop\/ro64\/wp-content\/uploads\/2026\/02\/allegro-image-14220-1024x592.jpg",1024,592,true],"1536x1536":["https:\/\/twojerowery.shop\/ro64\/wp-content\/uploads\/2026\/02\/allegro-image-14220-1536x888.jpg",1536,888,true],"2048x2048":["https:\/\/twojerowery.shop\/ro64\/wp-content\/uploads\/2026\/02\/allegro-image-14220-2048x1185.jpg",2048,1185,true],"woocommerce_thumbnail":["https:\/\/twojerowery.shop\/ro64\/wp-content\/uploads\/2026\/02\/allegro-image-14220-300x300.jpg",300,300,true],"woocommerce_single":["https:\/\/twojerowery.shop\/ro64\/wp-content\/uploads\/2026\/02\/allegro-image-14220-600x347.jpg",600,347,true],"woocommerce_gallery_thumbnail":["https:\/\/twojerowery.shop\/ro64\/wp-content\/uploads\/2026\/02\/allegro-image-14220-100x100.jpg",100,100,true]},"uagb_author_info":{"display_name":"admin","author_link":"https:\/\/twojerowery.shop\/ro64\/author\/"},"uagb_comment_info":0,"uagb_excerpt":"Rower szosowy karbonowy FUJI Gran Fondo 1.3 Szosowy rower Endurance Gran Fondo \u2013 rower stworzony na d\u0142ugie dystanse Fuji Gran Fondo 1.3&nbsp;zosta\u0142 zaprojektowany do p\u0142ynnej, szybkiej i ca\u0142odniowej jazdy, bez wzgl\u0119du na stan nawierzchni. To rower, kt\u00f3ry zachwyca wygod\u0105 na podjazdach i daje pewno\u015b\u0107 na zjazdach. To idealny towarzysz wielogodzinnych wypraw.","_links":{"self":[{"href":"https:\/\/twojerowery.shop\/ro64\/wp-json\/wp\/v2\/product\/14220","targetHints":{"allow":["GET"]}}],"collection":[{"href":"https:\/\/twojerowery.shop\/ro64\/wp-json\/wp\/v2\/product"}],"about":[{"href":"https:\/\/twojerowery.shop\/ro64\/wp-json\/wp\/v2\/types\/product"}],"wp:featuredmedia":[{"embeddable":true,"href":"https:\/\/twojerowery.shop\/ro64\/wp-json\/wp\/v2\/media\/14221"}],"wp:attachment":[{"href":"https:\/\/twojerowery.shop\/ro64\/wp-json\/wp\/v2\/media?parent=14220"}],"wp:term":[{"taxonomy":"product_brand","embeddable":true,"href":"https:\/\/twojerowery.shop\/ro64\/wp-json\/wp\/v2\/product_brand?post=14220"},{"taxonomy":"product_cat","embeddable":true,"href":"https:\/\/twojerowery.shop\/ro64\/wp-json\/wp\/v2\/product_cat?post=14220"},{"taxonomy":"product_tag","embeddable":true,"href":"https:\/\/twojerowery.shop\/ro64\/wp-json\/wp\/v2\/product_tag?post=14220"}],"curies":[{"name":"wp","href":"https:\/\/api.w.org\/{rel}","templated":true}]}}