{"id":14222,"date":"2026-02-26T04:19:29","date_gmt":"2026-02-26T03:19:29","guid":{"rendered":"https:\/\/rowermax.shop\/ro64\/produkt\/rower-merida-reacto-6000-pearl-blue-team-m-2026\/"},"modified":"2026-02-26T04:19:29","modified_gmt":"2026-02-26T03:19:29","slug":"rower-merida-reacto-6000-pearl-blue-team-m-2026","status":"publish","type":"product","link":"https:\/\/twojerowery.shop\/ro64\/produkt\/rower-merida-reacto-6000-pearl-blue-team-m-2026\/","title":{"rendered":"ROWER MERIDA REACTO 6000 PEARL (BLUE-TEAM) M 2026"},"content":{"rendered":"<div style=\"font-family: Arial, sans-serif; line-height: 1.6; color: #333; padding: 20px; clear: both; display: block; width: 100%; float: none; position: static; overflow: hidden;\">\n<div style=\"clear: both; display: block; margin: 10px 0;\">\n<div style=\"clear: both; display: block; margin: 10px 0;\">\n<div style=\"clear: both; display: block; margin: 10px 0;\">\n<p style=\"margin: 15px 0; line-height: 1.8; clear: both; display: block; width: 100%; float: none; position: static;\">Je\u017celi nie jeste\u015b pewien rozmiaru lub szukasz podobny rower skorzystaj z naszego do\u015bwiadczenia &nbsp;od 25 lat prowadzimy Sklep Rowerowy G\u00f3ral w Policach ch\u0119tnie pomo\u017cemy w wyborze .<\/p>\n<p style=\"margin: 15px 0; line-height: 1.8; clear: both; display: block; width: 100%; float: none; position: static;\">Od nas otrzymujesz rower w pe\u0142ni z\u0142o\u017cony i wyregulowany po przegl\u0105dzie zerowym pozostaje wstawi\u0107 ko\u0142o i przykr\u0119ci\u0107 kierownic\u0119 .<\/p>\n<\/div>\n<\/div>\n<\/div>\n<div style=\"clear: both; display: block; margin: 10px 0;\">\n<div style=\"clear: both; display: block; margin: 10px 0;\">\n<div style=\"clear: both; display: block; margin: 10px 0;\">\n<p style=\"margin: 15px 0; line-height: 1.8; clear: both; display: block; width: 100%; float: none; position: static;\">Portal Bikeradar przyzna\u0142 modelowi REACTO 6000 z mechaniczn\u0105 grup\u0105 Ultegra ocen\u0119 4,5 na 5 gwiazdek, okre\u015blaj\u0105c go jako \u201eszybki i aerodynamiczny rower szosowy o imponuj\u0105co pewnym prowadzeniu\u201d. To znakomita recenzja tego modelu i potwierdzenie, \u017ce uda\u0142o nam si\u0119 idealnie wywa\u017cy\u0107 aerodynamik\u0119, mas\u0119, sztywno\u015b\u0107 ramy, komfort i geometri\u0119. Najnowsza ods\u0142ona modelu 6000 \u0142\u0105czy t\u0119 sam\u0105, wysoko ocenian\u0105, lekk\u0105 ram\u0119 karbonow\u0105 CF3 z najnowsz\u0105, elektroniczn\u0105 grup\u0105&nbsp;<b>Shimano 105 Di2<\/b>&nbsp;oraz znakomitym zestawem&nbsp;<b>k\u00f3\u0142 karbonowych Vision SC60<\/b>.<\/p>\n<p style=\"margin: 15px 0; line-height: 1.8; clear: both; display: block; width: 100%; float: none; position: static;\">Czysta pr\u0119dko\u015b\u0107 w wydaniu aero.&nbsp;Najnowsza wersja REACTO wzbudzi\u0142a zachwyt w\u015br\u00f3d dziennikarzy rowerowych na ca\u0142ym \u015bwiecie. Seria zwyci\u0119stw w testach, maksymalne oceny i presti\u017cowe nagrody potwierdzaj\u0105 udane po\u0142\u0105czenie wy\u015bcigowego DNA poprzedniego modelu z najnowszymi trendami i technologiami. \u201eBez w\u0105tpienia jeden z najbardziej kompletnych rower\u00f3w dost\u0119pnych na rynku\u201d \u2013 pisa\u0142 Cycling Weekly, Cyclingnews okre\u015bli\u0142 go jako \u201eabsolutnie genialny i bezb\u0142\u0119dny\u201d, a Cycling Plus by\u0142o \u201epod ogromnym wra\u017ceniem\u201d.<\/p>\n<p style=\"margin: 15px 0; line-height: 1.8; clear: both; display: block; width: 100%; float: none; position: static;\">Od ambitnych amator\u00f3w po profesjonalnych zawodnik\u00f3w \u2013 REACTO to doskona\u0142y wyb\u00f3r dla wielu kolarzy. Wyj\u0105tkowa aerodynamika, niska masa, precyzyjne prowadzenie i b\u0142yskawiczne przyspieszenie czyni\u0105 go idealnym rowerem dla sprinter\u00f3w i specjalist\u00f3w od kryteri\u00f3w. Jednocze\u015bnie najwy\u017cszy w swojej klasie komfort pozwala w pe\u0142ni wykorzysta\u0107 przewag\u0119 aerodynamiczn\u0105 tak\u017ce na brukowanych odcinkach czy malowniczych, ale pe\u0142nych nier\u00f3wno\u015bci trasach treningowych.<\/p>\n<ul style=\"margin: 15px 0; padding-left: 20px; clear: both; display: block; width: 100%; float: none; position: static;\">\n<li style=\"margin: 5px 0; padding: 2px 0; clear: both; display: list-item; float: none; position: static;\">Lekka karbonowa rama aero CF3 (ok. 1150 g \u2013 rozmiar M)<\/li>\n<li style=\"margin: 5px 0; padding: 2px 0; clear: both; display: list-item; float: none; position: static;\">Elektroniczna, 12-rz\u0119dowa grupa Shimano 105 Di2<\/li>\n<li style=\"margin: 5px 0; padding: 2px 0; clear: both; display: list-item; float: none; position: static;\">Zintegrowany zestaw mostek MERIDA EXPERT SL \/ kierownica MERIDA EXPERT CW<\/li>\n<li style=\"margin: 5px 0; padding: 2px 0; clear: both; display: list-item; float: none; position: static;\">Karbonowe ko\u0142a Vision SC60<\/li>\n<li style=\"margin: 5px 0; padding: 2px 0; clear: both; display: list-item; float: none; position: static;\">Karbonowa sztyca aero MERIDA S-FLEX<\/li>\n<li style=\"margin: 5px 0; padding: 2px 0; clear: both; display: list-item; float: none; position: static;\">Technologia DISC COOLER<\/li>\n<\/ul>\n<p style=\"margin: 15px 0; line-height: 1.8; clear: both; display: block; width: 100%; float: none; position: static;\"><b>Rama: <\/b>Reacto CF3 IV<\/p>\n<p style=\"margin: 15px 0; line-height: 1.8; clear: both; display: block; width: 100%; float: none; position: static;\">&#8211;&nbsp;karbon<\/p>\n<p style=\"margin: 15px 0; line-height: 1.8; clear: both; display: block; width: 100%; float: none; position: static;\">&#8211; maksymalny rozmiar opon: 700x30C<\/p>\n<p style=\"margin: 15px 0; line-height: 1.8; clear: both; display: block; width: 100%; float: none; position: static;\"><b>Widelece: <\/b>Reacto CF3 IV Disc<\/p>\n<p style=\"margin: 15px 0; line-height: 1.8; clear: both; display: block; width: 100%; float: none; position: static;\"><b>Przerzutki: <\/b>Shimano&nbsp;105 Di2<\/p>\n<p style=\"margin: 15px 0; line-height: 1.8; clear: both; display: block; width: 100%; float: none; position: static;\"><b>Manetki: <\/b>Shimano&nbsp;105 Di2<\/p>\n<p style=\"margin: 15px 0; line-height: 1.8; clear: both; display: block; width: 100%; float: none; position: static;\"><b>Mechanizm korbowy: <\/b>Shimano 105 R7100<\/p>\n<p style=\"margin: 15px 0; line-height: 1.8; clear: both; display: block; width: 100%; float: none; position: static;\">&#8211;&nbsp;52-36T<\/p>\n<p style=\"margin: 15px 0; line-height: 1.8; clear: both; display: block; width: 100%; float: none; position: static;\"><b>Wk\u0142ad suportu: <\/b>Shimano SM-BB71-41B<\/p>\n<p style=\"margin: 15px 0; line-height: 1.8; clear: both; display: block; width: 100%; float: none; position: static;\">&#8211;&nbsp;Pressfit 86,5<\/p>\n<p style=\"margin: 15px 0; line-height: 1.8; clear: both; display: block; width: 100%; float: none; position: static;\"><b>Wolnobieg\/kaseta: <\/b>Shimano 105 CS-R7101<\/p>\n<p style=\"margin: 15px 0; line-height: 1.8; clear: both; display: block; width: 100%; float: none; position: static;\">&#8211;&nbsp;11-34T<\/p>\n<p style=\"margin: 15px 0; line-height: 1.8; clear: both; display: block; width: 100%; float: none; position: static;\">&#8211;&nbsp;12 prze\u0142o\u017ce\u0144<\/p>\n<p style=\"margin: 15px 0; line-height: 1.8; clear: both; display: block; width: 100%; float: none; position: static;\"><b>\u0141a\u0144cuch: <\/b>Shimano CS-M6100-12<\/p>\n<p style=\"margin: 15px 0; line-height: 1.8; clear: both; display: block; width: 100%; float: none; position: static;\"><b>Obr\u0119cze: <\/b>Vision SC60<\/p>\n<p style=\"margin: 15px 0; line-height: 1.8; clear: both; display: block; width: 100%; float: none; position: static;\">&#8211; carbon<\/p>\n<p style=\"margin: 15px 0; line-height: 1.8; clear: both; display: block; width: 100%; float: none; position: static;\"><b>Opony: <\/b>Continental&nbsp;Grand Prix TR<\/p>\n<p style=\"margin: 15px 0; line-height: 1.8; clear: both; display: block; width: 100%; float: none; position: static;\">&#8211;&nbsp;700x28C<\/p>\n<p style=\"margin: 15px 0; line-height: 1.8; clear: both; display: block; width: 100%; float: none; position: static;\">&#8211;&nbsp;zwijana<\/p>\n<p style=\"margin: 15px 0; line-height: 1.8; clear: both; display: block; width: 100%; float: none; position: static;\">&#8211;&nbsp;Tubeless ready<\/p>\n<p style=\"margin: 15px 0; line-height: 1.8; clear: both; display: block; width: 100%; float: none; position: static;\"><b>Tarcze hamulcowe: <\/b>Shimano CL700<\/p>\n<p style=\"margin: 15px 0; line-height: 1.8; clear: both; display: block; width: 100%; float: none; position: static;\"><b>Hamulce: <\/b>Shimano&nbsp;105<\/p>\n<p style=\"margin: 15px 0; line-height: 1.8; clear: both; display: block; width: 100%; float: none; position: static;\">&#8211;&nbsp;hydrauliczne<\/p>\n<p style=\"margin: 15px 0; line-height: 1.8; clear: both; display: block; width: 100%; float: none; position: static;\"><b>Kierownica: <\/b>Merida Expert CW<\/p>\n<p style=\"margin: 15px 0; line-height: 1.8; clear: both; display: block; width: 100%; float: none; position: static;\"><b>Stery: <\/b>Merida Team SL<\/p>\n<p style=\"margin: 15px 0; line-height: 1.8; clear: both; display: block; width: 100%; float: none; position: static;\"><b>Mostek: <\/b>Mostek Expert SL 2PII<\/p>\n<p style=\"margin: 15px 0; line-height: 1.8; clear: both; display: block; width: 100%; float: none; position: static;\"><b>Siod\u0142o: <\/b>Merida Expert SL<\/p>\n<p style=\"margin: 15px 0; line-height: 1.8; clear: both; display: block; width: 100%; float: none; position: static;\"><b>Sztyca: <\/b>Merida&nbsp;Team CW<\/p>\n<p style=\"margin: 15px 0; line-height: 1.8; clear: both; display: block; width: 100%; float: none; position: static;\">&#8211;&nbsp;areo<\/p>\n<p style=\"margin: 15px 0; line-height: 1.8; clear: both; display: block; width: 100%; float: none; position: static;\">&#8211;&nbsp;carbon<\/p>\n<p style=\"margin: 15px 0; line-height: 1.8; clear: both; display: block; width: 100%; float: none; position: static;\"><b>Ilo\u015b\u0107 prze\u0142o\u017ce\u0144: <\/b>2&#215;12<\/p>\n<p style=\"margin: 15px 0; line-height: 1.8; clear: both; display: block; width: 100%; float: none; position: static;\"><b>Waga: <\/b>ok.&nbsp;8,7 kg<\/p>\n<\/div>\n<\/div>\n<\/div>\n<div style=\"clear: both; display: block; margin: 10px 0;\">\n<div style=\"clear: both; display: block; margin: 10px 0;\">\n<div style=\"clear: both; display: block; margin: 10px 0;\">\n<div  style=\"max-width:650px;max-height:420px\">\n<div style=\"clear: both; display: block; margin: 10px 0;\">\n<div style=\"clear: both; width: 100%; display: block; margin: 20px 0; padding: 0; float: none; position: static; text-align: center;\"><img decoding=\"async\"  src=\"https:\/\/a.allegroimg.com\/original\/11938c\/3dc93aa84c1ab359d4888225745d\/ROWER-MERIDA-REACTO-6000-PEARL-BLUE-TEAM-M-2026\" srcset=\"https:\/\/a.allegroimg.com\/original\/11938c\/3dc93aa84c1ab359d4888225745d\/ROWER-MERIDA-REACTO-6000-PEARL-BLUE-TEAM-M-2026 360w,https:\/\/a.allegroimg.com\/original\/11938c\/3dc93aa84c1ab359d4888225745d\/ROWER-MERIDA-REACTO-6000-PEARL-BLUE-TEAM-M-2026 650w,https:\/\/a.allegroimg.com\/original\/11938c\/3dc93aa84c1ab359d4888225745d\/ROWER-MERIDA-REACTO-6000-PEARL-BLUE-TEAM-M-2026 650w\" sizes=\"(min-width: 1200px) 560px, (min-width: 992px) 50vw, 100vw\" width=\"650px\" alt=\"ROWER MERIDA REACTO 6000 PEARL (BLUE-TEAM) M 2026\" style=\"max-width: 100%; height: auto; display: block; margin: 0 auto;\"><\/div>\n<\/div>\n<\/div>\n<\/div>\n<\/div>\n<div style=\"clear: both; display: block; margin: 10px 0;\">\n<div style=\"clear: both; display: block; margin: 10px 0;\">\n<p style=\"margin: 15px 0; line-height: 1.8; clear: both; display: block; width: 100%; float: none; position: static;\"><b>Rama Merida&nbsp;Reacto&nbsp;6000<\/b>&nbsp;to lekka i sztywna konstrukcja z zaawansowanego karbonu, kt\u00f3ra zapewnia doskona\u0142\u0105 aerodynamik\u0119 i precyzj\u0119 prowadzenia na trasie. Jej wyj\u0105tkowa geometria gwarantuje optymaln\u0105 pozycj\u0119 kolarza i efektywny transfer mocy. Zintegrowane przewody oraz ukryty zacisk sztycy nadaj\u0105 ramie nowoczesny wygl\u0105d i minimalizuj\u0105 opory powietrza.<\/p>\n<\/div>\n<\/div>\n<\/div>\n<div style=\"clear: both; display: block; margin: 10px 0;\">\n<div style=\"clear: both; display: block; margin: 10px 0;\">\n<div style=\"clear: both; display: block; margin: 10px 0;\">\n<p style=\"margin: 15px 0; line-height: 1.8; clear: both; display: block; width: 100%; float: none; position: static;\"><b>Shimano&nbsp;105 Di2<\/b>&nbsp;to zaawansowane urz\u0105dzenie, kt\u00f3re zapewnia precyzyjne i b\u0142yskawiczne zmiany bieg\u00f3w na twoim rowerze. Dzi\u0119ki elektronicznemu sterowaniu, Di2 eliminuje potrzeb\u0119 si\u0142y fizycznej do przek\u0142adania bieg\u00f3w, co sprawia, \u017ce jazda jest p\u0142ynniejsza i bardziej komfortowa.<\/p>\n<\/div>\n<\/div>\n<div style=\"clear: both; display: block; margin: 10px 0;\">\n<div style=\"clear: both; display: block; margin: 10px 0;\">\n<div  style=\"max-width:720px;max-height:365px\">\n<div style=\"clear: both; display: block; margin: 10px 0;\">\n<div style=\"clear: both; width: 100%; display: block; margin: 20px 0; padding: 0; float: none; position: static; text-align: center;\"><img decoding=\"async\"  src=\"https:\/\/a.allegroimg.com\/original\/111cc6\/a66ac1da444aba603c6ae6b971e5\/ROWER-MERIDA-REACTO-6000-PEARL-BLUE-TEAM-M-2026-Kod-producenta-26-01780\" srcset=\"https:\/\/a.allegroimg.com\/original\/111cc6\/a66ac1da444aba603c6ae6b971e5\/ROWER-MERIDA-REACTO-6000-PEARL-BLUE-TEAM-M-2026-Kod-producenta-26-01780 360w,https:\/\/a.allegroimg.com\/original\/111cc6\/a66ac1da444aba603c6ae6b971e5\/ROWER-MERIDA-REACTO-6000-PEARL-BLUE-TEAM-M-2026-Kod-producenta-26-01780 720w,https:\/\/a.allegroimg.com\/original\/111cc6\/a66ac1da444aba603c6ae6b971e5\/ROWER-MERIDA-REACTO-6000-PEARL-BLUE-TEAM-M-2026-Kod-producenta-26-01780 720w\" sizes=\"(min-width: 1200px) 560px, (min-width: 992px) 50vw, 100vw\" width=\"720px\" alt=\"ROWER MERIDA REACTO 6000 PEARL (BLUE-TEAM) M 2026 Kod producenta 26-01780\" style=\"max-width: 100%; height: auto; display: block; margin: 0 auto;\"><\/div>\n<\/div>\n<\/div>\n<\/div>\n<\/div>\n<\/div>\n<\/div>\n<\/div>\n<\/div>\n<div style=\"clear: both; display: block; margin: 10px 0;\">\n","protected":false},"excerpt":{"rendered":"<p>Je\u017celi nie jeste\u015b pewien rozmiaru lub szukasz podobny rower skorzystaj z naszego do\u015bwiadczenia &nbsp;od 25 lat prowadzimy Sklep Rowerowy G\u00f3ral w Policach ch\u0119tnie pomo\u017cemy w wyborze .<\/p>\n<p>Od nas otrzymujesz rower w pe\u0142ni z\u0142o\u017cony i wyregulowany po przegl\u0105dzie zerowym pozostaje wstawi\u0107 ko\u0142o i przykr\u0119ci\u0107 kierownic\u0119 .<\/p>\n","protected":false},"featured_media":14223,"template":"","meta":{"_uag_custom_page_level_css":""},"product_brand":[690],"product_cat":[688,687,689],"product_tag":[],"class_list":{"0":"post-14222","1":"product","2":"type-product","3":"status-publish","4":"has-post-thumbnail","6":"product_brand-merida","7":"product_cat-rowery","8":"product_cat-rowery-i-akcesoria","9":"product_cat-szosowe","11":"first","12":"instock","13":"sale","14":"shipping-taxable","15":"purchasable","16":"product-type-simple"},"uagb_featured_image_src":{"full":["https:\/\/twojerowery.shop\/ro64\/wp-content\/uploads\/2026\/02\/allegro-image-14222.jpg",650,420,false],"thumbnail":["https:\/\/twojerowery.shop\/ro64\/wp-content\/uploads\/2026\/02\/allegro-image-14222-150x150.jpg",150,150,true],"medium":["https:\/\/twojerowery.shop\/ro64\/wp-content\/uploads\/2026\/02\/allegro-image-14222-300x194.jpg",300,194,true],"medium_large":["https:\/\/twojerowery.shop\/ro64\/wp-content\/uploads\/2026\/02\/allegro-image-14222.jpg",650,420,false],"large":["https:\/\/twojerowery.shop\/ro64\/wp-content\/uploads\/2026\/02\/allegro-image-14222.jpg",650,420,false],"1536x1536":["https:\/\/twojerowery.shop\/ro64\/wp-content\/uploads\/2026\/02\/allegro-image-14222.jpg",650,420,false],"2048x2048":["https:\/\/twojerowery.shop\/ro64\/wp-content\/uploads\/2026\/02\/allegro-image-14222.jpg",650,420,false],"woocommerce_thumbnail":["https:\/\/twojerowery.shop\/ro64\/wp-content\/uploads\/2026\/02\/allegro-image-14222-300x300.jpg",300,300,true],"woocommerce_single":["https:\/\/twojerowery.shop\/ro64\/wp-content\/uploads\/2026\/02\/allegro-image-14222-600x388.jpg",600,388,true],"woocommerce_gallery_thumbnail":["https:\/\/twojerowery.shop\/ro64\/wp-content\/uploads\/2026\/02\/allegro-image-14222-100x100.jpg",100,100,true]},"uagb_author_info":{"display_name":"admin","author_link":"https:\/\/twojerowery.shop\/ro64\/author\/"},"uagb_comment_info":0,"uagb_excerpt":"Je\u017celi nie jeste\u015b pewien rozmiaru lub szukasz podobny rower skorzystaj z naszego do\u015bwiadczenia &nbsp;od 25 lat prowadzimy Sklep Rowerowy G\u00f3ral w Policach ch\u0119tnie pomo\u017cemy w wyborze . Od nas otrzymujesz rower w pe\u0142ni z\u0142o\u017cony i wyregulowany po przegl\u0105dzie zerowym pozostaje wstawi\u0107 ko\u0142o i przykr\u0119ci\u0107 kierownic\u0119 .","_links":{"self":[{"href":"https:\/\/twojerowery.shop\/ro64\/wp-json\/wp\/v2\/product\/14222","targetHints":{"allow":["GET"]}}],"collection":[{"href":"https:\/\/twojerowery.shop\/ro64\/wp-json\/wp\/v2\/product"}],"about":[{"href":"https:\/\/twojerowery.shop\/ro64\/wp-json\/wp\/v2\/types\/product"}],"wp:featuredmedia":[{"embeddable":true,"href":"https:\/\/twojerowery.shop\/ro64\/wp-json\/wp\/v2\/media\/14223"}],"wp:attachment":[{"href":"https:\/\/twojerowery.shop\/ro64\/wp-json\/wp\/v2\/media?parent=14222"}],"wp:term":[{"taxonomy":"product_brand","embeddable":true,"href":"https:\/\/twojerowery.shop\/ro64\/wp-json\/wp\/v2\/product_brand?post=14222"},{"taxonomy":"product_cat","embeddable":true,"href":"https:\/\/twojerowery.shop\/ro64\/wp-json\/wp\/v2\/product_cat?post=14222"},{"taxonomy":"product_tag","embeddable":true,"href":"https:\/\/twojerowery.shop\/ro64\/wp-json\/wp\/v2\/product_tag?post=14222"}],"curies":[{"name":"wp","href":"https:\/\/api.w.org\/{rel}","templated":true}]}}