{"id":14236,"date":"2026-02-26T04:19:34","date_gmt":"2026-02-26T03:19:34","guid":{"rendered":"https:\/\/rowermax.shop\/ro64\/produkt\/2328e98-50-s-rower-romet-huragan-2-czarno-zolty\/"},"modified":"2026-02-26T04:19:35","modified_gmt":"2026-02-26T03:19:35","slug":"2328e98-50-s-rower-romet-huragan-2-czarno-zolty","status":"publish","type":"product","link":"https:\/\/twojerowery.shop\/ro64\/produkt\/2328e98-50-s-rower-romet-huragan-2-czarno-zolty\/","title":{"rendered":"2328E98 &#8211; 50 S Rower ROMET Huragan 2 czarno-\u017c\u00f3\u0142ty"},"content":{"rendered":"<div style=\"font-family: Arial, sans-serif; line-height: 1.6; color: #333; padding: 20px; clear: both; display: block; width: 100%; float: none; position: static; overflow: hidden;\">\n<div style=\"clear: both; display: block; margin: 10px 0;\">\n<div style=\"clear: both; display: block; margin: 10px 0;\">\n<div style=\"clear: both; display: block; margin: 10px 0;\">\n<h2>2328E98 &#8211;  50 S Rower ROMET Huragan 2   czarno-\u017c\u00f3\u0142ty<\/h2>\n<p style=\"margin: 15px 0; line-height: 1.8; clear: both; display: block; width: 100%; float: none; position: static;\">Romet<\/p>\n<p style=\"margin: 15px 0; line-height: 1.8; clear: both; display: block; width: 100%; float: none; position: static;\">G\u0142adkie asfalty i 100% czerpania przyjemno\u015bci z jazdy. Pr\u0119dko\u015b\u0107 i wiatr pod kaskiem, czyli pe\u0142nia kolarstwa szosowego. <\/p>\n<p style=\"margin: 15px 0; line-height: 1.8; clear: both; display: block; width: 100%; float: none; position: static;\">Rama Huragana 2 zbudowana zosta\u0142a ze sprawdzonego przez nas stopu aluminium 6061 X-Lite. Konstrukcj\u0119 t\u0119 cechuje niska masa, zwi\u0119kszona sztywno\u015b\u0107 oraz odporno\u015b\u0107 na uszkodzenia. Dla aerodynamiki, estetyki oraz d\u0142u\u017cszej eksploatacji poprowadzili\u015bmy przewody wewn\u0105trz ramy. <\/p>\n<p style=\"margin: 15px 0; line-height: 1.8; clear: both; display: block; width: 100%; float: none; position: static;\">Jazda na Huraganie 2 dostarczy mn\u00f3stwo frajdy i niezapomnianych wra\u017ce\u0144. Wygodna rama doskonale wsp\u00f3\u0142gra z zapewniaj\u0105cym ponad przeci\u0119tny komfort widelcem amortyzowanym. Dzi\u0119ki niemu asfalty gorszej jako\u015bci, cz\u0119sto spotykane w Polsce nie b\u0119d\u0105 przeszkod\u0105 nie do pokonania. Za sprawn\u0105 zmian\u0119 prze\u0142o\u017ce\u0144 odpowiada grupa Shimano Claris dysponuj\u0105ca 16 biegami. G\u0142adkie toczenie po asfalcie to zas\u0142uga solidnych opon Michelin Dynamic Sport 25C. Chc\u0105c w spos\u00f3b rozs\u0105dny zminimalizowa\u0107 wag\u0119, Huragana 2 doposa\u017cyli\u015bmy o wysokiej klasy, lekkie, aluminiowe: kokpit oraz sztyc\u0119. Rower dost\u0119pny jest w 4 rozmiarach<br \/>\nHAMULEC PRZ\u00d3D: Promax RC-481 aluminiowy<br \/>\nHAMULEC TY\u0141: Promax RC-481 aluminiowy<br \/>\nKASETA\/WOLNOBIEG: Shimano HG51 (11-28), 8s<br \/>\nKIEROWNICA: RMT Components 420mm<br \/>\nKOLOR: czarny<br \/>\nKOLOR SZCZEG\u00d3\u0141OWY: czarno-\u017c\u00f3\u0142ty<br \/>\nKO\u0141A, RAMA: 700C \/ alu 6061 X-lite<br \/>\nMANETKI PRZ\u00d3D: Shimano Claris ST-R2000, 2s<br \/>\nMANETKI TY\u0141: Shimano Claris ST-R2000<br \/>\nMECHANIZM KORBOWY: Shimano Claris FC-R2000, 50\/34T, 165\/170 mm<br \/>\nMOSTEK KIEROWNICY: Romet aluminiowy 90\/100\/110mm<br \/>\nNAP\u0118D: 2&#215;8<br \/>\nOBR\u0118CZE: Ryde DP16<br \/>\nOPONY: 700\u00d725C<br \/>\nPIASTA PRZ\u00d3D: Aluminiowa<br \/>\nPIASTA TY\u0141: Aluminiowa<br \/>\nPRZERZUTKA PRZ\u00d3D: Shimano Claris FD-R2000<br \/>\nPRZERZUTKA TY\u0141: Shimano Claris RD-R2000<br \/>\nRODZAJ HAMULCA: szcz\u0119kowy<br \/>\nROK PRODUKCJI: 2023<br \/>\nROZMIAR: 50 cm<br \/>\nROZMIAR KO\u0141A: 28<br \/>\nSIOD\u0141O: Vader<br \/>\nSZTYCA: Romet alu. 27,2 mm 300\/350\/400 mm<br \/>\nU\u017bYTKOWNIK: Uniwersalny<br \/>\nWAGA: 9,8 kg<br \/>\nWARIANTY &#8211; KOLOR: czarny<br \/>\nWARIANTY &#8211; ROZMIAR: 47; 50; 53; 56<br \/>\nWERSJA: podstawowa<br \/>\nWIDELEC: Carbon<\/p>\n<\/div>\n<\/div>\n<\/div>\n<div style=\"clear: both; display: block; margin: 10px 0;\">\n<div style=\"clear: both; display: block; margin: 10px 0;\">\n<div style=\"clear: both; display: block; margin: 10px 0;\">\n<div  style=\"max-width:1200px;max-height:802px\">\n<div style=\"clear: both; display: block; margin: 10px 0;\">\n<div style=\"clear: both; width: 100%; display: block; margin: 20px 0; padding: 0; float: none; position: static; text-align: center;\"><img decoding=\"async\"  src=\"https:\/\/a.allegroimg.com\/original\/115a2e\/ad3c69d6425fbd18213431406491\/2328E98-50-S-Rower-ROMET-Huragan-2-czarno-zolty\" srcset=\"https:\/\/a.allegroimg.com\/original\/115a2e\/ad3c69d6425fbd18213431406491\/2328E98-50-S-Rower-ROMET-Huragan-2-czarno-zolty 360w,https:\/\/a.allegroimg.com\/original\/115a2e\/ad3c69d6425fbd18213431406491\/2328E98-50-S-Rower-ROMET-Huragan-2-czarno-zolty 720w,https:\/\/a.allegroimg.com\/original\/115a2e\/ad3c69d6425fbd18213431406491\/2328E98-50-S-Rower-ROMET-Huragan-2-czarno-zolty 1024w,https:\/\/a.allegroimg.com\/original\/115a2e\/ad3c69d6425fbd18213431406491\/2328E98-50-S-Rower-ROMET-Huragan-2-czarno-zolty 1200w,https:\/\/a.allegroimg.com\/original\/115a2e\/ad3c69d6425fbd18213431406491\/2328E98-50-S-Rower-ROMET-Huragan-2-czarno-zolty 1200w\" sizes=\"(min-width: 1200px) 560px, (min-width: 992px) 50vw, 100vw\" width=\"1200px\" alt=\"2328E98 - 50 S Rower ROMET Huragan 2 czarno-\u017c\u00f3\u0142ty\" style=\"max-width: 100%; height: auto; display: block; margin: 0 auto;\"><\/div>\n<\/div>\n<\/div>\n<\/div>\n<\/div>\n<div style=\"clear: both; display: block; margin: 10px 0;\">\n<div style=\"clear: both; display: block; margin: 10px 0;\">\n<ul style=\"margin: 15px 0; padding-left: 20px; clear: both; display: block; width: 100%; float: none; position: static;\">\n<li style=\"margin: 5px 0; padding: 2px 0; clear: both; display: list-item; float: none; position: static;\"><b>HAMULEC PRZ\u00d3D:<\/b> Promax RC-481 aluminiowy<\/li>\n<li style=\"margin: 5px 0; padding: 2px 0; clear: both; display: list-item; float: none; position: static;\"><b>HAMULEC TY\u0141:<\/b> Promax RC-481 aluminiowy<\/li>\n<li style=\"margin: 5px 0; padding: 2px 0; clear: both; display: list-item; float: none; position: static;\"><b>KASETA\/WOLNOBIEG:<\/b> Shimano HG51 (11-28), 8s<\/li>\n<li style=\"margin: 5px 0; padding: 2px 0; clear: both; display: list-item; float: none; position: static;\"><b>KIEROWNICA:<\/b> RMT Components 420mm<\/li>\n<li style=\"margin: 5px 0; padding: 2px 0; clear: both; display: list-item; float: none; position: static;\"><b>KOLOR:<\/b> czarny<\/li>\n<li style=\"margin: 5px 0; padding: 2px 0; clear: both; display: list-item; float: none; position: static;\"><b>KOLOR SZCZEG\u00d3\u0141OWY:<\/b> czarno-\u017c\u00f3\u0142ty<\/li>\n<li style=\"margin: 5px 0; padding: 2px 0; clear: both; display: list-item; float: none; position: static;\"><b>KO\u0141A, RAMA:<\/b> 700C \/ alu 6061 X-lite<\/li>\n<li style=\"margin: 5px 0; padding: 2px 0; clear: both; display: list-item; float: none; position: static;\"><b>MANETKI PRZ\u00d3D:<\/b> Shimano Claris ST-R2000, 2s<\/li>\n<li style=\"margin: 5px 0; padding: 2px 0; clear: both; display: list-item; float: none; position: static;\"><b>MANETKI TY\u0141:<\/b> Shimano Claris ST-R2000<\/li>\n<li style=\"margin: 5px 0; padding: 2px 0; clear: both; display: list-item; float: none; position: static;\"><b>MECHANIZM KORBOWY:<\/b> Shimano Claris FC-R2000, 50\/34T, 165\/170 mm<\/li>\n<li style=\"margin: 5px 0; padding: 2px 0; clear: both; display: list-item; float: none; position: static;\"><b>MOSTEK KIEROWNICY:<\/b> Romet aluminiowy 90\/100\/110mm<\/li>\n<li style=\"margin: 5px 0; padding: 2px 0; clear: both; display: list-item; float: none; position: static;\"><b>NAP\u0118D:<\/b> 2&#215;8<\/li>\n<li style=\"margin: 5px 0; padding: 2px 0; clear: both; display: list-item; float: none; position: static;\"><b>OBR\u0118CZE:<\/b> Ryde DP16<\/li>\n<li style=\"margin: 5px 0; padding: 2px 0; clear: both; display: list-item; float: none; position: static;\"><b>OPONY:<\/b> 700\u00d725C<\/li>\n<li style=\"margin: 5px 0; padding: 2px 0; clear: both; display: list-item; float: none; position: static;\"><b>PIASTA PRZ\u00d3D:<\/b> Aluminiowa <\/li>\n<li style=\"margin: 5px 0; padding: 2px 0; clear: both; display: list-item; float: none; position: static;\"><b>PIASTA TY\u0141:<\/b> Aluminiowa <\/li>\n<li style=\"margin: 5px 0; padding: 2px 0; clear: both; display: list-item; float: none; position: static;\"><b>PRZERZUTKA PRZ\u00d3D:<\/b> Shimano Claris FD-R2000<\/li>\n<li style=\"margin: 5px 0; padding: 2px 0; clear: both; display: list-item; float: none; position: static;\"><b>PRZERZUTKA TY\u0141:<\/b> Shimano Claris RD-R2000<\/li>\n<li style=\"margin: 5px 0; padding: 2px 0; clear: both; display: list-item; float: none; position: static;\"><b>RODZAJ HAMULCA:<\/b> szcz\u0119kowy<\/li>\n<li style=\"margin: 5px 0; padding: 2px 0; clear: both; display: list-item; float: none; position: static;\"><b>ROK PRODUKCJI:<\/b> 2023<\/li>\n<li style=\"margin: 5px 0; padding: 2px 0; clear: both; display: list-item; float: none; position: static;\"><b>ROZMIAR:<\/b> 50 cm<\/li>\n<li style=\"margin: 5px 0; padding: 2px 0; clear: both; display: list-item; float: none; position: static;\"><b>ROZMIAR KO\u0141A:<\/b> 28<\/li>\n<li style=\"margin: 5px 0; padding: 2px 0; clear: both; display: list-item; float: none; position: static;\"><b>SIOD\u0141O:<\/b> Vader<\/li>\n<li style=\"margin: 5px 0; padding: 2px 0; clear: both; display: list-item; float: none; position: static;\"><b>SZTYCA:<\/b> Romet alu. 27,2 mm 300\/350\/400 mm<\/li>\n<li style=\"margin: 5px 0; padding: 2px 0; clear: both; display: list-item; float: none; position: static;\"><b>U\u017bYTKOWNIK:<\/b> Uniwersalny<\/li>\n<li style=\"margin: 5px 0; padding: 2px 0; clear: both; display: list-item; float: none; position: static;\"><b>WAGA:<\/b> 9,8 kg<\/li>\n<li style=\"margin: 5px 0; padding: 2px 0; clear: both; display: list-item; float: none; position: static;\"><b>WARIANTY &#8211; KOLOR:<\/b> czarny<\/li>\n<li style=\"margin: 5px 0; padding: 2px 0; clear: both; display: list-item; float: none; position: static;\"><b>WARIANTY &#8211; ROZMIAR:<\/b> 47; 50; 53; 56<\/li>\n<li style=\"margin: 5px 0; padding: 2px 0; clear: both; display: list-item; float: none; position: static;\"><b>WERSJA:<\/b> podstawowa<\/li>\n<li style=\"margin: 5px 0; padding: 2px 0; clear: both; display: list-item; float: none; position: static;\"><b>WIDELEC:<\/b> Carbon <\/li>\n<\/ul>\n<\/div>\n<\/div>\n<\/div>\n<div style=\"clear: both; display: block; margin: 10px 0;\">\n<div style=\"clear: both; display: block; margin: 10px 0;\">\n<div style=\"clear: both; display: block; margin: 10px 0;\">\n<p style=\"margin: 15px 0; line-height: 1.8; clear: both; display: block; width: 100%; float: none; position: static;\">Rower szosowy ROMET HURAGAN 2 2023<\/p>\n<\/div>\n<\/div>\n<div style=\"clear: both; display: block; margin: 10px 0;\">\n<div style=\"clear: both; display: block; margin: 10px 0;\">\n<div  style=\"max-width:1200px;max-height:900px\">\n<div style=\"clear: both; display: block; margin: 10px 0;\">\n<div style=\"clear: both; width: 100%; display: block; margin: 20px 0; padding: 0; float: none; position: static; text-align: center;\"><img decoding=\"async\"  src=\"https:\/\/a.allegroimg.com\/original\/113075\/65f3a94c44a7b15db21660b5d685\/2328E98-50-S-Rower-ROMET-Huragan-2-czarno-zolty-Stopien-zlozenia-do-samodzielnego-zlozenia-do-regulacji\" srcset=\"https:\/\/a.allegroimg.com\/original\/113075\/65f3a94c44a7b15db21660b5d685\/2328E98-50-S-Rower-ROMET-Huragan-2-czarno-zolty-Stopien-zlozenia-do-samodzielnego-zlozenia-do-regulacji 360w,https:\/\/a.allegroimg.com\/original\/113075\/65f3a94c44a7b15db21660b5d685\/2328E98-50-S-Rower-ROMET-Huragan-2-czarno-zolty-Stopien-zlozenia-do-samodzielnego-zlozenia-do-regulacji 720w,https:\/\/a.allegroimg.com\/original\/113075\/65f3a94c44a7b15db21660b5d685\/2328E98-50-S-Rower-ROMET-Huragan-2-czarno-zolty-Stopien-zlozenia-do-samodzielnego-zlozenia-do-regulacji 1024w,https:\/\/a.allegroimg.com\/original\/113075\/65f3a94c44a7b15db21660b5d685\/2328E98-50-S-Rower-ROMET-Huragan-2-czarno-zolty-Stopien-zlozenia-do-samodzielnego-zlozenia-do-regulacji 1200w,https:\/\/a.allegroimg.com\/original\/113075\/65f3a94c44a7b15db21660b5d685\/2328E98-50-S-Rower-ROMET-Huragan-2-czarno-zolty-Stopien-zlozenia-do-samodzielnego-zlozenia-do-regulacji 1200w\" sizes=\"(min-width: 1200px) 560px, (min-width: 992px) 50vw, 100vw\" width=\"1200px\" alt=\"2328E98 - 50 S Rower ROMET Huragan 2 czarno-\u017c\u00f3\u0142ty Stopie\u0144 z\u0142o\u017cenia do samodzielnego z\u0142o\u017cenia, do regulacji\" style=\"max-width: 100%; height: auto; display: block; margin: 0 auto;\"><\/div>\n<\/div>\n<\/div>\n<\/div>\n<\/div>\n<\/div>\n<div style=\"clear: both; display: block; margin: 10px 0;\">\n<div style=\"clear: both; display: block; margin: 10px 0;\">\n<div style=\"clear: both; display: block; margin: 10px 0;\">\n<div  style=\"max-width:1200px;max-height:900px\">\n<div style=\"clear: both; display: block; margin: 10px 0;\">\n<div style=\"clear: both; width: 100%; display: block; margin: 20px 0; padding: 0; float: none; position: static; text-align: center;\"><img decoding=\"async\"  src=\"https:\/\/a.allegroimg.com\/original\/11573b\/5195c0af4213814d197d83a70b11\/2328E98-50-S-Rower-ROMET-Huragan-2-czarno-zolty-Marka-Romet\" srcset=\"https:\/\/a.allegroimg.com\/original\/11573b\/5195c0af4213814d197d83a70b11\/2328E98-50-S-Rower-ROMET-Huragan-2-czarno-zolty-Marka-Romet 360w,https:\/\/a.allegroimg.com\/original\/11573b\/5195c0af4213814d197d83a70b11\/2328E98-50-S-Rower-ROMET-Huragan-2-czarno-zolty-Marka-Romet 720w,https:\/\/a.allegroimg.com\/original\/11573b\/5195c0af4213814d197d83a70b11\/2328E98-50-S-Rower-ROMET-Huragan-2-czarno-zolty-Marka-Romet 1024w,https:\/\/a.allegroimg.com\/original\/11573b\/5195c0af4213814d197d83a70b11\/2328E98-50-S-Rower-ROMET-Huragan-2-czarno-zolty-Marka-Romet 1200w,https:\/\/a.allegroimg.com\/original\/11573b\/5195c0af4213814d197d83a70b11\/2328E98-50-S-Rower-ROMET-Huragan-2-czarno-zolty-Marka-Romet 1200w\" sizes=\"(min-width: 1200px) 560px, (min-width: 992px) 50vw, 100vw\" width=\"1200px\" alt=\"2328E98 - 50 S Rower ROMET Huragan 2 czarno-\u017c\u00f3\u0142ty Marka Romet\" style=\"max-width: 100%; height: auto; display: block; margin: 0 auto;\"><\/div>\n<\/div>\n<\/div>\n<\/div>\n<\/div>\n<div style=\"clear: both; display: block; margin: 10px 0;\">\n<div style=\"clear: both; display: block; margin: 10px 0;\">\n<div  style=\"max-width:1200px;max-height:900px\">\n<div style=\"clear: both; display: block; margin: 10px 0;\">\n<div style=\"clear: both; width: 100%; display: block; margin: 20px 0; padding: 0; float: none; position: static; text-align: center;\"><img decoding=\"async\"  src=\"https:\/\/a.allegroimg.com\/original\/1100f8\/2ed25e5b416fb0fcea637010e9ba\/2328E98-50-S-Rower-ROMET-Huragan-2-czarno-zolty-Model-Huragan-2\" srcset=\"https:\/\/a.allegroimg.com\/original\/1100f8\/2ed25e5b416fb0fcea637010e9ba\/2328E98-50-S-Rower-ROMET-Huragan-2-czarno-zolty-Model-Huragan-2 360w,https:\/\/a.allegroimg.com\/original\/1100f8\/2ed25e5b416fb0fcea637010e9ba\/2328E98-50-S-Rower-ROMET-Huragan-2-czarno-zolty-Model-Huragan-2 720w,https:\/\/a.allegroimg.com\/original\/1100f8\/2ed25e5b416fb0fcea637010e9ba\/2328E98-50-S-Rower-ROMET-Huragan-2-czarno-zolty-Model-Huragan-2 1024w,https:\/\/a.allegroimg.com\/original\/1100f8\/2ed25e5b416fb0fcea637010e9ba\/2328E98-50-S-Rower-ROMET-Huragan-2-czarno-zolty-Model-Huragan-2 1200w,https:\/\/a.allegroimg.com\/original\/1100f8\/2ed25e5b416fb0fcea637010e9ba\/2328E98-50-S-Rower-ROMET-Huragan-2-czarno-zolty-Model-Huragan-2 1200w\" sizes=\"(min-width: 1200px) 560px, (min-width: 992px) 50vw, 100vw\" width=\"1200px\" alt=\"2328E98 - 50 S Rower ROMET Huragan 2 czarno-\u017c\u00f3\u0142ty Model Huragan 2\" style=\"max-width: 100%; height: auto; display: block; margin: 0 auto;\"><\/div>\n<\/div>\n<\/div>\n<\/div>\n<\/div>\n<\/div>\n<div style=\"clear: both; display: block; margin: 10px 0;\">\n<div style=\"clear: both; display: block; margin: 10px 0;\">\n<div style=\"clear: both; display: block; margin: 10px 0;\">\n<div  style=\"max-width:1200px;max-height:900px\">\n<div style=\"clear: both; display: block; margin: 10px 0;\">\n<div style=\"clear: both; width: 100%; display: block; margin: 20px 0; padding: 0; float: none; position: static; text-align: center;\"><img decoding=\"async\"  src=\"https:\/\/a.allegroimg.com\/original\/116c4b\/56631bb94dd18d503aeade61edfc\/2328E98-50-S-Rower-ROMET-Huragan-2-czarno-zolty-Rozmiar-ramy-50-cm\" srcset=\"https:\/\/a.allegroimg.com\/original\/116c4b\/56631bb94dd18d503aeade61edfc\/2328E98-50-S-Rower-ROMET-Huragan-2-czarno-zolty-Rozmiar-ramy-50-cm 360w,https:\/\/a.allegroimg.com\/original\/116c4b\/56631bb94dd18d503aeade61edfc\/2328E98-50-S-Rower-ROMET-Huragan-2-czarno-zolty-Rozmiar-ramy-50-cm 720w,https:\/\/a.allegroimg.com\/original\/116c4b\/56631bb94dd18d503aeade61edfc\/2328E98-50-S-Rower-ROMET-Huragan-2-czarno-zolty-Rozmiar-ramy-50-cm 1024w,https:\/\/a.allegroimg.com\/original\/116c4b\/56631bb94dd18d503aeade61edfc\/2328E98-50-S-Rower-ROMET-Huragan-2-czarno-zolty-Rozmiar-ramy-50-cm 1200w,https:\/\/a.allegroimg.com\/original\/116c4b\/56631bb94dd18d503aeade61edfc\/2328E98-50-S-Rower-ROMET-Huragan-2-czarno-zolty-Rozmiar-ramy-50-cm 1200w\" sizes=\"(min-width: 1200px) 560px, (min-width: 992px) 50vw, 100vw\" width=\"1200px\" alt=\"2328E98 - 50 S Rower ROMET Huragan 2 czarno-\u017c\u00f3\u0142ty Rozmiar ramy 50 cm\" style=\"max-width: 100%; height: auto; display: block; margin: 0 auto;\"><\/div>\n<\/div>\n<\/div>\n<\/div>\n<\/div>\n<div style=\"clear: both; display: block; margin: 10px 0;\">\n<div style=\"clear: both; display: block; margin: 10px 0;\">\n<div  style=\"max-width:1200px;max-height:900px\">\n<div style=\"clear: both; display: block; margin: 10px 0;\">\n<div style=\"clear: both; width: 100%; display: block; margin: 20px 0; padding: 0; float: none; position: static; text-align: center;\"><img decoding=\"async\"  src=\"https:\/\/a.allegroimg.com\/original\/116bb2\/203b55424c9985d22880dc48e2a5\/2328E98-50-S-Rower-ROMET-Huragan-2-czarno-zolty-Wyposazenie-dodatkowe-dzwonek\" srcset=\"https:\/\/a.allegroimg.com\/original\/116bb2\/203b55424c9985d22880dc48e2a5\/2328E98-50-S-Rower-ROMET-Huragan-2-czarno-zolty-Wyposazenie-dodatkowe-dzwonek 360w,https:\/\/a.allegroimg.com\/original\/116bb2\/203b55424c9985d22880dc48e2a5\/2328E98-50-S-Rower-ROMET-Huragan-2-czarno-zolty-Wyposazenie-dodatkowe-dzwonek 720w,https:\/\/a.allegroimg.com\/original\/116bb2\/203b55424c9985d22880dc48e2a5\/2328E98-50-S-Rower-ROMET-Huragan-2-czarno-zolty-Wyposazenie-dodatkowe-dzwonek 1024w,https:\/\/a.allegroimg.com\/original\/116bb2\/203b55424c9985d22880dc48e2a5\/2328E98-50-S-Rower-ROMET-Huragan-2-czarno-zolty-Wyposazenie-dodatkowe-dzwonek 1200w,https:\/\/a.allegroimg.com\/original\/116bb2\/203b55424c9985d22880dc48e2a5\/2328E98-50-S-Rower-ROMET-Huragan-2-czarno-zolty-Wyposazenie-dodatkowe-dzwonek 1200w\" sizes=\"(min-width: 1200px) 560px, (min-width: 992px) 50vw, 100vw\" width=\"1200px\" alt=\"2328E98 - 50 S Rower ROMET Huragan 2 czarno-\u017c\u00f3\u0142ty Wyposa\u017cenie dodatkowe dzwonek\" style=\"max-width: 100%; height: auto; display: block; margin: 0 auto;\"><\/div>\n<\/div>\n<\/div>\n<\/div>\n<\/div>\n<\/div>\n<div style=\"clear: both; display: block; margin: 10px 0;\">\n<div style=\"clear: both; display: block; margin: 10px 0;\">\n<div style=\"clear: both; display: block; margin: 10px 0;\">\n<div  style=\"max-width:1200px;max-height:900px\">\n<div style=\"clear: both; display: block; margin: 10px 0;\">\n<div style=\"clear: both; width: 100%; display: block; margin: 20px 0; padding: 0; float: none; position: static; text-align: center;\"><img decoding=\"async\"  src=\"https:\/\/a.allegroimg.com\/original\/113199\/c7c52a02489c8430932337d58f6b\/2328E98-50-S-Rower-ROMET-Huragan-2-czarno-zolty-Rozmiar-kola-28\" srcset=\"https:\/\/a.allegroimg.com\/original\/113199\/c7c52a02489c8430932337d58f6b\/2328E98-50-S-Rower-ROMET-Huragan-2-czarno-zolty-Rozmiar-kola-28 360w,https:\/\/a.allegroimg.com\/original\/113199\/c7c52a02489c8430932337d58f6b\/2328E98-50-S-Rower-ROMET-Huragan-2-czarno-zolty-Rozmiar-kola-28 720w,https:\/\/a.allegroimg.com\/original\/113199\/c7c52a02489c8430932337d58f6b\/2328E98-50-S-Rower-ROMET-Huragan-2-czarno-zolty-Rozmiar-kola-28 1024w,https:\/\/a.allegroimg.com\/original\/113199\/c7c52a02489c8430932337d58f6b\/2328E98-50-S-Rower-ROMET-Huragan-2-czarno-zolty-Rozmiar-kola-28 1200w,https:\/\/a.allegroimg.com\/original\/113199\/c7c52a02489c8430932337d58f6b\/2328E98-50-S-Rower-ROMET-Huragan-2-czarno-zolty-Rozmiar-kola-28 1200w\" sizes=\"100vw\" width=\"1200px\" alt=\"2328E98 - 50 S Rower ROMET Huragan 2 czarno-\u017c\u00f3\u0142ty Rozmiar ko\u0142a (&quot;) 28\" style=\"max-width: 100%; height: auto; display: block; margin: 0 auto;\"><\/div>\n<\/div>\n<\/div>\n<\/div>\n<\/div>\n<\/div>\n<\/div>\n<\/div>\n<\/div>\n<div style=\"clear: both; display: block; margin: 10px 0;\">\n","protected":false},"excerpt":{"rendered":"<p>2328E98 &#8211; 50 S Rower ROMET Huragan 2 czarno-\u017c\u00f3\u0142ty<\/p>\n<p>Romet<\/p>\n<p>G\u0142adkie asfalty i 100% czerpania przyjemno\u015bci z jazdy. Pr\u0119dko\u015b\u0107 i wiatr pod kaskiem, czyli pe\u0142nia kolarstwa szosowego.<\/p>\n<p>Rama Huragana 2 zbudowana zosta\u0142a ze sprawdzonego przez nas stopu aluminium 6061 X-Lite. Konstrukcj\u0119 t\u0119 cechuje niska masa, zwi\u0119kszona sztywno\u015b\u0107 oraz odporno\u015b\u0107 na uszkodzenia. Dla aerodynamiki, estetyki oraz d\u0142u\u017cszej eksploatacji poprowadzili\u015bmy przewody wewn\u0105trz ramy.<\/p>\n","protected":false},"featured_media":14237,"template":"","meta":{"_uag_custom_page_level_css":""},"product_brand":[695],"product_cat":[688,687,689],"product_tag":[],"class_list":{"0":"post-14236","1":"product","2":"type-product","3":"status-publish","4":"has-post-thumbnail","6":"product_brand-romet","7":"product_cat-rowery","8":"product_cat-rowery-i-akcesoria","9":"product_cat-szosowe","11":"first","12":"instock","13":"sale","14":"shipping-taxable","15":"purchasable","16":"product-type-simple"},"uagb_featured_image_src":{"full":["https:\/\/twojerowery.shop\/ro64\/wp-content\/uploads\/2026\/02\/allegro-image-14236.jpg",1200,802,false],"thumbnail":["https:\/\/twojerowery.shop\/ro64\/wp-content\/uploads\/2026\/02\/allegro-image-14236-150x150.jpg",150,150,true],"medium":["https:\/\/twojerowery.shop\/ro64\/wp-content\/uploads\/2026\/02\/allegro-image-14236-300x201.jpg",300,201,true],"medium_large":["https:\/\/twojerowery.shop\/ro64\/wp-content\/uploads\/2026\/02\/allegro-image-14236-768x513.jpg",768,513,true],"large":["https:\/\/twojerowery.shop\/ro64\/wp-content\/uploads\/2026\/02\/allegro-image-14236-1024x684.jpg",1024,684,true],"1536x1536":["https:\/\/twojerowery.shop\/ro64\/wp-content\/uploads\/2026\/02\/allegro-image-14236.jpg",1200,802,false],"2048x2048":["https:\/\/twojerowery.shop\/ro64\/wp-content\/uploads\/2026\/02\/allegro-image-14236.jpg",1200,802,false],"woocommerce_thumbnail":["https:\/\/twojerowery.shop\/ro64\/wp-content\/uploads\/2026\/02\/allegro-image-14236-300x300.jpg",300,300,true],"woocommerce_single":["https:\/\/twojerowery.shop\/ro64\/wp-content\/uploads\/2026\/02\/allegro-image-14236-600x401.jpg",600,401,true],"woocommerce_gallery_thumbnail":["https:\/\/twojerowery.shop\/ro64\/wp-content\/uploads\/2026\/02\/allegro-image-14236-100x100.jpg",100,100,true]},"uagb_author_info":{"display_name":"admin","author_link":"https:\/\/twojerowery.shop\/ro64\/author\/"},"uagb_comment_info":0,"uagb_excerpt":"2328E98 - 50 S Rower ROMET Huragan 2 czarno-\u017c\u00f3\u0142ty Romet G\u0142adkie asfalty i 100% czerpania przyjemno\u015bci z jazdy. Pr\u0119dko\u015b\u0107 i wiatr pod kaskiem, czyli pe\u0142nia kolarstwa szosowego. Rama Huragana 2 zbudowana zosta\u0142a ze sprawdzonego przez nas stopu aluminium 6061 X-Lite. Konstrukcj\u0119 t\u0119 cechuje niska masa, zwi\u0119kszona sztywno\u015b\u0107 oraz odporno\u015b\u0107 na uszkodzenia. Dla aerodynamiki, estetyki oraz&hellip;","_links":{"self":[{"href":"https:\/\/twojerowery.shop\/ro64\/wp-json\/wp\/v2\/product\/14236","targetHints":{"allow":["GET"]}}],"collection":[{"href":"https:\/\/twojerowery.shop\/ro64\/wp-json\/wp\/v2\/product"}],"about":[{"href":"https:\/\/twojerowery.shop\/ro64\/wp-json\/wp\/v2\/types\/product"}],"wp:featuredmedia":[{"embeddable":true,"href":"https:\/\/twojerowery.shop\/ro64\/wp-json\/wp\/v2\/media\/14237"}],"wp:attachment":[{"href":"https:\/\/twojerowery.shop\/ro64\/wp-json\/wp\/v2\/media?parent=14236"}],"wp:term":[{"taxonomy":"product_brand","embeddable":true,"href":"https:\/\/twojerowery.shop\/ro64\/wp-json\/wp\/v2\/product_brand?post=14236"},{"taxonomy":"product_cat","embeddable":true,"href":"https:\/\/twojerowery.shop\/ro64\/wp-json\/wp\/v2\/product_cat?post=14236"},{"taxonomy":"product_tag","embeddable":true,"href":"https:\/\/twojerowery.shop\/ro64\/wp-json\/wp\/v2\/product_tag?post=14236"}],"curies":[{"name":"wp","href":"https:\/\/api.w.org\/{rel}","templated":true}]}}