{"id":14248,"date":"2026-02-26T04:19:42","date_gmt":"2026-02-26T03:19:42","guid":{"rendered":"https:\/\/rowermax.shop\/ro64\/produkt\/mercedes-c-class-pojazd-z-raczka-dla-dzieci-jezdzik-autko-pchacz-bialy-12m\/"},"modified":"2026-02-26T04:19:42","modified_gmt":"2026-02-26T03:19:42","slug":"mercedes-c-class-pojazd-z-raczka-dla-dzieci-jezdzik-autko-pchacz-bialy-12m","status":"publish","type":"product","link":"https:\/\/twojerowery.shop\/ro64\/produkt\/mercedes-c-class-pojazd-z-raczka-dla-dzieci-jezdzik-autko-pchacz-bialy-12m\/","title":{"rendered":"Mercedes C-Class Pojazd Z R\u0105czk\u0105 Dla Dzieci Je\u017ad\u017aik Autko Pchacz Bia\u0142y 12m+"},"content":{"rendered":"<div style=\"font-family: Arial, sans-serif; line-height: 1.6; color: #333; padding: 20px; clear: both; display: block; width: 100%; float: none; position: static; overflow: hidden;\">\n<div style=\"clear: both; display: block; margin: 10px 0;\">\n<div style=\"clear: both; display: block; margin: 10px 0;\">\n<div style=\"clear: both; display: block; margin: 10px 0;\">\n<div  style=\"max-width:817px;max-height:540px\">\n<div style=\"clear: both; display: block; margin: 10px 0;\">\n<div style=\"clear: both; width: 100%; display: block; margin: 20px 0; padding: 0; float: none; position: static; text-align: center;\"><img decoding=\"async\"  src=\"https:\/\/a.allegroimg.com\/original\/11bbc0\/9b1baf444c7bb45af141488c03ff\" srcset=\"https:\/\/a.allegroimg.com\/original\/11bbc0\/9b1baf444c7bb45af141488c03ff 360w,https:\/\/a.allegroimg.com\/original\/11bbc0\/9b1baf444c7bb45af141488c03ff 720w,https:\/\/a.allegroimg.com\/original\/11bbc0\/9b1baf444c7bb45af141488c03ff 817w,https:\/\/a.allegroimg.com\/original\/11bbc0\/9b1baf444c7bb45af141488c03ff 817w\" sizes=\"100vw\" width=\"817px\" alt=\"\" style=\"max-width: 100%; height: auto; display: block; margin: 0 auto;\"><\/div>\n<\/div>\n<\/div>\n<\/div>\n<\/div>\n<\/div>\n<div style=\"clear: both; display: block; margin: 10px 0;\">\n<div style=\"clear: both; display: block; margin: 10px 0;\">\n<div style=\"clear: both; display: block; margin: 10px 0;\">\n<div  style=\"max-width:823px;max-height:707px\">\n<div style=\"clear: both; display: block; margin: 10px 0;\">\n<div style=\"clear: both; width: 100%; display: block; margin: 20px 0; padding: 0; float: none; position: static; text-align: center;\"><img decoding=\"async\"  src=\"https:\/\/a.allegroimg.com\/original\/11e51a\/ead24bb84412af84130c529b52bf\/Mercedes-C-Class-Pojazd-Z-Raczka-Dla-Dzieci-Jezdzik-Autko-Pchacz-Bialy-12m-Marka-Milly-Mally\" srcset=\"https:\/\/a.allegroimg.com\/original\/11e51a\/ead24bb84412af84130c529b52bf\/Mercedes-C-Class-Pojazd-Z-Raczka-Dla-Dzieci-Jezdzik-Autko-Pchacz-Bialy-12m-Marka-Milly-Mally 360w,https:\/\/a.allegroimg.com\/original\/11e51a\/ead24bb84412af84130c529b52bf\/Mercedes-C-Class-Pojazd-Z-Raczka-Dla-Dzieci-Jezdzik-Autko-Pchacz-Bialy-12m-Marka-Milly-Mally 720w,https:\/\/a.allegroimg.com\/original\/11e51a\/ead24bb84412af84130c529b52bf\/Mercedes-C-Class-Pojazd-Z-Raczka-Dla-Dzieci-Jezdzik-Autko-Pchacz-Bialy-12m-Marka-Milly-Mally 823w,https:\/\/a.allegroimg.com\/original\/11e51a\/ead24bb84412af84130c529b52bf\/Mercedes-C-Class-Pojazd-Z-Raczka-Dla-Dzieci-Jezdzik-Autko-Pchacz-Bialy-12m-Marka-Milly-Mally 823w\" sizes=\"100vw\" width=\"823px\" alt=\"Mercedes C-Class Pojazd Z R\u0105czk\u0105 Dla Dzieci Je\u017ad\u017aik Autko Pchacz Bia\u0142y 12m+ Marka Milly Mally\" style=\"max-width: 100%; height: auto; display: block; margin: 0 auto;\"><\/div>\n<\/div>\n<\/div>\n<\/div>\n<\/div>\n<\/div>\n<div style=\"clear: both; display: block; margin: 10px 0;\">\n<div style=\"clear: both; display: block; margin: 10px 0;\">\n<div style=\"clear: both; display: block; margin: 10px 0;\">\n<div  style=\"max-width:779px;max-height:694px\">\n<div style=\"clear: both; display: block; margin: 10px 0;\">\n<div style=\"clear: both; width: 100%; display: block; margin: 20px 0; padding: 0; float: none; position: static; text-align: center;\"><img decoding=\"async\"  src=\"https:\/\/a.allegroimg.com\/original\/11ca41\/9c6d36dc4b85b4b14fd2c3ba41f9\/Mercedes-C-Class-Pojazd-Z-Raczka-Dla-Dzieci-Jezdzik-Autko-Pchacz-Bialy-12m-Rozmiar-kola-inny\" srcset=\"https:\/\/a.allegroimg.com\/original\/11ca41\/9c6d36dc4b85b4b14fd2c3ba41f9\/Mercedes-C-Class-Pojazd-Z-Raczka-Dla-Dzieci-Jezdzik-Autko-Pchacz-Bialy-12m-Rozmiar-kola-inny 360w,https:\/\/a.allegroimg.com\/original\/11ca41\/9c6d36dc4b85b4b14fd2c3ba41f9\/Mercedes-C-Class-Pojazd-Z-Raczka-Dla-Dzieci-Jezdzik-Autko-Pchacz-Bialy-12m-Rozmiar-kola-inny 720w,https:\/\/a.allegroimg.com\/original\/11ca41\/9c6d36dc4b85b4b14fd2c3ba41f9\/Mercedes-C-Class-Pojazd-Z-Raczka-Dla-Dzieci-Jezdzik-Autko-Pchacz-Bialy-12m-Rozmiar-kola-inny 779w,https:\/\/a.allegroimg.com\/original\/11ca41\/9c6d36dc4b85b4b14fd2c3ba41f9\/Mercedes-C-Class-Pojazd-Z-Raczka-Dla-Dzieci-Jezdzik-Autko-Pchacz-Bialy-12m-Rozmiar-kola-inny 779w\" sizes=\"(min-width: 1200px) 560px, (min-width: 992px) 50vw, 100vw\" width=\"779px\" alt=\"Mercedes C-Class Pojazd Z R\u0105czk\u0105 Dla Dzieci Je\u017ad\u017aik Autko Pchacz Bia\u0142y 12m+ Rozmiar ko\u0142a (&quot;) inny\" style=\"max-width: 100%; height: auto; display: block; margin: 0 auto;\"><\/div>\n<\/div>\n<\/div>\n<\/div>\n<\/div>\n<div style=\"clear: both; display: block; margin: 10px 0;\">\n<div style=\"clear: both; display: block; margin: 10px 0;\">\n<h1>\u27a1\ufe0fPojazd z r\u0105czk\u0105 MERCEDES C-Class Bia\u0142y\u2b05\ufe0f<\/h1>\n<p style=\"margin: 15px 0; line-height: 1.8; clear: both; display: block; width: 100%; float: none; position: static;\">Pojazd z r\u0105czk\u0105 Mercedes C-Class to elegancka i niezwykle realistyczna zabawka, kt\u00f3ra zapewnia dziecku nie tylko mn\u00f3stwo frajdy, ale tak\u017ce&nbsp;<b>wspiera jego rozw\u00f3j<\/b>. Zaprojektowany z my\u015bl\u0105 o najm\u0142odszych fanach motoryzacji, ten miniaturowy Mercedes przyci\u0105ga uwag\u0119 swoim wygl\u0105dem oraz dba\u0142o\u015bci\u0105 o detale. Dzieci mog\u0105 poczu\u0107 si\u0119 jak prawdziwi kierowcy, odkrywaj\u0105c przy tym rado\u015b\u0107 z pierwszych \u201eprzeja\u017cd\u017cek\u201d i eksplorowania otoczenia. <b>To wyj\u0105tkowe po\u0142\u0105czenie klasycznego stylu, wygody i funkcjonalno\u015bci<\/b>, kt\u00f3re szybko stanie si\u0119 ulubion\u0105 zabawk\u0105 ka\u017cdego malucha<\/p>\n<p style=\"margin: 15px 0; line-height: 1.8; clear: both; display: block; width: 100%; float: none; position: static;\">Je\u017adzik ten nie tylko zapewnia&nbsp;<b>aktywn\u0105 rozrywk\u0119<\/b>, ale tak\u017ce pe\u0142ni&nbsp;<b>funkcj\u0119 edukacyjn\u0105<\/b>, rozwijaj\u0105c u dziecka kluczowe umiej\u0119tno\u015bci motoryczne i ucz\u0105c podstawowych zasad poruszania si\u0119<\/p>\n<\/div>\n<\/div>\n<\/div>\n<div style=\"clear: both; display: block; margin: 10px 0;\">\n<div style=\"clear: both; display: block; margin: 10px 0;\">\n<div style=\"clear: both; display: block; margin: 10px 0;\">\n<h1>\u2705 Charakterystyka<\/h1>\n<ul style=\"margin: 15px 0; padding-left: 20px; clear: both; display: block; width: 100%; float: none; position: static;\">\n<li style=\"margin: 5px 0; padding: 2px 0; clear: both; display: list-item; float: none; position: static;\">Skr\u0119tne przednie ko\u0142a <b>sterowane za pomoc\u0105 r\u0105czki do prowadzenia<\/b><\/li>\n<li style=\"margin: 5px 0; padding: 2px 0; clear: both; display: list-item; float: none; position: static;\">Tr\u00f3jramienna kierownica z logiem Mercedesa, wyposa\u017cona w klakson oraz d\u017awi\u0119k uruchamianego silnika<\/li>\n<li style=\"margin: 5px 0; padding: 2px 0; clear: both; display: list-item; float: none; position: static;\">Schowek umieszczony pod siedziskiem<\/li>\n<li style=\"margin: 5px 0; padding: 2px 0; clear: both; display: list-item; float: none; position: static;\">Wygodne i eleganckie siedzisko z oparciem<\/li>\n<li style=\"margin: 5px 0; padding: 2px 0; clear: both; display: list-item; float: none; position: static;\">Demontowane barierki, r\u0105czka do prowadzenia i oparcie<\/li>\n<li style=\"margin: 5px 0; padding: 2px 0; clear: both; display: list-item; float: none; position: static;\">Wysuwane podn\u00f3\u017cki<\/li>\n<li style=\"margin: 5px 0; padding: 2px 0; clear: both; display: list-item; float: none; position: static;\">Siedzisko ze wzorem imituj\u0105cym pikowan\u0105 sk\u00f3r\u0119<\/li>\n<li style=\"margin: 5px 0; padding: 2px 0; clear: both; display: list-item; float: none; position: static;\">Metalowe osie k\u00f3\u0142<\/li>\n<li style=\"margin: 5px 0; padding: 2px 0; clear: both; display: list-item; float: none; position: static;\"><b>Zabezpieczenie przed wywr\u00f3ceniem pojazdu<\/b><\/li>\n<li style=\"margin: 5px 0; padding: 2px 0; clear: both; display: list-item; float: none; position: static;\">Maksymalne obci\u0105\u017cenie: 25 kg<\/li>\n<li style=\"margin: 5px 0; padding: 2px 0; clear: both; display: list-item; float: none; position: static;\">Zasilanie: 2 baterie AAA (niedo\u0142\u0105czone do zestawu)<\/li>\n<li style=\"margin: 5px 0; padding: 2px 0; clear: both; display: list-item; float: none; position: static;\">Przedzia\u0142 wiekowy: 12-36 miesi\u0119cy<\/li>\n<\/ul>\n<\/div>\n<\/div>\n<div style=\"clear: both; display: block; margin: 10px 0;\">\n<div style=\"clear: both; display: block; margin: 10px 0;\">\n<div  style=\"max-width:782px;max-height:720px\">\n<div style=\"clear: both; display: block; margin: 10px 0;\">\n<div style=\"clear: both; width: 100%; display: block; margin: 20px 0; padding: 0; float: none; position: static; text-align: center;\"><img decoding=\"async\"  src=\"https:\/\/a.allegroimg.com\/original\/11b2c1\/257f8a934c38b78b8ef5085d4d55\/Mercedes-C-Class-Pojazd-Z-Raczka-Dla-Dzieci-Jezdzik-Autko-Pchacz-Bialy-12m-Rozmiar-ramy-mniejsza\" srcset=\"https:\/\/a.allegroimg.com\/original\/11b2c1\/257f8a934c38b78b8ef5085d4d55\/Mercedes-C-Class-Pojazd-Z-Raczka-Dla-Dzieci-Jezdzik-Autko-Pchacz-Bialy-12m-Rozmiar-ramy-mniejsza 360w,https:\/\/a.allegroimg.com\/original\/11b2c1\/257f8a934c38b78b8ef5085d4d55\/Mercedes-C-Class-Pojazd-Z-Raczka-Dla-Dzieci-Jezdzik-Autko-Pchacz-Bialy-12m-Rozmiar-ramy-mniejsza 720w,https:\/\/a.allegroimg.com\/original\/11b2c1\/257f8a934c38b78b8ef5085d4d55\/Mercedes-C-Class-Pojazd-Z-Raczka-Dla-Dzieci-Jezdzik-Autko-Pchacz-Bialy-12m-Rozmiar-ramy-mniejsza 782w,https:\/\/a.allegroimg.com\/original\/11b2c1\/257f8a934c38b78b8ef5085d4d55\/Mercedes-C-Class-Pojazd-Z-Raczka-Dla-Dzieci-Jezdzik-Autko-Pchacz-Bialy-12m-Rozmiar-ramy-mniejsza 782w\" sizes=\"(min-width: 1200px) 560px, (min-width: 992px) 50vw, 100vw\" width=\"782px\" alt=\"Mercedes C-Class Pojazd Z R\u0105czk\u0105 Dla Dzieci Je\u017ad\u017aik Autko Pchacz Bia\u0142y 12m+ Rozmiar ramy mniejsza\" style=\"max-width: 100%; height: auto; display: block; margin: 0 auto;\"><\/div>\n<\/div>\n<\/div>\n<\/div>\n<\/div>\n<\/div>\n<div style=\"clear: both; display: block; margin: 10px 0;\">\n<div style=\"clear: both; display: block; margin: 10px 0;\">\n<div style=\"clear: both; display: block; margin: 10px 0;\">\n<div  style=\"max-width:879px;max-height:729px\">\n<div style=\"clear: both; display: block; margin: 10px 0;\">\n<div style=\"clear: both; width: 100%; display: block; margin: 20px 0; padding: 0; float: none; position: static; text-align: center;\"><img decoding=\"async\"  src=\"https:\/\/a.allegroimg.com\/original\/11aa9d\/6ba0e2044f5989eaee2c5071a961\" srcset=\"https:\/\/a.allegroimg.com\/original\/11aa9d\/6ba0e2044f5989eaee2c5071a961 360w,https:\/\/a.allegroimg.com\/original\/11aa9d\/6ba0e2044f5989eaee2c5071a961 720w,https:\/\/a.allegroimg.com\/original\/11aa9d\/6ba0e2044f5989eaee2c5071a961 879w,https:\/\/a.allegroimg.com\/original\/11aa9d\/6ba0e2044f5989eaee2c5071a961 879w\" sizes=\"100vw\" width=\"879px\" alt=\"\" style=\"max-width: 100%; height: auto; display: block; margin: 0 auto;\"><\/div>\n<\/div>\n<\/div>\n<\/div>\n<\/div>\n<\/div>\n<div style=\"clear: both; display: block; margin: 10px 0;\">\n<div style=\"clear: both; display: block; margin: 10px 0;\">\n<div style=\"clear: both; display: block; margin: 10px 0;\">\n<h2>\u2705 WYMIARY OPAKOWANIA:<\/h2>\n<ul style=\"margin: 15px 0; padding-left: 20px; clear: both; display: block; width: 100%; float: none; position: static;\">\n<li style=\"margin: 5px 0; padding: 2px 0; clear: both; display: list-item; float: none; position: static;\">D\u0142ugo\u015b\u0107: 64 cm<\/li>\n<li style=\"margin: 5px 0; padding: 2px 0; clear: both; display: list-item; float: none; position: static;\">Szeroko\u015b\u0107: 34 cm<\/li>\n<li style=\"margin: 5px 0; padding: 2px 0; clear: both; display: list-item; float: none; position: static;\">Wysoko\u015b\u0107: 32 cm<\/li>\n<li style=\"margin: 5px 0; padding: 2px 0; clear: both; display: list-item; float: none; position: static;\">Waga netto: 3,7 kg<\/li>\n<li style=\"margin: 5px 0; padding: 2px 0; clear: both; display: list-item; float: none; position: static;\">Waga brutto: 4,5 kg<\/li>\n<\/ul>\n<\/div>\n<\/div>\n<div style=\"clear: both; display: block; margin: 10px 0;\">\n<div style=\"clear: both; display: block; margin: 10px 0;\">\n<div  style=\"max-width:881px;max-height:733px\">\n<div style=\"clear: both; display: block; margin: 10px 0;\">\n<div style=\"clear: both; width: 100%; display: block; margin: 20px 0; padding: 0; float: none; position: static; text-align: center;\"><img decoding=\"async\"  src=\"https:\/\/a.allegroimg.com\/original\/1154a7\/d938cd9b4fa18962af98f176af3e\/Mercedes-C-Class-Pojazd-Z-Raczka-Dla-Dzieci-Jezdzik-Autko-Pchacz-Bialy-12m-Waga-produktu-z-opakowaniem-jednostkowym-5-kg\" srcset=\"https:\/\/a.allegroimg.com\/original\/1154a7\/d938cd9b4fa18962af98f176af3e\/Mercedes-C-Class-Pojazd-Z-Raczka-Dla-Dzieci-Jezdzik-Autko-Pchacz-Bialy-12m-Waga-produktu-z-opakowaniem-jednostkowym-5-kg 360w,https:\/\/a.allegroimg.com\/original\/1154a7\/d938cd9b4fa18962af98f176af3e\/Mercedes-C-Class-Pojazd-Z-Raczka-Dla-Dzieci-Jezdzik-Autko-Pchacz-Bialy-12m-Waga-produktu-z-opakowaniem-jednostkowym-5-kg 720w,https:\/\/a.allegroimg.com\/original\/1154a7\/d938cd9b4fa18962af98f176af3e\/Mercedes-C-Class-Pojazd-Z-Raczka-Dla-Dzieci-Jezdzik-Autko-Pchacz-Bialy-12m-Waga-produktu-z-opakowaniem-jednostkowym-5-kg 881w,https:\/\/a.allegroimg.com\/original\/1154a7\/d938cd9b4fa18962af98f176af3e\/Mercedes-C-Class-Pojazd-Z-Raczka-Dla-Dzieci-Jezdzik-Autko-Pchacz-Bialy-12m-Waga-produktu-z-opakowaniem-jednostkowym-5-kg 881w\" sizes=\"(min-width: 1200px) 560px, (min-width: 992px) 50vw, 100vw\" width=\"881px\" alt=\"Mercedes C-Class Pojazd Z R\u0105czk\u0105 Dla Dzieci Je\u017ad\u017aik Autko Pchacz Bia\u0142y 12m+ Waga produktu z opakowaniem jednostkowym 5 kg\" style=\"max-width: 100%; height: auto; display: block; margin: 0 auto;\"><\/div>\n<\/div>\n<\/div>\n<\/div>\n<\/div>\n<\/div>\n<div style=\"clear: both; display: block; margin: 10px 0;\">\n<div style=\"clear: both; display: block; margin: 10px 0;\">\n<div style=\"clear: both; display: block; margin: 10px 0;\">\n<div  style=\"max-width:649px;max-height:719px\">\n<div style=\"clear: both; display: block; margin: 10px 0;\">\n<div style=\"clear: both; width: 100%; display: block; margin: 20px 0; padding: 0; float: none; position: static; text-align: center;\"><img decoding=\"async\"  src=\"https:\/\/a.allegroimg.com\/original\/11f5b1\/078759c74e9ba9f6cd5452bbd310\/Mercedes-C-Class-Pojazd-Z-Raczka-Dla-Dzieci-Jezdzik-Autko-Pchacz-Bialy-12m-Kod-producenta-PM-2476\" srcset=\"https:\/\/a.allegroimg.com\/original\/11f5b1\/078759c74e9ba9f6cd5452bbd310\/Mercedes-C-Class-Pojazd-Z-Raczka-Dla-Dzieci-Jezdzik-Autko-Pchacz-Bialy-12m-Kod-producenta-PM-2476 324w,https:\/\/a.allegroimg.com\/original\/11f5b1\/078759c74e9ba9f6cd5452bbd310\/Mercedes-C-Class-Pojazd-Z-Raczka-Dla-Dzieci-Jezdzik-Autko-Pchacz-Bialy-12m-Kod-producenta-PM-2476 649w,https:\/\/a.allegroimg.com\/original\/11f5b1\/078759c74e9ba9f6cd5452bbd310\/Mercedes-C-Class-Pojazd-Z-Raczka-Dla-Dzieci-Jezdzik-Autko-Pchacz-Bialy-12m-Kod-producenta-PM-2476 649w\" sizes=\"(min-width: 1200px) 560px, (min-width: 992px) 50vw, 100vw\" width=\"649px\" alt=\"Mercedes C-Class Pojazd Z R\u0105czk\u0105 Dla Dzieci Je\u017ad\u017aik Autko Pchacz Bia\u0142y 12m+ Kod producenta PM-2476\" style=\"max-width: 100%; height: auto; display: block; margin: 0 auto;\"><\/div>\n<\/div>\n<\/div>\n<\/div>\n<\/div>\n<div style=\"clear: both; display: block; margin: 10px 0;\">\n<div style=\"clear: both; display: block; margin: 10px 0;\">\n<div  style=\"max-width:722px;max-height:716px\">\n<div style=\"clear: both; display: block; margin: 10px 0;\">\n<div style=\"clear: both; width: 100%; display: block; margin: 20px 0; padding: 0; float: none; position: static; text-align: center;\"><img decoding=\"async\"  src=\"https:\/\/a.allegroimg.com\/original\/111c31\/830326404e1f811dcd2a734889a9\/Mercedes-C-Class-Pojazd-Z-Raczka-Dla-Dzieci-Jezdzik-Autko-Pchacz-Bialy-12m-EAN-GTIN-5901761124415\" srcset=\"https:\/\/a.allegroimg.com\/original\/111c31\/830326404e1f811dcd2a734889a9\/Mercedes-C-Class-Pojazd-Z-Raczka-Dla-Dzieci-Jezdzik-Autko-Pchacz-Bialy-12m-EAN-GTIN-5901761124415 360w,https:\/\/a.allegroimg.com\/original\/111c31\/830326404e1f811dcd2a734889a9\/Mercedes-C-Class-Pojazd-Z-Raczka-Dla-Dzieci-Jezdzik-Autko-Pchacz-Bialy-12m-EAN-GTIN-5901761124415 720w,https:\/\/a.allegroimg.com\/original\/111c31\/830326404e1f811dcd2a734889a9\/Mercedes-C-Class-Pojazd-Z-Raczka-Dla-Dzieci-Jezdzik-Autko-Pchacz-Bialy-12m-EAN-GTIN-5901761124415 722w,https:\/\/a.allegroimg.com\/original\/111c31\/830326404e1f811dcd2a734889a9\/Mercedes-C-Class-Pojazd-Z-Raczka-Dla-Dzieci-Jezdzik-Autko-Pchacz-Bialy-12m-EAN-GTIN-5901761124415 722w\" sizes=\"(min-width: 1200px) 560px, (min-width: 992px) 50vw, 100vw\" width=\"722px\" alt=\"Mercedes C-Class Pojazd Z R\u0105czk\u0105 Dla Dzieci Je\u017ad\u017aik Autko Pchacz Bia\u0142y 12m+ EAN (GTIN) 5901761124415\" style=\"max-width: 100%; height: auto; display: block; margin: 0 auto;\"><\/div>\n<\/div>\n<\/div>\n<\/div>\n<\/div>\n<\/div>\n<div style=\"clear: both; display: block; margin: 10px 0;\">\n<div style=\"clear: both; display: block; margin: 10px 0;\">\n<div style=\"clear: both; display: block; margin: 10px 0;\">\n<div  style=\"max-width:823px;max-height:707px\">\n<div style=\"clear: both; display: block; margin: 10px 0;\">\n<div style=\"clear: both; width: 100%; display: block; margin: 20px 0; padding: 0; float: none; position: static; text-align: center;\"><img decoding=\"async\"  src=\"https:\/\/a.allegroimg.com\/original\/11e51a\/ead24bb84412af84130c529b52bf\/Mercedes-C-Class-Pojazd-Z-Raczka-Dla-Dzieci-Jezdzik-Autko-Pchacz-Bialy-12m-Marka-Milly-Mally\" srcset=\"https:\/\/a.allegroimg.com\/original\/11e51a\/ead24bb84412af84130c529b52bf\/Mercedes-C-Class-Pojazd-Z-Raczka-Dla-Dzieci-Jezdzik-Autko-Pchacz-Bialy-12m-Marka-Milly-Mally 360w,https:\/\/a.allegroimg.com\/original\/11e51a\/ead24bb84412af84130c529b52bf\/Mercedes-C-Class-Pojazd-Z-Raczka-Dla-Dzieci-Jezdzik-Autko-Pchacz-Bialy-12m-Marka-Milly-Mally 720w,https:\/\/a.allegroimg.com\/original\/11e51a\/ead24bb84412af84130c529b52bf\/Mercedes-C-Class-Pojazd-Z-Raczka-Dla-Dzieci-Jezdzik-Autko-Pchacz-Bialy-12m-Marka-Milly-Mally 823w,https:\/\/a.allegroimg.com\/original\/11e51a\/ead24bb84412af84130c529b52bf\/Mercedes-C-Class-Pojazd-Z-Raczka-Dla-Dzieci-Jezdzik-Autko-Pchacz-Bialy-12m-Marka-Milly-Mally 823w\" sizes=\"100vw\" width=\"823px\" alt=\"Mercedes C-Class Pojazd Z R\u0105czk\u0105 Dla Dzieci Je\u017ad\u017aik Autko Pchacz Bia\u0142y 12m+ Marka Milly Mally\" style=\"max-width: 100%; height: auto; display: block; margin: 0 auto;\"><\/div>\n<\/div>\n<\/div>\n<\/div>\n<\/div>\n<\/div>\n<div style=\"clear: both; display: block; margin: 10px 0;\">\n<div style=\"clear: both; display: block; margin: 10px 0;\">\n<div style=\"clear: both; display: block; margin: 10px 0;\">\n<h2>OSTRZE\u017bENIA!<\/h2>\n<p style=\"margin: 15px 0; line-height: 1.8; clear: both; display: block; width: 100%; float: none; position: static;\">Nale\u017cy zapozna\u0107 swoje dziecko z zasadami bezpiecze\u0144stwa i ostrze\u017ceniami zwi\u0105zanymi z jazd\u0105 na zabawce, kt\u00f3re znajduj\u0105 si\u0119 w instrukcji obs\u0142ugi.<\/p>\n<p style=\"margin: 15px 0; line-height: 1.8; clear: both; display: block; width: 100%; float: none; position: static;\">Podczas jazdy na zabawce dziecko powinno przebywa\u0107 pod opiek\u0105 osoby doros\u0142ej i przez ca\u0142y czas znajdowa\u0107 si\u0119 w zasi\u0119gu jej wzroku.<\/p>\n<p style=\"margin: 15px 0; line-height: 1.8; clear: both; display: block; width: 100%; float: none; position: static;\">Korzystanie z zabawki wymaga umiej\u0119tno\u015bci pewnego i stabilnego chodzenia, orientacji przestrzennej i sterowania, kt\u00f3rych brak grozi upadkiem lub zderzeniem, co mo\u017ce skutkowa\u0107 obra\u017ceniami u u\u017cytkownika lub os\u00f3b trzecich.<\/p>\n<p style=\"margin: 15px 0; line-height: 1.8; clear: both; display: block; width: 100%; float: none; position: static;\">Zabawka nie posiada hamulca.<\/p>\n<p style=\"margin: 15px 0; line-height: 1.8; clear: both; display: block; width: 100%; float: none; position: static;\">Gdy korzystasz z r\u0105czki steruj\u0105cej, aby pcha\u0107 zabawk\u0119 \u2013 zawsze rozk\u0142adaj podn\u00f3\u017cki znajduj\u0105ce si\u0119 pod \u015brodkow\u0105 cz\u0119\u015bci\u0105 pojazdu. Zapobiega to niebezpiecze\u0144stwu uwi\u0119\u017ani\u0119cia st\u00f3p mi\u0119dzy korpusem zabawki, a ko\u0142ami lub mi\u0119dzy korpusem, a pod\u0142o\u017cem.<\/p>\n<p style=\"margin: 15px 0; line-height: 1.8; clear: both; display: block; width: 100%; float: none; position: static;\">Gdy nie korzystasz z r\u0105czki steruj\u0105cej \u2013 zawsze sk\u0142adaj podn\u00f3\u017cki znajduj\u0105ce si\u0119 pod \u015brodkow\u0105 cz\u0119\u015bci\u0105 pojazdu. Dzi\u0119ki temu \u2013 dziecko b\u0119dzie mog\u0142o kontrolowa\u0107 jazd\u0119 i porusza\u0107 si\u0119 bez \u017cadnych przeszk\u00f3d (roz\u0142o\u017cone podn\u00f3\u017cki \u2013 mog\u0105 przeszkadza\u0107 dziecku w poruszaniu si\u0119 i hamowaniu \u2013 mo\u017ce to skutkowa\u0107 upadkiem i zranieniem).<\/p>\n<p style=\"margin: 15px 0; line-height: 1.8; clear: both; display: block; width: 100%; float: none; position: static;\">Jazda i hamowanie: zabawka nie posiada hamulca. Zar\u00f3wno do jazdy jak i hamowania \u2013 nale\u017cy u\u017cywa\u0107 n\u00f3g, kt\u00f3re umo\u017cliwiaj\u0105 rozp\u0119dzanie si\u0119 lub hamowanie. Zaleca si\u0119, aby dziecko korzystaj\u0105c z zabawki mia\u0142o za\u0142o\u017cone obuwie.<\/p>\n<p style=\"margin: 15px 0; line-height: 1.8; clear: both; display: block; width: 100%; float: none; position: static;\">Z produktu nale\u017cy korzysta\u0107 w bezpiecznych miejscach \u2013 takich jak np. wn\u0119trze domu, ogrodzone podw\u00f3rko, plac zabaw etc. Nie korzystaj z produktu na piachu i innej sypkiej nawierzchni. Nie korzystaj z zabawki na nier\u00f3wnej, wyboistej, stromej nawierzchni i w pobli\u017cu otwartych zbiornik\u00f3w wodnych.<\/p>\n<\/div>\n<\/div>\n<\/div>\n<\/div>\n<\/div>\n<\/div>\n<div style=\"clear: both; display: block; margin: 10px 0;\">\n","protected":false},"excerpt":{"rendered":"<p>\u27a1\ufe0fPojazd z r\u0105czk\u0105 MERCEDES C-Class Bia\u0142y\u2b05\ufe0f<\/p>\n","protected":false},"featured_media":14249,"template":"","meta":{"_uag_custom_page_level_css":""},"product_brand":[700],"product_cat":[688,687,697],"product_tag":[],"class_list":{"0":"post-14248","1":"product","2":"type-product","3":"status-publish","4":"has-post-thumbnail","6":"product_brand-milly-mally","7":"product_cat-rowery","8":"product_cat-rowery-i-akcesoria","9":"product_cat-skladane","11":"first","12":"instock","13":"sale","14":"shipping-taxable","15":"purchasable","16":"product-type-simple"},"uagb_featured_image_src":{"full":["https:\/\/twojerowery.shop\/ro64\/wp-content\/uploads\/2026\/02\/allegro-image-14248.jpg",762,698,false],"thumbnail":["https:\/\/twojerowery.shop\/ro64\/wp-content\/uploads\/2026\/02\/allegro-image-14248-150x150.jpg",150,150,true],"medium":["https:\/\/twojerowery.shop\/ro64\/wp-content\/uploads\/2026\/02\/allegro-image-14248-300x275.jpg",300,275,true],"medium_large":["https:\/\/twojerowery.shop\/ro64\/wp-content\/uploads\/2026\/02\/allegro-image-14248.jpg",762,698,false],"large":["https:\/\/twojerowery.shop\/ro64\/wp-content\/uploads\/2026\/02\/allegro-image-14248.jpg",762,698,false],"1536x1536":["https:\/\/twojerowery.shop\/ro64\/wp-content\/uploads\/2026\/02\/allegro-image-14248.jpg",762,698,false],"2048x2048":["https:\/\/twojerowery.shop\/ro64\/wp-content\/uploads\/2026\/02\/allegro-image-14248.jpg",762,698,false],"woocommerce_thumbnail":["https:\/\/twojerowery.shop\/ro64\/wp-content\/uploads\/2026\/02\/allegro-image-14248-300x300.jpg",300,300,true],"woocommerce_single":["https:\/\/twojerowery.shop\/ro64\/wp-content\/uploads\/2026\/02\/allegro-image-14248-600x550.jpg",600,550,true],"woocommerce_gallery_thumbnail":["https:\/\/twojerowery.shop\/ro64\/wp-content\/uploads\/2026\/02\/allegro-image-14248-100x100.jpg",100,100,true]},"uagb_author_info":{"display_name":"admin","author_link":"https:\/\/twojerowery.shop\/ro64\/author\/"},"uagb_comment_info":0,"uagb_excerpt":"\u27a1\ufe0fPojazd z r\u0105czk\u0105 MERCEDES C-Class Bia\u0142y\u2b05\ufe0f","_links":{"self":[{"href":"https:\/\/twojerowery.shop\/ro64\/wp-json\/wp\/v2\/product\/14248","targetHints":{"allow":["GET"]}}],"collection":[{"href":"https:\/\/twojerowery.shop\/ro64\/wp-json\/wp\/v2\/product"}],"about":[{"href":"https:\/\/twojerowery.shop\/ro64\/wp-json\/wp\/v2\/types\/product"}],"wp:featuredmedia":[{"embeddable":true,"href":"https:\/\/twojerowery.shop\/ro64\/wp-json\/wp\/v2\/media\/14249"}],"wp:attachment":[{"href":"https:\/\/twojerowery.shop\/ro64\/wp-json\/wp\/v2\/media?parent=14248"}],"wp:term":[{"taxonomy":"product_brand","embeddable":true,"href":"https:\/\/twojerowery.shop\/ro64\/wp-json\/wp\/v2\/product_brand?post=14248"},{"taxonomy":"product_cat","embeddable":true,"href":"https:\/\/twojerowery.shop\/ro64\/wp-json\/wp\/v2\/product_cat?post=14248"},{"taxonomy":"product_tag","embeddable":true,"href":"https:\/\/twojerowery.shop\/ro64\/wp-json\/wp\/v2\/product_tag?post=14248"}],"curies":[{"name":"wp","href":"https:\/\/api.w.org\/{rel}","templated":true}]}}