{"id":14256,"date":"2026-02-26T04:19:47","date_gmt":"2026-02-26T03:19:47","guid":{"rendered":"https:\/\/rowermax.shop\/ro64\/produkt\/milly-mally-rowerek-5w1-optimus-max-pink-wielofunkcyjny-staliny-z-raczka\/"},"modified":"2026-02-26T04:19:48","modified_gmt":"2026-02-26T03:19:48","slug":"milly-mally-rowerek-5w1-optimus-max-pink-wielofunkcyjny-staliny-z-raczka","status":"publish","type":"product","link":"https:\/\/twojerowery.shop\/ro64\/produkt\/milly-mally-rowerek-5w1-optimus-max-pink-wielofunkcyjny-staliny-z-raczka\/","title":{"rendered":"Milly Mally Rowerek 5w1 Optimus Max Pink Wielofunkcyjny Staliny Z R\u0105czk\u0105"},"content":{"rendered":"<div style=\"font-family: Arial, sans-serif; line-height: 1.6; color: #333; padding: 20px; clear: both; display: block; width: 100%; float: none; position: static; overflow: hidden;\">\n<div style=\"clear: both; display: block; margin: 10px 0;\">\n<div style=\"clear: both; display: block; margin: 10px 0;\">\n<div style=\"clear: both; display: block; margin: 10px 0;\">\n<div  style=\"max-width:1296px;max-height:1080px\">\n<div style=\"clear: both; display: block; margin: 10px 0;\">\n<div style=\"clear: both; width: 100%; display: block; margin: 20px 0; padding: 0; float: none; position: static; text-align: center;\"><img decoding=\"async\"  src=\"https:\/\/a.allegroimg.com\/original\/11f731\/398200d3483f8777fd4e2aa5d02e\/Milly-Mally-Rowerek-5w1-Optimus-Max-Pink-Wielofunkcyjny-Staliny-Z-Raczka-Kod-producenta-5907090700269\" srcset=\"https:\/\/a.allegroimg.com\/original\/11f731\/398200d3483f8777fd4e2aa5d02e\/Milly-Mally-Rowerek-5w1-Optimus-Max-Pink-Wielofunkcyjny-Staliny-Z-Raczka-Kod-producenta-5907090700269 360w,https:\/\/a.allegroimg.com\/original\/11f731\/398200d3483f8777fd4e2aa5d02e\/Milly-Mally-Rowerek-5w1-Optimus-Max-Pink-Wielofunkcyjny-Staliny-Z-Raczka-Kod-producenta-5907090700269 720w,https:\/\/a.allegroimg.com\/original\/11f731\/398200d3483f8777fd4e2aa5d02e\/Milly-Mally-Rowerek-5w1-Optimus-Max-Pink-Wielofunkcyjny-Staliny-Z-Raczka-Kod-producenta-5907090700269 1024w,https:\/\/a.allegroimg.com\/original\/11f731\/398200d3483f8777fd4e2aa5d02e\/Milly-Mally-Rowerek-5w1-Optimus-Max-Pink-Wielofunkcyjny-Staliny-Z-Raczka-Kod-producenta-5907090700269 1296w,https:\/\/a.allegroimg.com\/original\/11f731\/398200d3483f8777fd4e2aa5d02e\/Milly-Mally-Rowerek-5w1-Optimus-Max-Pink-Wielofunkcyjny-Staliny-Z-Raczka-Kod-producenta-5907090700269 1296w\" sizes=\"100vw\" width=\"1296px\" alt=\"Milly Mally Rowerek 5w1 Optimus Max Pink Wielofunkcyjny Staliny Z R\u0105czk\u0105 Kod producenta 5907090700269\" style=\"max-width: 100%; height: auto; display: block; margin: 0 auto;\"><\/div>\n<\/div>\n<\/div>\n<\/div>\n<\/div>\n<\/div>\n<div style=\"clear: both; display: block; margin: 10px 0;\">\n<div style=\"clear: both; display: block; margin: 10px 0;\">\n<div style=\"clear: both; display: block; margin: 10px 0;\">\n<div  style=\"max-width:880px;max-height:735px\">\n<div style=\"clear: both; display: block; margin: 10px 0;\">\n<div style=\"clear: both; width: 100%; display: block; margin: 20px 0; padding: 0; float: none; position: static; text-align: center;\"><img decoding=\"async\"  src=\"https:\/\/a.allegroimg.com\/original\/119e01\/562ac1864d4d8934b897144b3c8c\/Milly-Mally-Rowerek-5w1-Optimus-Max-Pink-Wielofunkcyjny-Staliny-Z-Raczka-Kolor-rozowy\" srcset=\"https:\/\/a.allegroimg.com\/original\/119e01\/562ac1864d4d8934b897144b3c8c\/Milly-Mally-Rowerek-5w1-Optimus-Max-Pink-Wielofunkcyjny-Staliny-Z-Raczka-Kolor-rozowy 360w,https:\/\/a.allegroimg.com\/original\/119e01\/562ac1864d4d8934b897144b3c8c\/Milly-Mally-Rowerek-5w1-Optimus-Max-Pink-Wielofunkcyjny-Staliny-Z-Raczka-Kolor-rozowy 720w,https:\/\/a.allegroimg.com\/original\/119e01\/562ac1864d4d8934b897144b3c8c\/Milly-Mally-Rowerek-5w1-Optimus-Max-Pink-Wielofunkcyjny-Staliny-Z-Raczka-Kolor-rozowy 880w,https:\/\/a.allegroimg.com\/original\/119e01\/562ac1864d4d8934b897144b3c8c\/Milly-Mally-Rowerek-5w1-Optimus-Max-Pink-Wielofunkcyjny-Staliny-Z-Raczka-Kolor-rozowy 880w\" sizes=\"(min-width: 1200px) 560px, (min-width: 992px) 50vw, 100vw\" width=\"880px\" alt=\"Milly Mally Rowerek 5w1 Optimus Max Pink Wielofunkcyjny Staliny Z R\u0105czk\u0105 Kolor r\u00f3\u017cowy\" style=\"max-width: 100%; height: auto; display: block; margin: 0 auto;\"><\/div>\n<\/div>\n<\/div>\n<\/div>\n<\/div>\n<div style=\"clear: both; display: block; margin: 10px 0;\">\n<div style=\"clear: both; display: block; margin: 10px 0;\">\n<h1>\u2764\ufe0fMilly Mally Rowerek 5w1 Optimus Max\u2764\ufe0f<\/h1>\n<p style=\"margin: 15px 0; line-height: 1.8; clear: both; display: block; width: 100%; float: none; position: static;\"><b>Optimus Max<\/b>&nbsp;zosta\u0142 zaprojektowany, aby sta\u0107 si\u0119 jednym z najlepszych wybor\u00f3w na pierwszy pojazd twojego dziecka. Dzi\u0119ki&nbsp;<b>stabilnej tr\u00f3jko\u0142owej konstrukcji<\/b>&nbsp;zapewnia dziecku odpowiedni poziom bezpiecze\u0144stwa i u\u0142atwia zdobywanie nowych umiej\u0119tno\u015bci. Kiedy dziecko ma ju\u017c opanowane podstawy jazdy i nie wymaga pomocy rodzica poprzez sterowanie r\u0105czk\u0105 do prowadzenia, mo\u017cemy&nbsp;<b>doda\u0107 peda\u0142y lub zmieni\u0107 go w klasyczny rowerek biegowy<\/b>.<\/p>\n<p style=\"margin: 15px 0; line-height: 1.8; clear: both; display: block; width: 100%; float: none; position: static;\">Rowerek zosta\u0142 wyprodukowany z wysokiej jako\u015bci materia\u0142\u00f3w. Piankowe ko\u0142a u\u0142atwiaj\u0105 jazd\u0119 przy zachowaniu odpowiedniego komfortu.&nbsp;<b>Regulowana wysoko\u015b\u0107 i odleg\u0142o\u015bci siode\u0142ka<\/b>&nbsp;pozwala dostosowa\u0107 rowerek do wzrostu dziecka.&nbsp;<b>Ogranicznik nadmiernego skr\u0119tu<\/b>&nbsp;kierownicy zabezpiecza przed wywrotk\u0105.<\/p>\n<p style=\"margin: 15px 0; line-height: 1.8; clear: both; display: block; width: 100%; float: none; position: static;\"><b>Rowerek 5w1 Optimus Max&nbsp;<\/b>wyr\u00f3\u017cnia dodatkowa, r\u0105czk\u0105 dla rodzica, kt\u00f3ra w razie zm\u0119czenia, trudno\u015bci z pokonaniem drogi lub podczas zje\u017cd\u017cania ze stromych zjazd\u00f3w mo\u017ce wspom\u00f3c dziecko. R\u0105czka do prowadzenia posiada 4 stopnie regulacji jej d\u0142ugo\u015bci, a gdy dziecko podro\u015bnie mo\u017cna j\u0105 zdemontowa\u0107.<\/p>\n<\/div>\n<\/div>\n<\/div>\n<div style=\"clear: both; display: block; margin: 10px 0;\">\n<div style=\"clear: both; display: block; margin: 10px 0;\">\n<div style=\"clear: both; display: block; margin: 10px 0;\">\n<h2>\u2705 Optimus w 5 krokach:<\/h2>\n<p style=\"margin: 15px 0; line-height: 1.8; clear: both; display: block; width: 100%; float: none; position: static;\"><b>1.<\/b>&nbsp;Rowerek tr\u00f3jko\u0142owy z peda\u0142ami jako podn\u00f3\u017cki i z r\u0105czk\u0105 dla rodzica \u2013 odpowiedni dla zdobywania przez dziecko pierwszych do\u015bwiadcze\u0144.<\/p>\n<p style=\"margin: 15px 0; line-height: 1.8; clear: both; display: block; width: 100%; float: none; position: static;\"><b>2.<\/b>&nbsp;Tr\u00f3jko\u0142owy rowerek biegowy &#8211; wspomaga dziecko podczas jazdy.<\/p>\n<p style=\"margin: 15px 0; line-height: 1.8; clear: both; display: block; width: 100%; float: none; position: static;\"><b>3.<\/b>&nbsp;Tr\u00f3jko\u0142owy rowerek z pada\u0142kami w przednim kole.<\/p>\n<p style=\"margin: 15px 0; line-height: 1.8; clear: both; display: block; width: 100%; float: none; position: static;\"><b>4.<\/b>&nbsp;Rowerek biegowy z r\u0105czk\u0105 dla rodzica.<\/p>\n<p style=\"margin: 15px 0; line-height: 1.8; clear: both; display: block; width: 100%; float: none; position: static;\"><b>5.<\/b>&nbsp;Klasyczny rowerek biegowy.<\/p>\n<\/div>\n<\/div>\n<div style=\"clear: both; display: block; margin: 10px 0;\">\n<div style=\"clear: both; display: block; margin: 10px 0;\">\n<div  style=\"max-width:1296px;max-height:1080px\">\n<div style=\"clear: both; display: block; margin: 10px 0;\">\n<div style=\"clear: both; width: 100%; display: block; margin: 20px 0; padding: 0; float: none; position: static; text-align: center;\"><img decoding=\"async\"  src=\"https:\/\/a.allegroimg.com\/original\/119f33\/8e402fa04dc5b1d51651ec7b4363\/Milly-Mally-Rowerek-5w1-Optimus-Max-Pink-Wielofunkcyjny-Staliny-Z-Raczka-Marka-Milly-Mally\" srcset=\"https:\/\/a.allegroimg.com\/original\/119f33\/8e402fa04dc5b1d51651ec7b4363\/Milly-Mally-Rowerek-5w1-Optimus-Max-Pink-Wielofunkcyjny-Staliny-Z-Raczka-Marka-Milly-Mally 360w,https:\/\/a.allegroimg.com\/original\/119f33\/8e402fa04dc5b1d51651ec7b4363\/Milly-Mally-Rowerek-5w1-Optimus-Max-Pink-Wielofunkcyjny-Staliny-Z-Raczka-Marka-Milly-Mally 720w,https:\/\/a.allegroimg.com\/original\/119f33\/8e402fa04dc5b1d51651ec7b4363\/Milly-Mally-Rowerek-5w1-Optimus-Max-Pink-Wielofunkcyjny-Staliny-Z-Raczka-Marka-Milly-Mally 1024w,https:\/\/a.allegroimg.com\/original\/119f33\/8e402fa04dc5b1d51651ec7b4363\/Milly-Mally-Rowerek-5w1-Optimus-Max-Pink-Wielofunkcyjny-Staliny-Z-Raczka-Marka-Milly-Mally 1296w,https:\/\/a.allegroimg.com\/original\/119f33\/8e402fa04dc5b1d51651ec7b4363\/Milly-Mally-Rowerek-5w1-Optimus-Max-Pink-Wielofunkcyjny-Staliny-Z-Raczka-Marka-Milly-Mally 1296w\" sizes=\"(min-width: 1200px) 560px, (min-width: 992px) 50vw, 100vw\" width=\"1296px\" alt=\"Milly Mally Rowerek 5w1 Optimus Max Pink Wielofunkcyjny Staliny Z R\u0105czk\u0105 Marka Milly Mally\" style=\"max-width: 100%; height: auto; display: block; margin: 0 auto;\"><\/div>\n<\/div>\n<\/div>\n<\/div>\n<\/div>\n<\/div>\n<div style=\"clear: both; display: block; margin: 10px 0;\">\n<div style=\"clear: both; display: block; margin: 10px 0;\">\n<div style=\"clear: both; display: block; margin: 10px 0;\">\n<div  style=\"max-width:853px;max-height:711px\">\n<div style=\"clear: both; display: block; margin: 10px 0;\">\n<div style=\"clear: both; width: 100%; display: block; margin: 20px 0; padding: 0; float: none; position: static; text-align: center;\"><img decoding=\"async\"  src=\"https:\/\/a.allegroimg.com\/original\/111f7e\/ee8c75324c6bac3b2a535624c732\/Milly-Mally-Rowerek-5w1-Optimus-Max-Pink-Wielofunkcyjny-Staliny-Z-Raczka-Rozmiar-kola-inny\" srcset=\"https:\/\/a.allegroimg.com\/original\/111f7e\/ee8c75324c6bac3b2a535624c732\/Milly-Mally-Rowerek-5w1-Optimus-Max-Pink-Wielofunkcyjny-Staliny-Z-Raczka-Rozmiar-kola-inny 360w,https:\/\/a.allegroimg.com\/original\/111f7e\/ee8c75324c6bac3b2a535624c732\/Milly-Mally-Rowerek-5w1-Optimus-Max-Pink-Wielofunkcyjny-Staliny-Z-Raczka-Rozmiar-kola-inny 720w,https:\/\/a.allegroimg.com\/original\/111f7e\/ee8c75324c6bac3b2a535624c732\/Milly-Mally-Rowerek-5w1-Optimus-Max-Pink-Wielofunkcyjny-Staliny-Z-Raczka-Rozmiar-kola-inny 853w,https:\/\/a.allegroimg.com\/original\/111f7e\/ee8c75324c6bac3b2a535624c732\/Milly-Mally-Rowerek-5w1-Optimus-Max-Pink-Wielofunkcyjny-Staliny-Z-Raczka-Rozmiar-kola-inny 853w\" sizes=\"(min-width: 1200px) 560px, (min-width: 992px) 50vw, 100vw\" width=\"853px\" alt=\"Milly Mally Rowerek 5w1 Optimus Max Pink Wielofunkcyjny Staliny Z R\u0105czk\u0105 Rozmiar ko\u0142a (&quot;) inny\" style=\"max-width: 100%; height: auto; display: block; margin: 0 auto;\"><\/div>\n<\/div>\n<\/div>\n<\/div>\n<\/div>\n<div style=\"clear: both; display: block; margin: 10px 0;\">\n<div style=\"clear: both; display: block; margin: 10px 0;\">\n<h2>\u2705 CHARAKTERYSTYKA PRODUKTU:<\/h2>\n<ul style=\"margin: 15px 0; padding-left: 20px; clear: both; display: block; width: 100%; float: none; position: static;\">\n<li style=\"margin: 5px 0; padding: 2px 0; clear: both; display: list-item; float: none; position: static;\">Wygodne wyprofilowane siode\u0142ko<\/li>\n<li style=\"margin: 5px 0; padding: 2px 0; clear: both; display: list-item; float: none; position: static;\">Regulacja wysoko\u015bci siode\u0142ka<\/li>\n<li style=\"margin: 5px 0; padding: 2px 0; clear: both; display: list-item; float: none; position: static;\">3 stopniowa regulacja odleg\u0142o\u015bci siedziska<\/li>\n<li style=\"margin: 5px 0; padding: 2px 0; clear: both; display: list-item; float: none; position: static;\">3 punktowe i odblaskowe pasy bezpiecze\u0144stwa<\/li>\n<li style=\"margin: 5px 0; padding: 2px 0; clear: both; display: list-item; float: none; position: static;\">Mo\u017cliwo\u015b\u0107 demonta\u017cu opacia w siedzisku<\/li>\n<li style=\"margin: 5px 0; padding: 2px 0; clear: both; display: list-item; float: none; position: static;\">Mo\u017cliwo\u015b\u0107 sk\u0142adania do transportu lub przechowywania<\/li>\n<li style=\"margin: 5px 0; padding: 2px 0; clear: both; display: list-item; float: none; position: static;\">Piankowe opony<\/li>\n<li style=\"margin: 5px 0; padding: 2px 0; clear: both; display: list-item; float: none; position: static;\">Stalowa rama<\/li>\n<li style=\"margin: 5px 0; padding: 2px 0; clear: both; display: list-item; float: none; position: static;\">R\u0105czka dla rodzica z 4 stopniow\u0105 regulacj\u0105 wysoko\u015bci<\/li>\n<li style=\"margin: 5px 0; padding: 2px 0; clear: both; display: list-item; float: none; position: static;\">Peda\u0142y przy przednim kole, z mo\u017cliwo\u015bci\u0105 wpi\u0119cia w uchwyt znajduj\u0105cy si\u0119 w kolumnie kierownicy<\/li>\n<li style=\"margin: 5px 0; padding: 2px 0; clear: both; display: list-item; float: none; position: static;\">Peda\u0142y jako podn\u00f3\u017cki pod ram\u0105<\/li>\n<li style=\"margin: 5px 0; padding: 2px 0; clear: both; display: list-item; float: none; position: static;\">Regulacja nachylenia kierownicy<\/li>\n<li style=\"margin: 5px 0; padding: 2px 0; clear: both; display: list-item; float: none; position: static;\">Ogranicznik nadmiernego skr\u0119tu<\/li>\n<li style=\"margin: 5px 0; padding: 2px 0; clear: both; display: list-item; float: none; position: static;\">Sk\u0142adane tylne k\u00f3\u0142ka<\/li>\n<\/ul>\n<\/div>\n<\/div>\n<\/div>\n<div style=\"clear: both; display: block; margin: 10px 0;\">\n<div style=\"clear: both; display: block; margin: 10px 0;\">\n<div style=\"clear: both; display: block; margin: 10px 0;\">\n<div  style=\"max-width:892px;max-height:727px\">\n<div style=\"clear: both; display: block; margin: 10px 0;\">\n<div style=\"clear: both; width: 100%; display: block; margin: 20px 0; padding: 0; float: none; position: static; text-align: center;\"><img decoding=\"async\"  src=\"https:\/\/a.allegroimg.com\/original\/113caa\/e7e754e442e7aedb53be356ff5eb\/Milly-Mally-Rowerek-5w1-Optimus-Max-Pink-Wielofunkcyjny-Staliny-Z-Raczka-Rozmiar-ramy-mniejsza\" srcset=\"https:\/\/a.allegroimg.com\/original\/113caa\/e7e754e442e7aedb53be356ff5eb\/Milly-Mally-Rowerek-5w1-Optimus-Max-Pink-Wielofunkcyjny-Staliny-Z-Raczka-Rozmiar-ramy-mniejsza 360w,https:\/\/a.allegroimg.com\/original\/113caa\/e7e754e442e7aedb53be356ff5eb\/Milly-Mally-Rowerek-5w1-Optimus-Max-Pink-Wielofunkcyjny-Staliny-Z-Raczka-Rozmiar-ramy-mniejsza 720w,https:\/\/a.allegroimg.com\/original\/113caa\/e7e754e442e7aedb53be356ff5eb\/Milly-Mally-Rowerek-5w1-Optimus-Max-Pink-Wielofunkcyjny-Staliny-Z-Raczka-Rozmiar-ramy-mniejsza 892w,https:\/\/a.allegroimg.com\/original\/113caa\/e7e754e442e7aedb53be356ff5eb\/Milly-Mally-Rowerek-5w1-Optimus-Max-Pink-Wielofunkcyjny-Staliny-Z-Raczka-Rozmiar-ramy-mniejsza 892w\" sizes=\"100vw\" width=\"892px\" alt=\"Milly Mally Rowerek 5w1 Optimus Max Pink Wielofunkcyjny Staliny Z R\u0105czk\u0105 Rozmiar ramy mniejsza\" style=\"max-width: 100%; height: auto; display: block; margin: 0 auto;\"><\/div>\n<\/div>\n<\/div>\n<\/div>\n<\/div>\n<\/div>\n<div style=\"clear: both; display: block; margin: 10px 0;\">\n<div style=\"clear: both; display: block; margin: 10px 0;\">\n<div style=\"clear: both; display: block; margin: 10px 0;\">\n<div  style=\"max-width:881px;max-height:732px\">\n<div style=\"clear: both; display: block; margin: 10px 0;\">\n<div style=\"clear: both; width: 100%; display: block; margin: 20px 0; padding: 0; float: none; position: static; text-align: center;\"><img decoding=\"async\"  src=\"https:\/\/a.allegroimg.com\/original\/11d740\/0356834b486cb7f0ce1ddd10c8a7\/Milly-Mally-Rowerek-5w1-Optimus-Max-Pink-Wielofunkcyjny-Staliny-Z-Raczka-Material-ramy-stal\" srcset=\"https:\/\/a.allegroimg.com\/original\/11d740\/0356834b486cb7f0ce1ddd10c8a7\/Milly-Mally-Rowerek-5w1-Optimus-Max-Pink-Wielofunkcyjny-Staliny-Z-Raczka-Material-ramy-stal 360w,https:\/\/a.allegroimg.com\/original\/11d740\/0356834b486cb7f0ce1ddd10c8a7\/Milly-Mally-Rowerek-5w1-Optimus-Max-Pink-Wielofunkcyjny-Staliny-Z-Raczka-Material-ramy-stal 720w,https:\/\/a.allegroimg.com\/original\/11d740\/0356834b486cb7f0ce1ddd10c8a7\/Milly-Mally-Rowerek-5w1-Optimus-Max-Pink-Wielofunkcyjny-Staliny-Z-Raczka-Material-ramy-stal 881w,https:\/\/a.allegroimg.com\/original\/11d740\/0356834b486cb7f0ce1ddd10c8a7\/Milly-Mally-Rowerek-5w1-Optimus-Max-Pink-Wielofunkcyjny-Staliny-Z-Raczka-Material-ramy-stal 881w\" sizes=\"100vw\" width=\"881px\" alt=\"Milly Mally Rowerek 5w1 Optimus Max Pink Wielofunkcyjny Staliny Z R\u0105czk\u0105 Materia\u0142 ramy stal\" style=\"max-width: 100%; height: auto; display: block; margin: 0 auto;\"><\/div>\n<\/div>\n<\/div>\n<\/div>\n<\/div>\n<\/div>\n<\/div>\n<\/div>\n<\/div>\n<div style=\"clear: both; display: block; margin: 10px 0;\">\n","protected":false},"excerpt":{"rendered":"<p>\u2764\ufe0fMilly Mally Rowerek 5w1 Optimus Max\u2764\ufe0f<\/p>\n<p>Optimus Max&nbsp;zosta\u0142 zaprojektowany, aby sta\u0107 si\u0119 jednym z najlepszych wybor\u00f3w na pierwszy pojazd twojego dziecka. Dzi\u0119ki&nbsp;stabilnej tr\u00f3jko\u0142owej konstrukcji&nbsp;zapewnia dziecku odpowiedni poziom bezpiecze\u0144stwa i u\u0142atwia zdobywanie nowych umiej\u0119tno\u015bci. Kiedy dziecko ma ju\u017c opanowane podstawy jazdy i nie wymaga pomocy rodzica poprzez sterowanie r\u0105czk\u0105 do prowadzenia, mo\u017cemy&nbsp;doda\u0107 peda\u0142y lub zmieni\u0107 go w klasyczny rowerek biegowy.<\/p>\n","protected":false},"featured_media":14257,"template":"","meta":{"_uag_custom_page_level_css":""},"product_brand":[700],"product_cat":[688,687,697],"product_tag":[],"class_list":{"0":"post-14256","1":"product","2":"type-product","3":"status-publish","4":"has-post-thumbnail","6":"product_brand-milly-mally","7":"product_cat-rowery","8":"product_cat-rowery-i-akcesoria","9":"product_cat-skladane","11":"first","12":"instock","13":"sale","14":"shipping-taxable","15":"purchasable","16":"product-type-simple"},"uagb_featured_image_src":{"full":["https:\/\/twojerowery.shop\/ro64\/wp-content\/uploads\/2026\/02\/allegro-image-14256.jpg",885,736,false],"thumbnail":["https:\/\/twojerowery.shop\/ro64\/wp-content\/uploads\/2026\/02\/allegro-image-14256-150x150.jpg",150,150,true],"medium":["https:\/\/twojerowery.shop\/ro64\/wp-content\/uploads\/2026\/02\/allegro-image-14256-300x249.jpg",300,249,true],"medium_large":["https:\/\/twojerowery.shop\/ro64\/wp-content\/uploads\/2026\/02\/allegro-image-14256-768x639.jpg",768,639,true],"large":["https:\/\/twojerowery.shop\/ro64\/wp-content\/uploads\/2026\/02\/allegro-image-14256.jpg",885,736,false],"1536x1536":["https:\/\/twojerowery.shop\/ro64\/wp-content\/uploads\/2026\/02\/allegro-image-14256.jpg",885,736,false],"2048x2048":["https:\/\/twojerowery.shop\/ro64\/wp-content\/uploads\/2026\/02\/allegro-image-14256.jpg",885,736,false],"woocommerce_thumbnail":["https:\/\/twojerowery.shop\/ro64\/wp-content\/uploads\/2026\/02\/allegro-image-14256-300x300.jpg",300,300,true],"woocommerce_single":["https:\/\/twojerowery.shop\/ro64\/wp-content\/uploads\/2026\/02\/allegro-image-14256-600x499.jpg",600,499,true],"woocommerce_gallery_thumbnail":["https:\/\/twojerowery.shop\/ro64\/wp-content\/uploads\/2026\/02\/allegro-image-14256-100x100.jpg",100,100,true]},"uagb_author_info":{"display_name":"admin","author_link":"https:\/\/twojerowery.shop\/ro64\/author\/"},"uagb_comment_info":0,"uagb_excerpt":"\u2764\ufe0fMilly Mally Rowerek 5w1 Optimus Max\u2764\ufe0f Optimus Max&nbsp;zosta\u0142 zaprojektowany, aby sta\u0107 si\u0119 jednym z najlepszych wybor\u00f3w na pierwszy pojazd twojego dziecka. Dzi\u0119ki&nbsp;stabilnej tr\u00f3jko\u0142owej konstrukcji&nbsp;zapewnia dziecku odpowiedni poziom bezpiecze\u0144stwa i u\u0142atwia zdobywanie nowych umiej\u0119tno\u015bci. Kiedy dziecko ma ju\u017c opanowane podstawy jazdy i nie wymaga pomocy rodzica poprzez sterowanie r\u0105czk\u0105 do prowadzenia, mo\u017cemy&nbsp;doda\u0107 peda\u0142y lub zmieni\u0107 go&hellip;","_links":{"self":[{"href":"https:\/\/twojerowery.shop\/ro64\/wp-json\/wp\/v2\/product\/14256","targetHints":{"allow":["GET"]}}],"collection":[{"href":"https:\/\/twojerowery.shop\/ro64\/wp-json\/wp\/v2\/product"}],"about":[{"href":"https:\/\/twojerowery.shop\/ro64\/wp-json\/wp\/v2\/types\/product"}],"wp:featuredmedia":[{"embeddable":true,"href":"https:\/\/twojerowery.shop\/ro64\/wp-json\/wp\/v2\/media\/14257"}],"wp:attachment":[{"href":"https:\/\/twojerowery.shop\/ro64\/wp-json\/wp\/v2\/media?parent=14256"}],"wp:term":[{"taxonomy":"product_brand","embeddable":true,"href":"https:\/\/twojerowery.shop\/ro64\/wp-json\/wp\/v2\/product_brand?post=14256"},{"taxonomy":"product_cat","embeddable":true,"href":"https:\/\/twojerowery.shop\/ro64\/wp-json\/wp\/v2\/product_cat?post=14256"},{"taxonomy":"product_tag","embeddable":true,"href":"https:\/\/twojerowery.shop\/ro64\/wp-json\/wp\/v2\/product_tag?post=14256"}],"curies":[{"name":"wp","href":"https:\/\/api.w.org\/{rel}","templated":true}]}}