{"id":14393,"date":"2026-02-26T04:35:54","date_gmt":"2026-02-26T03:35:54","guid":{"rendered":"https:\/\/rowermax.shop\/ro64\/produkt\/rower-miejski-indiana-moena-7-biegow-28-cali-damski-bialo-lazurowy\/"},"modified":"2026-02-26T04:35:54","modified_gmt":"2026-02-26T03:35:54","slug":"rower-miejski-indiana-moena-7-biegow-28-cali-damski-bialo-lazurowy","status":"publish","type":"product","link":"https:\/\/twojerowery.shop\/ro64\/produkt\/rower-miejski-indiana-moena-7-biegow-28-cali-damski-bialo-lazurowy\/","title":{"rendered":"Rower miejski INDIANA Moena 7 Bieg\u00f3w 28 cali damski Bia\u0142o-lazurowy"},"content":{"rendered":"<div style=\"font-family: Arial, sans-serif; line-height: 1.6; color: #333; padding: 20px; clear: both; display: block; width: 100%; float: none; position: static; overflow: hidden;\">\n<div style=\"clear: both; display: block; margin: 10px 0;\">\n<div style=\"clear: both; display: block; margin: 10px 0;\">\n<div style=\"clear: both; display: block; margin: 10px 0;\">\n<h2>Rower miejski INDIANA Moena S7B 28 cali damski Bia\u0142o-lazurowy 2023<\/h2>\n<\/div>\n<\/div>\n<\/div>\n<div style=\"clear: both; display: block; margin: 10px 0;\">\n<div style=\"clear: both; display: block; margin: 10px 0;\">\n<div style=\"clear: both; display: block; margin: 10px 0;\">\n<div  style=\"max-width:800px;max-height:600px\">\n<div style=\"clear: both; display: block; margin: 10px 0;\">\n<div style=\"clear: both; width: 100%; display: block; margin: 20px 0; padding: 0; float: none; position: static; text-align: center;\"><img decoding=\"async\"  src=\"https:\/\/a.allegroimg.com\/original\/112e9d\/ead78c934c0da3c208e77be8dc9f\/Rower-miejski-INDIANA-Moena-7-Biegow-28-cali-damski-Bialo-lazurowy\" srcset=\"https:\/\/a.allegroimg.com\/original\/112e9d\/ead78c934c0da3c208e77be8dc9f\/Rower-miejski-INDIANA-Moena-7-Biegow-28-cali-damski-Bialo-lazurowy 360w,https:\/\/a.allegroimg.com\/original\/112e9d\/ead78c934c0da3c208e77be8dc9f\/Rower-miejski-INDIANA-Moena-7-Biegow-28-cali-damski-Bialo-lazurowy 720w,https:\/\/a.allegroimg.com\/original\/112e9d\/ead78c934c0da3c208e77be8dc9f\/Rower-miejski-INDIANA-Moena-7-Biegow-28-cali-damski-Bialo-lazurowy 800w,https:\/\/a.allegroimg.com\/original\/112e9d\/ead78c934c0da3c208e77be8dc9f\/Rower-miejski-INDIANA-Moena-7-Biegow-28-cali-damski-Bialo-lazurowy 800w\" sizes=\"(min-width: 1200px) 560px, (min-width: 992px) 50vw, 100vw\" width=\"800px\" alt=\"Rower miejski INDIANA Moena 7 Bieg\u00f3w 28 cali damski Bia\u0142o-lazurowy\" style=\"max-width: 100%; height: auto; display: block; margin: 0 auto;\"><\/div>\n<\/div>\n<\/div>\n<\/div>\n<\/div>\n<div style=\"clear: both; display: block; margin: 10px 0;\">\n<div style=\"clear: both; display: block; margin: 10px 0;\">\n<ul style=\"margin: 15px 0; padding-left: 20px; clear: both; display: block; width: 100%; float: none; position: static;\">\n<li style=\"margin: 5px 0; padding: 2px 0; clear: both; display: list-item; float: none; position: static;\"><b>Rama:<\/b>&nbsp;Stalowa, 17&#8243;<\/li>\n<li style=\"margin: 5px 0; padding: 2px 0; clear: both; display: list-item; float: none; position: static;\"><b>Przeznaczony:<\/b>&nbsp;Dla kobiety<\/li>\n<li style=\"margin: 5px 0; padding: 2px 0; clear: both; display: list-item; float: none; position: static;\"><b>Waga [kg]:<\/b>&nbsp;16.5<\/li>\n<li style=\"margin: 5px 0; padding: 2px 0; clear: both; display: list-item; float: none; position: static;\"><b>Wzrost [cm]:<\/b>&nbsp;160 &#8211; 185<\/li>\n<li style=\"margin: 5px 0; padding: 2px 0; clear: both; display: list-item; float: none; position: static;\"><b>Liczba prze\u0142o\u017ce\u0144:<\/b>&nbsp;7<\/li>\n<li style=\"margin: 5px 0; padding: 2px 0; clear: both; display: list-item; float: none; position: static;\"><b>Przerzutka przednia marka:<\/b>&nbsp;Brak<\/li>\n<li style=\"margin: 5px 0; padding: 2px 0; clear: both; display: list-item; float: none; position: static;\"><b>Przerzutka tylna marka:<\/b>&nbsp;Shimano<\/li>\n<li style=\"margin: 5px 0; padding: 2px 0; clear: both; display: list-item; float: none; position: static;\"><b>Rozmiar ko\u0142a [cal]:<\/b>&nbsp;28<\/li>\n<\/ul>\n<ul style=\"margin: 15px 0; padding-left: 20px; clear: both; display: block; width: 100%; float: none; position: static;\">\n<li style=\"margin: 5px 0; padding: 2px 0; clear: both; display: list-item; float: none; position: static;\"><b>Indeks:&nbsp;<\/b>495078<\/li>\n<\/ul>\n<\/div>\n<\/div>\n<\/div>\n<div style=\"clear: both; display: block; margin: 10px 0;\">\n<div style=\"clear: both; display: block; margin: 10px 0;\">\n<div style=\"clear: both; display: block; margin: 10px 0;\">\n<h3 style=\"color: #2c5aa0; font-size: 18px; margin: 30px 0 15px 0; font-weight: bold; clear: both; display: block; width: 100%; float: none; position: static;\">Ka\u017cdy rower zakupiony w naszym sklepie jest fabrycznie zapakowany, czyli ma zdemontowan\u0105 kierownic\u0119, siod\u0142o, peda\u0142y. Elementy te nale\u017cy z\u0142o\u017cy\u0107 samodzielnie. W niekt\u00f3rych egzemplarzach mo\u017ce by\u0107 konieczne wykonanie niekt\u00f3rych podstawowych regulacji, kt\u00f3re opisuje instrukcja obs\u0142ugi.<\/h3>\n<\/div>\n<\/div>\n<\/div>\n<div style=\"clear: both; display: block; margin: 10px 0;\">\n<div style=\"clear: both; display: block; margin: 10px 0;\">\n<div style=\"clear: both; display: block; margin: 10px 0;\">\n<h2>Aktywny wypoczynek<\/h2>\n<p style=\"margin: 15px 0; line-height: 1.8; clear: both; display: block; width: 100%; float: none; position: static;\">Zapomnij o korkach i problemach z parkowaniem samochodu! Rower miejski <b>INDIANA Moena S7B<\/b> to idealne rozwi\u0105zanie dla tych, kt\u00f3rzy chc\u0105 porusza\u0107 si\u0119 <b>po mie\u015bcie<\/b> szybko, wygodnie i w stylu. Dzi\u0119ki temu rowerowi z \u0142atwo\u015bci\u0105 przemie\u015bcisz si\u0119 po ulicach miasta, dotrzesz do pracy czy szko\u0142y, zrobisz zakupy lub po prostu <b>sp\u0119dzisz czas na powietrzu<\/b>. Jego unikalny design sprawi, \u017ce zwr\u00f3cisz uwag\u0119 przechodni\u00f3w i pozwoli poczu\u0107 si\u0119 wyj\u0105tkowo w t\u0142umie.<\/p>\n<\/div>\n<\/div>\n<div style=\"clear: both; display: block; margin: 10px 0;\">\n<div style=\"clear: both; display: block; margin: 10px 0;\">\n<div  style=\"max-width:1200px;max-height:779px\">\n<div style=\"clear: both; display: block; margin: 10px 0;\">\n<div style=\"clear: both; width: 100%; display: block; margin: 20px 0; padding: 0; float: none; position: static; text-align: center;\"><img decoding=\"async\"  src=\"https:\/\/a.allegroimg.com\/original\/1108a2\/0a84db7b4d5b8b1ba6ad4bc90493\/Rower-miejski-INDIANA-Moena-7-Biegow-28-cali-damski-Bialo-lazurowy-Hamulce-V-brake\" srcset=\"https:\/\/a.allegroimg.com\/original\/1108a2\/0a84db7b4d5b8b1ba6ad4bc90493\/Rower-miejski-INDIANA-Moena-7-Biegow-28-cali-damski-Bialo-lazurowy-Hamulce-V-brake 360w,https:\/\/a.allegroimg.com\/original\/1108a2\/0a84db7b4d5b8b1ba6ad4bc90493\/Rower-miejski-INDIANA-Moena-7-Biegow-28-cali-damski-Bialo-lazurowy-Hamulce-V-brake 720w,https:\/\/a.allegroimg.com\/original\/1108a2\/0a84db7b4d5b8b1ba6ad4bc90493\/Rower-miejski-INDIANA-Moena-7-Biegow-28-cali-damski-Bialo-lazurowy-Hamulce-V-brake 1024w,https:\/\/a.allegroimg.com\/original\/1108a2\/0a84db7b4d5b8b1ba6ad4bc90493\/Rower-miejski-INDIANA-Moena-7-Biegow-28-cali-damski-Bialo-lazurowy-Hamulce-V-brake 1200w,https:\/\/a.allegroimg.com\/original\/1108a2\/0a84db7b4d5b8b1ba6ad4bc90493\/Rower-miejski-INDIANA-Moena-7-Biegow-28-cali-damski-Bialo-lazurowy-Hamulce-V-brake 1200w\" sizes=\"(min-width: 1200px) 560px, (min-width: 992px) 50vw, 100vw\" width=\"1200px\" alt=\"Rower miejski INDIANA Moena 7 Bieg\u00f3w 28 cali damski Bia\u0142o-lazurowy Hamulce V-brake\" style=\"max-width: 100%; height: auto; display: block; margin: 0 auto;\"><\/div>\n<\/div>\n<\/div>\n<\/div>\n<\/div>\n<\/div>\n<div style=\"clear: both; display: block; margin: 10px 0;\">\n<div style=\"clear: both; display: block; margin: 10px 0;\">\n<div style=\"clear: both; display: block; margin: 10px 0;\">\n<div  style=\"max-width:1200px;max-height:800px\">\n<div style=\"clear: both; display: block; margin: 10px 0;\">\n<div style=\"clear: both; width: 100%; display: block; margin: 20px 0; padding: 0; float: none; position: static; text-align: center;\"><img decoding=\"async\"  src=\"https:\/\/a.allegroimg.com\/original\/11e442\/b24d3c09462396114714986ff201\/Rower-miejski-INDIANA-Moena-7-Biegow-28-cali-damski-Bialo-lazurowy-Rozmiar-kola-26\" srcset=\"https:\/\/a.allegroimg.com\/original\/11e442\/b24d3c09462396114714986ff201\/Rower-miejski-INDIANA-Moena-7-Biegow-28-cali-damski-Bialo-lazurowy-Rozmiar-kola-26 360w,https:\/\/a.allegroimg.com\/original\/11e442\/b24d3c09462396114714986ff201\/Rower-miejski-INDIANA-Moena-7-Biegow-28-cali-damski-Bialo-lazurowy-Rozmiar-kola-26 720w,https:\/\/a.allegroimg.com\/original\/11e442\/b24d3c09462396114714986ff201\/Rower-miejski-INDIANA-Moena-7-Biegow-28-cali-damski-Bialo-lazurowy-Rozmiar-kola-26 1024w,https:\/\/a.allegroimg.com\/original\/11e442\/b24d3c09462396114714986ff201\/Rower-miejski-INDIANA-Moena-7-Biegow-28-cali-damski-Bialo-lazurowy-Rozmiar-kola-26 1200w,https:\/\/a.allegroimg.com\/original\/11e442\/b24d3c09462396114714986ff201\/Rower-miejski-INDIANA-Moena-7-Biegow-28-cali-damski-Bialo-lazurowy-Rozmiar-kola-26 1200w\" sizes=\"(min-width: 1200px) 560px, (min-width: 992px) 50vw, 100vw\" width=\"1200px\" alt=\"Rower miejski INDIANA Moena 7 Bieg\u00f3w 28 cali damski Bia\u0142o-lazurowy Rozmiar ko\u0142a (&quot;) 26\" style=\"max-width: 100%; height: auto; display: block; margin: 0 auto;\"><\/div>\n<\/div>\n<\/div>\n<\/div>\n<\/div>\n<div style=\"clear: both; display: block; margin: 10px 0;\">\n<div style=\"clear: both; display: block; margin: 10px 0;\">\n<h2>Wytrzyma\u0142a rama<\/h2>\n<p style=\"margin: 15px 0; line-height: 1.8; clear: both; display: block; width: 100%; float: none; position: static;\">Rama typu holenderskiego <b>INDIANA Moena S7B<\/b> wykonana jest <b>ze stali<\/b> o rozmiarze <b>17&#8243;<\/b>. Dzi\u0119ki temu jest ona <b>bardzo trwa\u0142a i wytrzyma\u0142a<\/b> na trudy miejskiego u\u017cytkowania. Dodatkowo, jej konstrukcja zapewnia stabilno\u015b\u0107 i komfort podczas jazdy.<\/p>\n<p style=\"margin: 15px 0; line-height: 1.8; clear: both; display: block; width: 100%; float: none; position: static;\"><b>Pami\u0119taj, \u017ceby dopasowa\u0107 rozmiar ramy do swojego wzrostu oraz d\u0142ugo\u015bci wewn\u0119trznej nogi<\/b>. Nie zawsze dopasowanie ramy tylko do wzrostu b\u0119dzie wystarczaj\u0105ce ze wzgl\u0119du na to, \u017ce mamy r\u00f3\u017cn\u0105 d\u0142ugo\u015b\u0107 n\u00f3g. Je\u015bli chcemy czu\u0107 si\u0119 na swoim rowerze <b>komfortowo<\/b>, przede wszystkim musimy zacz\u0105\u0107 od dopasowania d\u0142ugo\u015bci ramy. Dzi\u0119ki temu rower b\u0119dzie si\u0119 du\u017co \u0142atwiej prowadzi\u0107!<\/p>\n<\/div>\n<\/div>\n<\/div>\n<div style=\"clear: both; display: block; margin: 10px 0;\">\n<div style=\"clear: both; display: block; margin: 10px 0;\">\n<div style=\"clear: both; display: block; margin: 10px 0;\">\n<h2>\n","protected":false},"excerpt":{"rendered":"<p>Rower miejski INDIANA Moena S7B 28 cali damski Bia\u0142o-lazurowy 2023<\/p>\n<p>Rama:&nbsp;Stalowa, 17&quot;<\/p>\n<p>Przeznaczony:&nbsp;Dla kobiety<\/p>\n<p>Waga [kg]:&nbsp;16.5<\/p>\n<p>Wzrost [cm]:&nbsp;160 &#8211; 185<\/p>\n<p>Liczba prze\u0142o\u017ce\u0144:&nbsp;7<\/p>\n<p>Przerzutka przednia marka:&nbsp;Brak<\/p>\n<p>Przerzutka tylna marka:&nbsp;Shimano<\/p>\n","protected":false},"featured_media":14394,"template":"","meta":{"_uag_custom_page_level_css":""},"product_brand":[696],"product_cat":[714,688,687],"product_tag":[],"class_list":{"0":"post-14393","1":"product","2":"type-product","3":"status-publish","4":"has-post-thumbnail","6":"product_brand-indiana","7":"product_cat-miejskie","8":"product_cat-rowery","9":"product_cat-rowery-i-akcesoria","11":"first","12":"instock","13":"sale","14":"shipping-taxable","15":"purchasable","16":"product-type-simple"},"uagb_featured_image_src":{"full":["https:\/\/twojerowery.shop\/ro64\/wp-content\/uploads\/2026\/02\/allegro-image-14393.jpg",800,600,false],"thumbnail":["https:\/\/twojerowery.shop\/ro64\/wp-content\/uploads\/2026\/02\/allegro-image-14393-150x150.jpg",150,150,true],"medium":["https:\/\/twojerowery.shop\/ro64\/wp-content\/uploads\/2026\/02\/allegro-image-14393-300x225.jpg",300,225,true],"medium_large":["https:\/\/twojerowery.shop\/ro64\/wp-content\/uploads\/2026\/02\/allegro-image-14393-768x576.jpg",768,576,true],"large":["https:\/\/twojerowery.shop\/ro64\/wp-content\/uploads\/2026\/02\/allegro-image-14393.jpg",800,600,false],"1536x1536":["https:\/\/twojerowery.shop\/ro64\/wp-content\/uploads\/2026\/02\/allegro-image-14393.jpg",800,600,false],"2048x2048":["https:\/\/twojerowery.shop\/ro64\/wp-content\/uploads\/2026\/02\/allegro-image-14393.jpg",800,600,false],"woocommerce_thumbnail":["https:\/\/twojerowery.shop\/ro64\/wp-content\/uploads\/2026\/02\/allegro-image-14393-300x300.jpg",300,300,true],"woocommerce_single":["https:\/\/twojerowery.shop\/ro64\/wp-content\/uploads\/2026\/02\/allegro-image-14393-600x450.jpg",600,450,true],"woocommerce_gallery_thumbnail":["https:\/\/twojerowery.shop\/ro64\/wp-content\/uploads\/2026\/02\/allegro-image-14393-100x100.jpg",100,100,true]},"uagb_author_info":{"display_name":"admin","author_link":"https:\/\/twojerowery.shop\/ro64\/author\/"},"uagb_comment_info":0,"uagb_excerpt":"Rower miejski INDIANA Moena S7B 28 cali damski Bia\u0142o-lazurowy 2023 Rama:&nbsp;Stalowa, 17&quot; Przeznaczony:&nbsp;Dla kobiety Waga [kg]:&nbsp;16.5 Wzrost [cm]:&nbsp;160 - 185 Liczba prze\u0142o\u017ce\u0144:&nbsp;7 Przerzutka przednia marka:&nbsp;Brak Przerzutka tylna marka:&nbsp;Shimano","_links":{"self":[{"href":"https:\/\/twojerowery.shop\/ro64\/wp-json\/wp\/v2\/product\/14393","targetHints":{"allow":["GET"]}}],"collection":[{"href":"https:\/\/twojerowery.shop\/ro64\/wp-json\/wp\/v2\/product"}],"about":[{"href":"https:\/\/twojerowery.shop\/ro64\/wp-json\/wp\/v2\/types\/product"}],"wp:featuredmedia":[{"embeddable":true,"href":"https:\/\/twojerowery.shop\/ro64\/wp-json\/wp\/v2\/media\/14394"}],"wp:attachment":[{"href":"https:\/\/twojerowery.shop\/ro64\/wp-json\/wp\/v2\/media?parent=14393"}],"wp:term":[{"taxonomy":"product_brand","embeddable":true,"href":"https:\/\/twojerowery.shop\/ro64\/wp-json\/wp\/v2\/product_brand?post=14393"},{"taxonomy":"product_cat","embeddable":true,"href":"https:\/\/twojerowery.shop\/ro64\/wp-json\/wp\/v2\/product_cat?post=14393"},{"taxonomy":"product_tag","embeddable":true,"href":"https:\/\/twojerowery.shop\/ro64\/wp-json\/wp\/v2\/product_tag?post=14393"}],"curies":[{"name":"wp","href":"https:\/\/api.w.org\/{rel}","templated":true}]}}