{"id":14522,"date":"2026-02-26T04:37:34","date_gmt":"2026-02-26T03:37:34","guid":{"rendered":"https:\/\/rowermax.shop\/ro64\/produkt\/rower-mtb-26-rama-aluminium-21-biegow-shimano-tarcze-zimowe-promo\/"},"modified":"2026-02-26T04:37:37","modified_gmt":"2026-02-26T03:37:37","slug":"rower-mtb-26-rama-aluminium-21-biegow-shimano-tarcze-zimowe-promo","status":"publish","type":"product","link":"https:\/\/twojerowery.shop\/ro64\/produkt\/rower-mtb-26-rama-aluminium-21-biegow-shimano-tarcze-zimowe-promo\/","title":{"rendered":"ROWER MTB 26&quot; RAMA ALUMINIUM 21 BIEG\u00d3W SHIMANO TARCZE &#8211; ZIMOWE PROMO"},"content":{"rendered":"<div style=\"font-family: Arial, sans-serif; line-height: 1.6; color: #333; padding: 20px; clear: both; display: block; width: 100%; float: none; position: static; overflow: hidden;\">\n<div style=\"clear: both; display: block; margin: 10px 0;\">\n<div style=\"clear: both; display: block; margin: 10px 0;\">\n<div style=\"clear: both; display: block; margin: 10px 0;\">\n<h1>Rower MTB 26&#8243; z aluminiow\u0105 ram\u0105&nbsp; &nbsp;&#8211;&nbsp; 21 Bieg\u00f3w, osprz\u0119t SHIMANO<\/h1>\n<\/div>\n<\/div>\n<\/div>\n<div style=\"clear: both; display: block; margin: 10px 0;\">\n<div style=\"clear: both; display: block; margin: 10px 0;\">\n<div style=\"clear: both; display: block; margin: 10px 0;\">\n<div  style=\"max-width:2560px;max-height:2560px\">\n<div style=\"clear: both; display: block; margin: 10px 0;\">\n<div style=\"clear: both; width: 100%; display: block; margin: 20px 0; padding: 0; float: none; position: static; text-align: center;\"><img decoding=\"async\"  src=\"https:\/\/a.allegroimg.com\/original\/11760a\/b0eb56a1443c99316a7fa9dcd816\/ROWER-MTB-26-RAMA-ALUMINIUM-21-BIEGOW-SHIMANO-TARCZE-ZIMOWE-PROMO\" srcset=\"https:\/\/a.allegroimg.com\/original\/11760a\/b0eb56a1443c99316a7fa9dcd816\/ROWER-MTB-26-RAMA-ALUMINIUM-21-BIEGOW-SHIMANO-TARCZE-ZIMOWE-PROMO 360w,https:\/\/a.allegroimg.com\/original\/11760a\/b0eb56a1443c99316a7fa9dcd816\/ROWER-MTB-26-RAMA-ALUMINIUM-21-BIEGOW-SHIMANO-TARCZE-ZIMOWE-PROMO 720w,https:\/\/a.allegroimg.com\/original\/11760a\/b0eb56a1443c99316a7fa9dcd816\/ROWER-MTB-26-RAMA-ALUMINIUM-21-BIEGOW-SHIMANO-TARCZE-ZIMOWE-PROMO 1024w,https:\/\/a.allegroimg.com\/original\/11760a\/b0eb56a1443c99316a7fa9dcd816\/ROWER-MTB-26-RAMA-ALUMINIUM-21-BIEGOW-SHIMANO-TARCZE-ZIMOWE-PROMO 1440w,https:\/\/a.allegroimg.com\/original\/11760a\/b0eb56a1443c99316a7fa9dcd816\/ROWER-MTB-26-RAMA-ALUMINIUM-21-BIEGOW-SHIMANO-TARCZE-ZIMOWE-PROMO 2560w\" sizes=\"100vw\" width=\"2560px\" alt=\"ROWER MTB 26&amp;quot; RAMA ALUMINIUM 21 BIEG\u00d3W SHIMANO TARCZE - ZIMOWE PROMO\" style=\"max-width: 100%; height: auto; display: block; margin: 0 auto;\"><\/div>\n<\/div>\n<\/div>\n<\/div>\n<\/div>\n<\/div>\n<div style=\"clear: both; display: block; margin: 10px 0;\">\n<div style=\"clear: both; display: block; margin: 10px 0;\">\n<div style=\"clear: both; display: block; margin: 10px 0;\">\n<ul style=\"margin: 15px 0; padding-left: 20px; clear: both; display: block; width: 100%; float: none; position: static;\">\n<li style=\"margin: 5px 0; padding: 2px 0; clear: both; display: list-item; float: none; position: static;\">NOWY WZ\u00d3R RAMY ALUMINIOWEJ &#8211; Lekka i sztywna konstruckja<\/li>\n<li style=\"margin: 5px 0; padding: 2px 0; clear: both; display: list-item; float: none; position: static;\">Wzmacniane dwukomorowe ko\u0142a 26 Cali<\/li>\n<li style=\"margin: 5px 0; padding: 2px 0; clear: both; display: list-item; float: none; position: static;\">Amortyzowany przedni widelec o skoku 70 mm<\/li>\n<li style=\"margin: 5px 0; padding: 2px 0; clear: both; display: list-item; float: none; position: static;\">Wolnobieg 7 rz\u0119dowy<\/li>\n<li style=\"margin: 5px 0; padding: 2px 0; clear: both; display: list-item; float: none; position: static;\">Korba 3 rz\u0119dowa \u2013 Tracze: 22\/33\/44<\/li>\n<li style=\"margin: 5px 0; padding: 2px 0; clear: both; display: list-item; float: none; position: static;\">Przerzutka prz\u00f3d \u2013 SIS<\/li>\n<li style=\"margin: 5px 0; padding: 2px 0; clear: both; display: list-item; float: none; position: static;\">Przerzutka Ty\u0142 &#8211; SHIMANO Tourney TZ<\/li>\n<li style=\"margin: 5px 0; padding: 2px 0; clear: both; display: list-item; float: none; position: static;\">Stery typu Ahead 1 1\/8 cala<\/li>\n<li style=\"margin: 5px 0; padding: 2px 0; clear: both; display: list-item; float: none; position: static;\">Aluminiowy mostek: 100 mm<\/li>\n<li style=\"margin: 5px 0; padding: 2px 0; clear: both; display: list-item; float: none; position: static;\">Aluminiowa kierownica oversize 31,8 mm. Szeroko\u015b\u0107 kierownicy: 700 mm<\/li>\n<li style=\"margin: 5px 0; padding: 2px 0; clear: both; display: list-item; float: none; position: static;\">NOWE profilowane siode\u0142ko z centralnym wg\u0142\u0119bieniem gwarantuje wysoki komfort jazdy nawet w d\u0142ugich trasach. Poprawiony komfort jazdy dzi\u0119ki antypo\u015blizgowemu pokryciu.<\/li>\n<li style=\"margin: 5px 0; padding: 2px 0; clear: both; display: list-item; float: none; position: static;\">Hamulec prz\u00f3d &#8211; Tarczowy mechaniczny, \u015brednica tarczy 160 mm<\/li>\n<li style=\"margin: 5px 0; padding: 2px 0; clear: both; display: list-item; float: none; position: static;\">Hamulec ty\u0142 \u2013 V Brake<\/li>\n<li style=\"margin: 5px 0; padding: 2px 0; clear: both; display: list-item; float: none; position: static;\">Szerokie peda\u0142y platformowe<\/li>\n<li style=\"margin: 5px 0; padding: 2px 0; clear: both; display: list-item; float: none; position: static;\">21 bieg\u00f3w<\/li>\n<li style=\"margin: 5px 0; padding: 2px 0; clear: both; display: list-item; float: none; position: static;\">Zinegrowane klamkomanetki SHIMNAO z wy\u015bwitlaczem bieg\u00f3w&nbsp; zapewniaj\u0105 precyzyjn\u0105 zmian\u0119 prze\u0142o\u017ce\u0144<\/li>\n<li style=\"margin: 5px 0; padding: 2px 0; clear: both; display: list-item; float: none; position: static;\">Przygotowany pod monta\u017c b\u0142otnik\u00f3w<\/li>\n<li style=\"margin: 5px 0; padding: 2px 0; clear: both; display: list-item; float: none; position: static;\">Fabryczna stopka<\/li>\n<\/ul>\n<h2>Wyposa\u017cenie dodatkowe:<\/h2>\n<ul style=\"margin: 15px 0; padding-left: 20px; clear: both; display: block; width: 100%; float: none; position: static;\">\n<li style=\"margin: 5px 0; padding: 2px 0; clear: both; display: list-item; float: none; position: static;\">Dzwonek<\/li>\n<li style=\"margin: 5px 0; padding: 2px 0; clear: both; display: list-item; float: none; position: static;\">O\u015bwietlenie odblaskowe<\/li>\n<li style=\"margin: 5px 0; padding: 2px 0; clear: both; display: list-item; float: none; position: static;\">Stopka<\/li>\n<\/ul>\n<\/div>\n<\/div>\n<\/div>\n<div style=\"clear: both; display: block; margin: 10px 0;\">\n<div style=\"clear: both; display: block; margin: 10px 0;\">\n<div style=\"clear: both; display: block; margin: 10px 0;\">\n<div  style=\"max-width:2560px;max-height:1958px\">\n<div style=\"clear: both; display: block; margin: 10px 0;\">\n<div style=\"clear: both; width: 100%; display: block; margin: 20px 0; padding: 0; float: none; position: static; text-align: center;\"><img decoding=\"async\"  src=\"https:\/\/a.allegroimg.com\/original\/11823d\/6601c4754e5ba1324afd78d08f60\/ROWER-MTB-26-RAMA-ALUMINIUM-21-BIEGOW-SHIMANO-TARCZE-ZIMOWE-PROMO-Stopien-zlozenia-wstepnie-zlozony-wyregulowany\" srcset=\"https:\/\/a.allegroimg.com\/original\/11823d\/6601c4754e5ba1324afd78d08f60\/ROWER-MTB-26-RAMA-ALUMINIUM-21-BIEGOW-SHIMANO-TARCZE-ZIMOWE-PROMO-Stopien-zlozenia-wstepnie-zlozony-wyregulowany 360w,https:\/\/a.allegroimg.com\/original\/11823d\/6601c4754e5ba1324afd78d08f60\/ROWER-MTB-26-RAMA-ALUMINIUM-21-BIEGOW-SHIMANO-TARCZE-ZIMOWE-PROMO-Stopien-zlozenia-wstepnie-zlozony-wyregulowany 720w,https:\/\/a.allegroimg.com\/original\/11823d\/6601c4754e5ba1324afd78d08f60\/ROWER-MTB-26-RAMA-ALUMINIUM-21-BIEGOW-SHIMANO-TARCZE-ZIMOWE-PROMO-Stopien-zlozenia-wstepnie-zlozony-wyregulowany 1024w,https:\/\/a.allegroimg.com\/original\/11823d\/6601c4754e5ba1324afd78d08f60\/ROWER-MTB-26-RAMA-ALUMINIUM-21-BIEGOW-SHIMANO-TARCZE-ZIMOWE-PROMO-Stopien-zlozenia-wstepnie-zlozony-wyregulowany 1440w,https:\/\/a.allegroimg.com\/original\/11823d\/6601c4754e5ba1324afd78d08f60\/ROWER-MTB-26-RAMA-ALUMINIUM-21-BIEGOW-SHIMANO-TARCZE-ZIMOWE-PROMO-Stopien-zlozenia-wstepnie-zlozony-wyregulowany 2560w\" sizes=\"100vw\" width=\"2560px\" alt=\"ROWER MTB 26&amp;quot; RAMA ALUMINIUM 21 BIEG\u00d3W SHIMANO TARCZE - ZIMOWE PROMO Stopie\u0144 z\u0142o\u017cenia wst\u0119pnie z\u0142o\u017cony, wyregulowany\" style=\"max-width: 100%; height: auto; display: block; margin: 0 auto;\"><\/div>\n<\/div>\n<\/div>\n<\/div>\n<\/div>\n<\/div>\n<div style=\"clear: both; display: block; margin: 10px 0;\">\n<div style=\"clear: both; display: block; margin: 10px 0;\">\n<div style=\"clear: both; display: block; margin: 10px 0;\">\n<div  style=\"max-width:2560px;max-height:2560px\">\n<div style=\"clear: both; display: block; margin: 10px 0;\">\n<div style=\"clear: both; width: 100%; display: block; margin: 20px 0; padding: 0; float: none; position: static; text-align: center;\"><img decoding=\"async\"  src=\"https:\/\/a.allegroimg.com\/original\/11760a\/b0eb56a1443c99316a7fa9dcd816\/ROWER-MTB-26-RAMA-ALUMINIUM-21-BIEGOW-SHIMANO-TARCZE-ZIMOWE-PROMO\" srcset=\"https:\/\/a.allegroimg.com\/original\/11760a\/b0eb56a1443c99316a7fa9dcd816\/ROWER-MTB-26-RAMA-ALUMINIUM-21-BIEGOW-SHIMANO-TARCZE-ZIMOWE-PROMO 360w,https:\/\/a.allegroimg.com\/original\/11760a\/b0eb56a1443c99316a7fa9dcd816\/ROWER-MTB-26-RAMA-ALUMINIUM-21-BIEGOW-SHIMANO-TARCZE-ZIMOWE-PROMO 720w,https:\/\/a.allegroimg.com\/original\/11760a\/b0eb56a1443c99316a7fa9dcd816\/ROWER-MTB-26-RAMA-ALUMINIUM-21-BIEGOW-SHIMANO-TARCZE-ZIMOWE-PROMO 1024w,https:\/\/a.allegroimg.com\/original\/11760a\/b0eb56a1443c99316a7fa9dcd816\/ROWER-MTB-26-RAMA-ALUMINIUM-21-BIEGOW-SHIMANO-TARCZE-ZIMOWE-PROMO 1440w,https:\/\/a.allegroimg.com\/original\/11760a\/b0eb56a1443c99316a7fa9dcd816\/ROWER-MTB-26-RAMA-ALUMINIUM-21-BIEGOW-SHIMANO-TARCZE-ZIMOWE-PROMO 2560w\" sizes=\"100vw\" width=\"2560px\" alt=\"ROWER MTB 26&amp;quot; RAMA ALUMINIUM 21 BIEG\u00d3W SHIMANO TARCZE - ZIMOWE PROMO\" style=\"max-width: 100%; height: auto; display: block; margin: 0 auto;\"><\/div>\n<\/div>\n<\/div>\n<\/div>\n<\/div>\n<\/div>\n<div style=\"clear: both; display: block; margin: 10px 0;\">\n<div style=\"clear: both; display: block; margin: 10px 0;\">\n<div style=\"clear: both; display: block; margin: 10px 0;\">\n<p style=\"margin: 15px 0; line-height: 1.8; clear: both; display: block; width: 100%; float: none; position: static;\">Elementy te nale\u017cy z\u0142o\u017cy\u0107 samodzielnie. Opony nale\u017cy napompowa\u0107 we w\u0142asnym zakresie do rekomendowanego ci\u015bnienia.<\/p>\n<h3 style=\"color: #2c5aa0; font-size: 18px; margin: 30px 0 15px 0; font-weight: bold; clear: both; display: block; width: 100%; float: none; position: static;\">W niekt\u00f3rych egzemplarzach mo\u017ce by\u0107 koniecznie wykonanie&nbsp; podstawowych regulacji, kt\u00f3re opisuje instrukcja obs\u0142ugi np.regulacja hamulc\u00f3w, wysoko\u015bci siode\u0142ka, przerzutek, wysoko\u015bci kierownicy, regulacja ci\u015bnienia w ko\u0142ach.<\/h3>\n<\/div>\n<\/div>\n<div style=\"clear: both; display: block; margin: 10px 0;\">\n<div style=\"clear: both; display: block; margin: 10px 0;\">\n<div  style=\"max-width:2560px;max-height:2560px\">\n<div style=\"clear: both; display: block; margin: 10px 0;\">\n<div style=\"clear: both; width: 100%; display: block; margin: 20px 0; padding: 0; float: none; position: static; text-align: center;\"><img decoding=\"async\"  src=\"https:\/\/a.allegroimg.com\/original\/11760a\/b0eb56a1443c99316a7fa9dcd816\/ROWER-MTB-26-RAMA-ALUMINIUM-21-BIEGOW-SHIMANO-TARCZE-ZIMOWE-PROMO\" srcset=\"https:\/\/a.allegroimg.com\/original\/11760a\/b0eb56a1443c99316a7fa9dcd816\/ROWER-MTB-26-RAMA-ALUMINIUM-21-BIEGOW-SHIMANO-TARCZE-ZIMOWE-PROMO 360w,https:\/\/a.allegroimg.com\/original\/11760a\/b0eb56a1443c99316a7fa9dcd816\/ROWER-MTB-26-RAMA-ALUMINIUM-21-BIEGOW-SHIMANO-TARCZE-ZIMOWE-PROMO 720w,https:\/\/a.allegroimg.com\/original\/11760a\/b0eb56a1443c99316a7fa9dcd816\/ROWER-MTB-26-RAMA-ALUMINIUM-21-BIEGOW-SHIMANO-TARCZE-ZIMOWE-PROMO 1024w,https:\/\/a.allegroimg.com\/original\/11760a\/b0eb56a1443c99316a7fa9dcd816\/ROWER-MTB-26-RAMA-ALUMINIUM-21-BIEGOW-SHIMANO-TARCZE-ZIMOWE-PROMO 1440w,https:\/\/a.allegroimg.com\/original\/11760a\/b0eb56a1443c99316a7fa9dcd816\/ROWER-MTB-26-RAMA-ALUMINIUM-21-BIEGOW-SHIMANO-TARCZE-ZIMOWE-PROMO 2560w\" sizes=\"(min-width: 1200px) 560px, (min-width: 992px) 50vw, 100vw\" width=\"2560px\" alt=\"ROWER MTB 26&amp;quot; RAMA ALUMINIUM 21 BIEG\u00d3W SHIMANO TARCZE - ZIMOWE PROMO\" style=\"max-width: 100%; height: auto; display: block; margin: 0 auto;\"><\/div>\n<\/div>\n<\/div>\n<\/div>\n<\/div>\n<\/div>\n<\/div>\n<\/div>\n<\/div>\n<div style=\"clear: both; display: block; margin: 10px 0;\">\n","protected":false},"excerpt":{"rendered":"<p>Rower MTB 26&quot; z aluminiow\u0105 ram\u0105&nbsp; &nbsp;&#8211;&nbsp; 21 Bieg\u00f3w, osprz\u0119t SHIMANO<\/p>\n<p>NOWY WZ\u00d3R RAMY ALUMINIOWEJ &#8211; Lekka i sztywna konstruckja<\/p>\n<p>Wzmacniane dwukomorowe ko\u0142a 26 Cali<\/p>\n<p>Amortyzowany przedni widelec o skoku 70 mm<\/p>\n<p>Wolnobieg 7 rz\u0119dowy<\/p>\n<p>Korba 3 rz\u0119dowa \u2013 Tracze: 22\/33\/44<\/p>\n<p>Przerzutka prz\u00f3d \u2013 SIS<\/p>\n<p>Przerzutka Ty\u0142 &#8211; SHIMANO Tourney TZ<\/p>\n","protected":false},"featured_media":14523,"template":"","meta":{"_uag_custom_page_level_css":""},"product_brand":[736],"product_cat":[728,688,687,732],"product_tag":[],"class_list":{"0":"post-14522","1":"product","2":"type-product","3":"status-publish","4":"has-post-thumbnail","6":"product_brand-heckler","7":"product_cat-mtb-gorskie","8":"product_cat-rowery","9":"product_cat-rowery-i-akcesoria","10":"product_cat-rowery-mtb-gorskie-26-cali","12":"first","13":"instock","14":"sale","15":"shipping-taxable","16":"purchasable","17":"product-type-simple"},"uagb_featured_image_src":{"full":["https:\/\/twojerowery.shop\/ro64\/wp-content\/uploads\/2026\/02\/allegro-image-14522.jpg",2560,2560,false],"thumbnail":["https:\/\/twojerowery.shop\/ro64\/wp-content\/uploads\/2026\/02\/allegro-image-14522-150x150.jpg",150,150,true],"medium":["https:\/\/twojerowery.shop\/ro64\/wp-content\/uploads\/2026\/02\/allegro-image-14522-300x300.jpg",300,300,true],"medium_large":["https:\/\/twojerowery.shop\/ro64\/wp-content\/uploads\/2026\/02\/allegro-image-14522-768x768.jpg",768,768,true],"large":["https:\/\/twojerowery.shop\/ro64\/wp-content\/uploads\/2026\/02\/allegro-image-14522-1024x1024.jpg",1024,1024,true],"1536x1536":["https:\/\/twojerowery.shop\/ro64\/wp-content\/uploads\/2026\/02\/allegro-image-14522-1536x1536.jpg",1536,1536,true],"2048x2048":["https:\/\/twojerowery.shop\/ro64\/wp-content\/uploads\/2026\/02\/allegro-image-14522-2048x2048.jpg",2048,2048,true],"woocommerce_thumbnail":["https:\/\/twojerowery.shop\/ro64\/wp-content\/uploads\/2026\/02\/allegro-image-14522-300x300.jpg",300,300,true],"woocommerce_single":["https:\/\/twojerowery.shop\/ro64\/wp-content\/uploads\/2026\/02\/allegro-image-14522-600x600.jpg",600,600,true],"woocommerce_gallery_thumbnail":["https:\/\/twojerowery.shop\/ro64\/wp-content\/uploads\/2026\/02\/allegro-image-14522-100x100.jpg",100,100,true]},"uagb_author_info":{"display_name":"admin","author_link":"https:\/\/twojerowery.shop\/ro64\/author\/"},"uagb_comment_info":0,"uagb_excerpt":"Rower MTB 26&quot; z aluminiow\u0105 ram\u0105&nbsp; &nbsp;-&nbsp; 21 Bieg\u00f3w, osprz\u0119t SHIMANO NOWY WZ\u00d3R RAMY ALUMINIOWEJ - Lekka i sztywna konstruckja Wzmacniane dwukomorowe ko\u0142a 26 Cali Amortyzowany przedni widelec o skoku 70 mm Wolnobieg 7 rz\u0119dowy Korba 3 rz\u0119dowa \u2013 Tracze: 22\/33\/44 Przerzutka prz\u00f3d \u2013 SIS Przerzutka Ty\u0142 - SHIMANO Tourney TZ","_links":{"self":[{"href":"https:\/\/twojerowery.shop\/ro64\/wp-json\/wp\/v2\/product\/14522","targetHints":{"allow":["GET"]}}],"collection":[{"href":"https:\/\/twojerowery.shop\/ro64\/wp-json\/wp\/v2\/product"}],"about":[{"href":"https:\/\/twojerowery.shop\/ro64\/wp-json\/wp\/v2\/types\/product"}],"wp:featuredmedia":[{"embeddable":true,"href":"https:\/\/twojerowery.shop\/ro64\/wp-json\/wp\/v2\/media\/14523"}],"wp:attachment":[{"href":"https:\/\/twojerowery.shop\/ro64\/wp-json\/wp\/v2\/media?parent=14522"}],"wp:term":[{"taxonomy":"product_brand","embeddable":true,"href":"https:\/\/twojerowery.shop\/ro64\/wp-json\/wp\/v2\/product_brand?post=14522"},{"taxonomy":"product_cat","embeddable":true,"href":"https:\/\/twojerowery.shop\/ro64\/wp-json\/wp\/v2\/product_cat?post=14522"},{"taxonomy":"product_tag","embeddable":true,"href":"https:\/\/twojerowery.shop\/ro64\/wp-json\/wp\/v2\/product_tag?post=14522"}],"curies":[{"name":"wp","href":"https:\/\/api.w.org\/{rel}","templated":true}]}}