{"id":14544,"date":"2026-02-26T04:37:52","date_gmt":"2026-02-26T03:37:52","guid":{"rendered":"https:\/\/rowermax.shop\/ro64\/produkt\/rower-mtb-kross-hexagon-2-0-rama-18-cali-kolo-29-zielony\/"},"modified":"2026-02-26T04:37:52","modified_gmt":"2026-02-26T03:37:52","slug":"rower-mtb-kross-hexagon-2-0-rama-18-cali-kolo-29-zielony","status":"publish","type":"product","link":"https:\/\/twojerowery.shop\/ro64\/produkt\/rower-mtb-kross-hexagon-2-0-rama-18-cali-kolo-29-zielony\/","title":{"rendered":"Rower MTB Kross Hexagon 2.0 rama 18 cali ko\u0142o 29 &quot; zielony"},"content":{"rendered":"<div style=\"font-family: Arial, sans-serif; line-height: 1.6; color: #333; padding: 20px; clear: both; display: block; width: 100%; float: none; position: static; overflow: hidden;\">\n<div style=\"clear: both; display: block; margin: 10px 0;\">\n<div style=\"clear: both; display: block; margin: 10px 0;\">\n<div style=\"clear: both; display: block; margin: 10px 0;\">\n<h2>Rower MTB Kross Hexagon 2.0 29&#8243; Zielony\/Srebrny Po\u0142ysk &#8211; L (18) 29<\/h2>\n<p style=\"margin: 15px 0; line-height: 1.8; clear: both; display: block; width: 100%; float: none; position: static;\">Rowery g\u00f3rskie Kross to doskona\u0142e narz\u0119dzia do podbijania trudnych szlak\u00f3w terenowych, \u0142\u0105cz\u0105ce wytrzyma\u0142e konstrukcje z zaawansowanymi technologiami amortyzacyjnymi. Z solidnymi ramami, precyzyjnymi hamulcami tarczowymi i innowacyjnymi systemami przerzutek modele MTB Kross s\u0105 stworzone, by sprosta\u0107 wyzwaniom bezdro\u017cy i dostarczy\u0107 pasjonatom jazdy terenowej niezapomnianych przyg\u00f3d.<\/p>\n<p style=\"margin: 15px 0; line-height: 1.8; clear: both; display: block; width: 100%; float: none; position: static;\">KROSS HEXAGON 2.0<\/p>\n<p style=\"margin: 15px 0; line-height: 1.8; clear: both; display: block; width: 100%; float: none; position: static;\">KROSS Hexagon 2.0 to doskona\u0142y rower MTB, kt\u00f3ry doskonale sprawdzi si\u0119 na miejskich \u015bcie\u017ckach rowerowych, a tak\u017ce na piaszczystych, le\u015bnych trasach. Aluminiowa rama jest lekka i wytrzyma\u0142a, a amortyzowany widelec gwarantuje komfort, nawet na bardziej wymagaj\u0105cych szlakach. Nap\u0119d Shimano w systemie 3&#215;7 zapewnia \u0142atw\u0105 i precyzyjn\u0105 zmian\u0119 bieg\u00f3w, a mechaniczne hamulce tarczowe daj\u0105 pe\u0142n\u0105 kontrol\u0119 nad pr\u0119dko\u015bci\u0105. Ten uniwersalny rower sprawi, \u017ce b\u0119dziesz m\u00f3g\u0142 czerpa\u0107 pe\u0142ni\u0119 przyjemno\u015bci z jazdy, bez wzgl\u0119du na wybran\u0105 przez ciebie tras\u0119.<\/p>\n<p style=\"margin: 15px 0; line-height: 1.8; clear: both; display: block; width: 100%; float: none; position: static;\">Osprz\u0119t do ka\u017cdego terenu<\/p>\n<p style=\"margin: 15px 0; line-height: 1.8; clear: both; display: block; width: 100%; float: none; position: static;\">KROSS Hexagon 2.0 to doskona\u0142y wyb\u00f3r dla ka\u017cdego szukaj\u0105cego roweru uniwersalnego. Sprawdzony nap\u0119d z 21 prze\u0142o\u017ceniami zapewnia bezproblemow\u0105 i tani\u0105 eksploatacj\u0119. Tylna przerzutka z grupy Altus to trwa\u0142a i sprawdzona konstrukcja, kt\u00f3ra zapewnia p\u0142ynn\u0105 i responsywn\u0105 zmian\u0119 prze\u0142o\u017ce\u0144 r\u00f3wnie\u017c w trudniejszym terenie.<\/p>\n<p style=\"margin: 15px 0; line-height: 1.8; clear: both; display: block; width: 100%; float: none; position: static;\">By hamowanie zawsze by\u0142o przewidywalne, niezale\u017cnie od warunk\u00f3w atmosferycznych czy sytuacji na drodze zamontowane zosta\u0142y mechaniczne hamulce tarczowe. Zapewniaj\u0105 one du\u017c\u0105 wy\u017csz\u0105 si\u0142\u0119 hamowania ni\u017c klasyczne hamulce v-brake. A dzi\u0119ki mechanicznym zaciskom hamulc\u00f3w tak\u017ce bezawaryjno\u015b\u0107 i \u0142atwy serwis nawet w trakcie wycieczki rowerowej.<\/p>\n<p style=\"margin: 15px 0; line-height: 1.8; clear: both; display: block; width: 100%; float: none; position: static;\">Technologie wspieraj\u0105ce Ci\u0119 w Twoich podr\u00f3\u017cach rowerowych<\/p>\n<p style=\"margin: 15px 0; line-height: 1.8; clear: both; display: block; width: 100%; float: none; position: static;\">Rama KROSS Hexagon 2.0 zosta\u0142a wykonana z aluminium 6061. Ten specjalny stop aluminium sprawia, \u017ce rower jest sztywny i odporny na z\u0142amania. Jednocze\u015bnie, jest to stosunkowo lekki materia\u0142, kt\u00f3ry mo\u017ce zaskoczy\u0107 niejednego rowerzyst\u0119 swoimi w\u0142a\u015bciwo\u015bciami. Rama jest malowana proszkowo, co przek\u0142ada si\u0119 na trwa\u0142o\u015b\u0107 malowania oraz odporno\u015b\u0107 lakieru na uszkodzenia mechaniczne.<\/p>\n<p style=\"margin: 15px 0; line-height: 1.8; clear: both; display: block; width: 100%; float: none; position: static;\">Przy projektowaniu ramy postanowili\u015bmy wyposa\u017cy\u0107 j\u0105 w wewn\u0119trzne prowadzenie linek. Dzi\u0119ki temu sprawili\u015bmy, \u017ce rower wygl\u0105da estetycznie i schludnie, przez co mo\u017ce stanowi\u0107 doskona\u0142y \u015brodek dojazdowy do pracy dla wielu os\u00f3b. Ten system prowadzenia linek pozwoli\u0142 nam tak\u017ce na zmniejszenie ryzyka zerwania linki w trakcie jazdy w terenie.<\/p>\n<p style=\"margin: 15px 0; line-height: 1.8; clear: both; display: block; width: 100%; float: none; position: static;\">Amortyzowany widelec ze skokiem 100 mm zapewnia wysok\u0105 kultur\u0119 pracy oraz doskona\u0142e t\u0142umienie wibracji powstaj\u0105cych podczas jazdy po nier\u00f3wnej i wyboistej nawierzchni.<\/p>\n<p style=\"margin: 15px 0; line-height: 1.8; clear: both; display: block; width: 100%; float: none; position: static;\">Rozmiar damski czy m\u0119ski?<\/p>\n<p style=\"margin: 15px 0; line-height: 1.8; clear: both; display: block; width: 100%; float: none; position: static;\">Wybrane modele KROSS wyst\u0119puj\u0105 w wersjach damskich i m\u0119skich. Jak odr\u00f3\u017cni\u0107 te wersje? Damskie rozmiary\/ramy wyr\u00f3\u017cnione s\u0105 w tabeli doboru ramy (\u201eJak dobra\u0107 rozmiar ramy&#8221;) liter\u0105 \u201eD&#8221; poprzedzaj\u0105c\u0105 liter\u0119 z rozmiarem i tak np. DM (17\u00b4) 28&#8243; oznacza rower dla Pa\u0144 w rozmiarze M przy wielko\u015bci ramy 17 oraz k\u00f3\u0142 28 cali. Rozmiary bez poprzedzaj\u0105cej litery \u201eD&#8221; zwykle oznaczaj\u0105 rozmiar m\u0119ski lub (w zale\u017cno\u015bci od modelu) uniwersalny (np. modele MTB\/MTB XC i inne)<\/p>\n<p style=\"margin: 15px 0; line-height: 1.8; clear: both; display: block; width: 100%; float: none; position: static;\">Jak czyta\u0107 tabele z geometri\u0105 ram?<\/p>\n<p style=\"margin: 15px 0; line-height: 1.8; clear: both; display: block; width: 100%; float: none; position: static;\">M (19\u00b4) 29&#8243; \u2013 taki zapis oznacza: M \u2013 rozmiar ramy wyra\u017cony symbolem, 19\u00b4 \u2013 rozmiar ramy w calach, a warto\u015b\u0107 29&#8243; oznacza \u015brednic\u0119 ko\u0142a (obr\u0119czy, opony, d\u0119tki) wyra\u017con\u0105 w tak\u017ce w calach (zwykle 26, 27,5 oraz 29 cali dla rower\u00f3w typu MTB oraz 28 cali dla trekkingowych, miejskich, czy szosowych)<\/p>\n<p style=\"margin: 15px 0; line-height: 1.8; clear: both; display: block; width: 100%; float: none; position: static;\">Rama i widelec<\/p>\n<ul style=\"margin: 15px 0; padding-left: 20px; clear: both; display: block; width: 100%; float: none; position: static;\">\n<li style=\"margin: 5px 0; padding: 2px 0; clear: both; display: list-item; float: none; position: static;\">MATERIA\u0141 RAMY ALUMINIUM PERFORMANCE<\/li>\n<li style=\"margin: 5px 0; padding: 2px 0; clear: both; display: list-item; float: none; position: static;\">WIDELEC ZOOM FORGO 565D<\/li>\n<li style=\"margin: 5px 0; padding: 2px 0; clear: both; display: list-item; float: none; position: static;\">SKOK WIDELCA 100mm<\/li>\n<li style=\"margin: 5px 0; padding: 2px 0; clear: both; display: list-item; float: none; position: static;\">TYLNY AMORTYZATOR BRAK<\/li>\n<li style=\"margin: 5px 0; padding: 2px 0; clear: both; display: list-item; float: none; position: static;\">SKOK TYLNEGO AMORTYZATORA BRAK<\/li>\n<li style=\"margin: 5px 0; padding: 2px 0; clear: both; display: list-item; float: none; position: static;\">Wyko\u0144czenie lakieru po\u0142ysk<\/li>\n<li style=\"margin: 5px 0; padding: 2px 0; clear: both; display: list-item; float: none; position: static;\">KOLOR RAMY zielony<\/li>\n<\/ul>\n<p style=\"margin: 15px 0; line-height: 1.8; clear: both; display: block; width: 100%; float: none; position: static;\">Nap\u0119d<\/p>\n<ul style=\"margin: 15px 0; padding-left: 20px; clear: both; display: block; width: 100%; float: none; position: static;\">\n<li style=\"margin: 5px 0; padding: 2px 0; clear: both; display: list-item; float: none; position: static;\">PRZERZUTKA PRZ\u00d3D SHIMANO TOURNEY TY300<\/li>\n<li style=\"margin: 5px 0; padding: 2px 0; clear: both; display: list-item; float: none; position: static;\">PRZERZUTKA TY\u0141 SHIMANO ALTUS M310<\/li>\n<li style=\"margin: 5px 0; padding: 2px 0; clear: both; display: list-item; float: none; position: static;\">MANETKI SHIMANO TOURNEY ST-EF41<\/li>\n<li style=\"margin: 5px 0; padding: 2px 0; clear: both; display: list-item; float: none; position: static;\">KORBA PROWHEEL<\/li>\n<li style=\"margin: 5px 0; padding: 2px 0; clear: both; display: list-item; float: none; position: static;\">KORONKI 24-34-42T\/170MM<\/li>\n<li style=\"margin: 5px 0; padding: 2px 0; clear: both; display: list-item; float: none; position: static;\">KASETA \/ WOLNOBIEG SHIMANO TZ500<\/li>\n<li style=\"margin: 5px 0; padding: 2px 0; clear: both; display: list-item; float: none; position: static;\">ZAKRES KASETY\/WOLNOBIEGU 14-34T<\/li>\n<li style=\"margin: 5px 0; padding: 2px 0; clear: both; display: list-item; float: none; position: static;\">ILO\u015a\u0106 PRZE\u0141O\u017bE\u0143 21<\/li>\n<li style=\"margin: 5px 0; padding: 2px 0; clear: both; display: list-item; float: none; position: static;\">SUPORT FP-B902<\/li>\n<li style=\"margin: 5px 0; padding: 2px 0; clear: both; display: list-item; float: none; position: static;\">\u0141A\u0143CUCH KMC HV500<\/li>\n<\/ul>\n<p style=\"margin: 15px 0; line-height: 1.8; clear: both; display: block; width: 100%; float: none; position: static;\">Ko\u0142a<\/p>\n<ul style=\"margin: 15px 0; padding-left: 20px; clear: both; display: block; width: 100%; float: none; position: static;\">\n<li style=\"margin: 5px 0; padding: 2px 0; clear: both; display: list-item; float: none; position: static;\">PIASTA PRZ\u00d3D ALUMINIUM<\/li>\n<li style=\"margin: 5px 0; padding: 2px 0; clear: both; display: list-item; float: none; position: static;\">PIASTA TY\u0141 ALUMINIUM<\/li>\n<li style=\"margin: 5px 0; padding: 2px 0; clear: both; display: list-item; float: none; position: static;\">OBR\u0118CZE ALUMINIUM<\/li>\n<li style=\"margin: 5px 0; padding: 2px 0; clear: both; display: list-item; float: none; position: static;\">OPONY WANDA P1288 29X2,25<\/li>\n<\/ul>\n<p style=\"margin: 15px 0; line-height: 1.8; clear: both; display: block; width: 100%; float: none; position: static;\">Hamulce<\/p>\n<ul style=\"margin: 15px 0; padding-left: 20px; clear: both; display: block; width: 100%; float: none; position: static;\">\n<li style=\"margin: 5px 0; padding: 2px 0; clear: both; display: list-item; float: none; position: static;\">HAMULEC PRZ\u00d3D TARCZOWY MECHANICZNY<\/li>\n<li style=\"margin: 5px 0; padding: 2px 0; clear: both; display: list-item; float: none; position: static;\">HAMULEC TY\u0141 TARCZOWY MECHANICZNY<\/li>\n<li style=\"margin: 5px 0; padding: 2px 0; clear: both; display: list-item; float: none; position: static;\">D\u0179WIGNIE HAMULCA SHIMANO TOURNEY ST-EF41<\/li>\n<li style=\"margin: 5px 0; padding: 2px 0; clear: both; display: list-item; float: none; position: static;\">TARCZE HAMULCOWE 160<\/li>\n<li style=\"margin: 5px 0; padding: 2px 0; clear: both; display: list-item; float: none; position: static;\">TARCZE HAMULCOWE TY\u0141 160<\/li>\n<\/ul>\n<p style=\"margin: 15px 0; line-height: 1.8; clear: both; display: block; width: 100%; float: none; position: static;\">Komponenty<\/p>\n<ul style=\"margin: 15px 0; padding-left: 20px; clear: both; display: block; width: 100%; float: none; position: static;\">\n<li style=\"margin: 5px 0; padding: 2px 0; clear: both; display: list-item; float: none; position: static;\">KIEROWNICA ALUMINIUM 31,8 (S, M(27,5&#8243;) &#8211; 680MM; M(29&#8243;), L, Xl, XXL &#8211; 720MM)<\/li>\n<li style=\"margin: 5px 0; padding: 2px 0; clear: both; display: list-item; float: none; position: static;\">WSPORNIK KIEROWNICY ALUMINIUM\/31,8\/3\u00b0 (S, M(27,5&#8243;), M(29&#8243;) &#8211; 45MM; L, XL, XXL &#8211; 60MM)<\/li>\n<li style=\"margin: 5px 0; padding: 2px 0; clear: both; display: list-item; float: none; position: static;\">SIOD\u0141O KROSS<\/li>\n<li style=\"margin: 5px 0; padding: 2px 0; clear: both; display: list-item; float: none; position: static;\">WSPORNIK SIOD\u0141A ALUMINIUM 30,9 (S, M(27,5&#8243;) &#8211; 350MM; M(29&#8243;), L, XL, XXL &#8211; 400MM)<\/li>\n<li style=\"margin: 5px 0; padding: 2px 0; clear: both; display: list-item; float: none; position: static;\">STERY 1-1\/8&#8243;<\/li>\n<li style=\"margin: 5px 0; padding: 2px 0; clear: both; display: list-item; float: none; position: static;\">CHWYTY KROSS<\/li>\n<li style=\"margin: 5px 0; padding: 2px 0; clear: both; display: list-item; float: none; position: static;\">PEDA\u0141Y TWORZYWO<\/li>\n<\/ul>\n<p style=\"margin: 15px 0; line-height: 1.8; clear: both; display: block; width: 100%; float: none; position: static;\">*Producent zastrzega sobie prawo do wprowadzania zmian w dowolnym czasie i bez uprzedzenia, w odniesieniu do wyposa\u017cenia, specyfikacji, modeli, kolor\u00f3w i materia\u0142\u00f3w. Zdj\u0119cia produktu mog\u0105 mie\u0107 charakter pogl\u0105dowy i wygl\u0105d rzeczywisty produktu mo\u017ce si\u0119 nieznacznie r\u00f3\u017cni\u0107.<\/p>\n<\/div>\n<\/div>\n<\/div>\n<div style=\"clear: both; display: block; margin: 10px 0;\">\n<div style=\"clear: both; display: block; margin: 10px 0;\">\n<div style=\"clear: both; display: block; margin: 10px 0;\">\n<div  style=\"max-width:845px;max-height:510px\">\n<div style=\"clear: both; display: block; margin: 10px 0;\">\n<div style=\"clear: both; width: 100%; display: block; margin: 20px 0; padding: 0; float: none; position: static; text-align: center;\"><img decoding=\"async\"  src=\"https:\/\/a.allegroimg.com\/original\/112256\/4ab426254bd1bd1dead6d3b829e0\/Rower-MTB-Kross-Hexagon-2-0-rama-18-cali-kolo-29-zielony\" srcset=\"https:\/\/a.allegroimg.com\/original\/112256\/4ab426254bd1bd1dead6d3b829e0\/Rower-MTB-Kross-Hexagon-2-0-rama-18-cali-kolo-29-zielony 360w,https:\/\/a.allegroimg.com\/original\/112256\/4ab426254bd1bd1dead6d3b829e0\/Rower-MTB-Kross-Hexagon-2-0-rama-18-cali-kolo-29-zielony 720w,https:\/\/a.allegroimg.com\/original\/112256\/4ab426254bd1bd1dead6d3b829e0\/Rower-MTB-Kross-Hexagon-2-0-rama-18-cali-kolo-29-zielony 845w,https:\/\/a.allegroimg.com\/original\/112256\/4ab426254bd1bd1dead6d3b829e0\/Rower-MTB-Kross-Hexagon-2-0-rama-18-cali-kolo-29-zielony 845w\" sizes=\"(min-width: 1200px) 560px, (min-width: 992px) 50vw, 100vw\" width=\"845px\" alt=\"Rower MTB Kross Hexagon 2.0 rama 18 cali ko\u0142o 29 &amp;quot; zielony\" style=\"max-width: 100%; height: auto; display: block; margin: 0 auto;\"><\/div>\n<\/div>\n<\/div>\n<\/div>\n<\/div>\n<div style=\"clear: both; display: block; margin: 10px 0;\">\n<div style=\"clear: both; display: block; margin: 10px 0;\">\n<div  style=\"max-width:1097px;max-height:730px\">\n<div style=\"clear: both; display: block; margin: 10px 0;\">\n<div style=\"clear: both; width: 100%; display: block; margin: 20px 0; padding: 0; float: none; position: static; text-align: center;\"><img decoding=\"async\"  src=\"https:\/\/a.allegroimg.com\/original\/11c2ca\/114a230b469495918698a2939464\/Rower-MTB-Kross-Hexagon-2-0-rama-18-cali-kolo-29-zielony-EAN-GTIN-5902262095662\" srcset=\"https:\/\/a.allegroimg.com\/original\/11c2ca\/114a230b469495918698a2939464\/Rower-MTB-Kross-Hexagon-2-0-rama-18-cali-kolo-29-zielony-EAN-GTIN-5902262095662 360w,https:\/\/a.allegroimg.com\/original\/11c2ca\/114a230b469495918698a2939464\/Rower-MTB-Kross-Hexagon-2-0-rama-18-cali-kolo-29-zielony-EAN-GTIN-5902262095662 720w,https:\/\/a.allegroimg.com\/original\/11c2ca\/114a230b469495918698a2939464\/Rower-MTB-Kross-Hexagon-2-0-rama-18-cali-kolo-29-zielony-EAN-GTIN-5902262095662 1024w,https:\/\/a.allegroimg.com\/original\/11c2ca\/114a230b469495918698a2939464\/Rower-MTB-Kross-Hexagon-2-0-rama-18-cali-kolo-29-zielony-EAN-GTIN-5902262095662 1097w,https:\/\/a.allegroimg.com\/original\/11c2ca\/114a230b469495918698a2939464\/Rower-MTB-Kross-Hexagon-2-0-rama-18-cali-kolo-29-zielony-EAN-GTIN-5902262095662 1097w\" sizes=\"(min-width: 1200px) 560px, (min-width: 992px) 50vw, 100vw\" width=\"1097px\" alt=\"Rower MTB Kross Hexagon 2.0 rama 18 cali ko\u0142o 29 &amp;quot; zielony EAN (GTIN) 5902262095662\" style=\"max-width: 100%; height: auto; display: block; margin: 0 auto;\"><\/div>\n<\/div>\n<\/div>\n<\/div>\n<\/div>\n<\/div>\n<div style=\"clear: both; display: block; margin: 10px 0;\">\n<div style=\"clear: both; display: block; margin: 10px 0;\">\n<div style=\"clear: both; display: block; margin: 10px 0;\">\n<div  style=\"max-width:802px;max-height:631px\">\n<div style=\"clear: both; display: block; margin: 10px 0;\">\n<div style=\"clear: both; width: 100%; display: block; margin: 20px 0; padding: 0; float: none; position: static; text-align: center;\"><img decoding=\"async\"  src=\"https:\/\/a.allegroimg.com\/original\/111789\/b3df529642838122e73d124305e7\/Rower-MTB-Kross-Hexagon-2-0-rama-18-cali-kolo-29-zielony-Kod-producenta-KRHE2Z29X18M008028\" srcset=\"https:\/\/a.allegroimg.com\/original\/111789\/b3df529642838122e73d124305e7\/Rower-MTB-Kross-Hexagon-2-0-rama-18-cali-kolo-29-zielony-Kod-producenta-KRHE2Z29X18M008028 360w,https:\/\/a.allegroimg.com\/original\/111789\/b3df529642838122e73d124305e7\/Rower-MTB-Kross-Hexagon-2-0-rama-18-cali-kolo-29-zielony-Kod-producenta-KRHE2Z29X18M008028 720w,https:\/\/a.allegroimg.com\/original\/111789\/b3df529642838122e73d124305e7\/Rower-MTB-Kross-Hexagon-2-0-rama-18-cali-kolo-29-zielony-Kod-producenta-KRHE2Z29X18M008028 802w,https:\/\/a.allegroimg.com\/original\/111789\/b3df529642838122e73d124305e7\/Rower-MTB-Kross-Hexagon-2-0-rama-18-cali-kolo-29-zielony-Kod-producenta-KRHE2Z29X18M008028 802w\" sizes=\"(min-width: 1200px) 560px, (min-width: 992px) 50vw, 100vw\" width=\"802px\" alt=\"Rower MTB Kross Hexagon 2.0 rama 18 cali ko\u0142o 29 &amp;quot; zielony Kod producenta KRHE2Z29X18M008028\" style=\"max-width: 100%; height: auto; display: block; margin: 0 auto;\"><\/div>\n<\/div>\n<\/div>\n<\/div>\n<\/div>\n<div style=\"clear: both; display: block; margin: 10px 0;\">\n<div style=\"clear: both; display: block; margin: 10px 0;\">\n<div  style=\"max-width:756px;max-height:607px\">\n<div style=\"clear: both; display: block; margin: 10px 0;\">\n<div style=\"clear: both; width: 100%; display: block; margin: 20px 0; padding: 0; float: none; position: static; text-align: center;\"><img decoding=\"async\"  src=\"https:\/\/a.allegroimg.com\/original\/114b75\/7c76e5cd4f45997224673677bff5\/Rower-MTB-Kross-Hexagon-2-0-rama-18-cali-kolo-29-zielony-Marka-Kross\" srcset=\"https:\/\/a.allegroimg.com\/original\/114b75\/7c76e5cd4f45997224673677bff5\/Rower-MTB-Kross-Hexagon-2-0-rama-18-cali-kolo-29-zielony-Marka-Kross 360w,https:\/\/a.allegroimg.com\/original\/114b75\/7c76e5cd4f45997224673677bff5\/Rower-MTB-Kross-Hexagon-2-0-rama-18-cali-kolo-29-zielony-Marka-Kross 720w,https:\/\/a.allegroimg.com\/original\/114b75\/7c76e5cd4f45997224673677bff5\/Rower-MTB-Kross-Hexagon-2-0-rama-18-cali-kolo-29-zielony-Marka-Kross 756w,https:\/\/a.allegroimg.com\/original\/114b75\/7c76e5cd4f45997224673677bff5\/Rower-MTB-Kross-Hexagon-2-0-rama-18-cali-kolo-29-zielony-Marka-Kross 756w\" sizes=\"(min-width: 1200px) 560px, (min-width: 992px) 50vw, 100vw\" width=\"756px\" alt=\"Rower MTB Kross Hexagon 2.0 rama 18 cali ko\u0142o 29 &amp;quot; zielony Marka Kross\" style=\"max-width: 100%; height: auto; display: block; margin: 0 auto;\"><\/div>\n<\/div>\n<\/div>\n<\/div>\n<\/div>\n<\/div>\n<div style=\"clear: both; display: block; margin: 10px 0;\">\n<div style=\"clear: both; display: block; margin: 10px 0;\">\n<div style=\"clear: both; display: block; margin: 10px 0;\">\n<div  style=\"max-width:1200px;max-height:700px\">\n<div style=\"clear: both; display: block; margin: 10px 0;\">\n<div style=\"clear: both; width: 100%; display: block; margin: 20px 0; padding: 0; float: none; position: static; text-align: center;\"><img decoding=\"async\"  src=\"https:\/\/a.allegroimg.com\/original\/11cfe5\/993a4c9e4e2ca5152bd0efa4b91a\/Rower-MTB-Kross-Hexagon-2-0-rama-18-cali-kolo-29-zielony-Model-Hexagon-2-0\" srcset=\"https:\/\/a.allegroimg.com\/original\/11cfe5\/993a4c9e4e2ca5152bd0efa4b91a\/Rower-MTB-Kross-Hexagon-2-0-rama-18-cali-kolo-29-zielony-Model-Hexagon-2-0 360w,https:\/\/a.allegroimg.com\/original\/11cfe5\/993a4c9e4e2ca5152bd0efa4b91a\/Rower-MTB-Kross-Hexagon-2-0-rama-18-cali-kolo-29-zielony-Model-Hexagon-2-0 720w,https:\/\/a.allegroimg.com\/original\/11cfe5\/993a4c9e4e2ca5152bd0efa4b91a\/Rower-MTB-Kross-Hexagon-2-0-rama-18-cali-kolo-29-zielony-Model-Hexagon-2-0 1024w,https:\/\/a.allegroimg.com\/original\/11cfe5\/993a4c9e4e2ca5152bd0efa4b91a\/Rower-MTB-Kross-Hexagon-2-0-rama-18-cali-kolo-29-zielony-Model-Hexagon-2-0 1200w,https:\/\/a.allegroimg.com\/original\/11cfe5\/993a4c9e4e2ca5152bd0efa4b91a\/Rower-MTB-Kross-Hexagon-2-0-rama-18-cali-kolo-29-zielony-Model-Hexagon-2-0 1200w\" sizes=\"(min-width: 1200px) 560px, (min-width: 992px) 50vw, 100vw\" width=\"1200px\" alt=\"Rower MTB Kross Hexagon 2.0 rama 18 cali ko\u0142o 29 &amp;quot; zielony Model Hexagon 2.0\" style=\"max-width: 100%; height: auto; display: block; margin: 0 auto;\"><\/div>\n<\/div>\n<\/div>\n<\/div>\n<\/div>\n<div style=\"clear: both; display: block; margin: 10px 0;\">\n<div style=\"clear: both; display: block; margin: 10px 0;\">\n<div  style=\"max-width:1200px;max-height:700px\">\n<div style=\"clear: both; display: block; margin: 10px 0;\">\n<div style=\"clear: both; width: 100%; display: block; margin: 20px 0; padding: 0; float: none; position: static; text-align: center;\"><img decoding=\"async\"  src=\"https:\/\/a.allegroimg.com\/original\/1159b4\/49d91fe144ad8e769ec320c114eb\/Rower-MTB-Kross-Hexagon-2-0-rama-18-cali-kolo-29-zielony-Rozmiar-ramy-18-cali\" srcset=\"https:\/\/a.allegroimg.com\/original\/1159b4\/49d91fe144ad8e769ec320c114eb\/Rower-MTB-Kross-Hexagon-2-0-rama-18-cali-kolo-29-zielony-Rozmiar-ramy-18-cali 360w,https:\/\/a.allegroimg.com\/original\/1159b4\/49d91fe144ad8e769ec320c114eb\/Rower-MTB-Kross-Hexagon-2-0-rama-18-cali-kolo-29-zielony-Rozmiar-ramy-18-cali 720w,https:\/\/a.allegroimg.com\/original\/1159b4\/49d91fe144ad8e769ec320c114eb\/Rower-MTB-Kross-Hexagon-2-0-rama-18-cali-kolo-29-zielony-Rozmiar-ramy-18-cali 1024w,https:\/\/a.allegroimg.com\/original\/1159b4\/49d91fe144ad8e769ec320c114eb\/Rower-MTB-Kross-Hexagon-2-0-rama-18-cali-kolo-29-zielony-Rozmiar-ramy-18-cali 1200w,https:\/\/a.allegroimg.com\/original\/1159b4\/49d91fe144ad8e769ec320c114eb\/Rower-MTB-Kross-Hexagon-2-0-rama-18-cali-kolo-29-zielony-Rozmiar-ramy-18-cali 1200w\" sizes=\"(min-width: 1200px) 560px, (min-width: 992px) 50vw, 100vw\" width=\"1200px\" alt=\"Rower MTB Kross Hexagon 2.0 rama 18 cali ko\u0142o 29 &amp;quot; zielony Rozmiar ramy 18 cali\" style=\"max-width: 100%; height: auto; display: block; margin: 0 auto;\"><\/div>\n<\/div>\n<\/div>\n<\/div>\n<\/div>\n<\/div>\n<\/div>\n<\/div>\n<\/div>\n<div style=\"clear: both; display: block; margin: 10px 0;\">\n","protected":false},"excerpt":{"rendered":"<p>Rower MTB Kross Hexagon 2.0 29&quot; Zielony\/Srebrny Po\u0142ysk &#8211; L (18) 29<\/p>\n<p>Rowery g\u00f3rskie Kross to doskona\u0142e narz\u0119dzia do podbijania trudnych szlak\u00f3w terenowych, \u0142\u0105cz\u0105ce wytrzyma\u0142e konstrukcje z zaawansowanymi technologiami amortyzacyjnymi. Z solidnymi ramami, precyzyjnymi hamulcami tarczowymi i innowacyjnymi systemami przerzutek modele MTB Kross s\u0105 stworzone, by sprosta\u0107 wyzwaniom bezdro\u017cy i dostarczy\u0107 pasjonatom jazdy terenowej niezapomnianych przyg\u00f3d.<\/p>\n<p>KROSS HEXAGON 2.0<\/p>\n","protected":false},"featured_media":14545,"template":"","meta":{"_uag_custom_page_level_css":""},"product_brand":[692],"product_cat":[728,688,687,731],"product_tag":[],"class_list":{"0":"post-14544","1":"product","2":"type-product","3":"status-publish","4":"has-post-thumbnail","6":"product_brand-kross","7":"product_cat-mtb-gorskie","8":"product_cat-rowery","9":"product_cat-rowery-i-akcesoria","10":"product_cat-rowery-mtb-gorskie-29-cali","12":"first","13":"instock","14":"sale","15":"shipping-taxable","16":"purchasable","17":"product-type-simple"},"uagb_featured_image_src":{"full":["https:\/\/twojerowery.shop\/ro64\/wp-content\/uploads\/2026\/02\/allegro-image-14544.jpg",845,510,false],"thumbnail":["https:\/\/twojerowery.shop\/ro64\/wp-content\/uploads\/2026\/02\/allegro-image-14544-150x150.jpg",150,150,true],"medium":["https:\/\/twojerowery.shop\/ro64\/wp-content\/uploads\/2026\/02\/allegro-image-14544-300x181.jpg",300,181,true],"medium_large":["https:\/\/twojerowery.shop\/ro64\/wp-content\/uploads\/2026\/02\/allegro-image-14544-768x464.jpg",768,464,true],"large":["https:\/\/twojerowery.shop\/ro64\/wp-content\/uploads\/2026\/02\/allegro-image-14544.jpg",845,510,false],"1536x1536":["https:\/\/twojerowery.shop\/ro64\/wp-content\/uploads\/2026\/02\/allegro-image-14544.jpg",845,510,false],"2048x2048":["https:\/\/twojerowery.shop\/ro64\/wp-content\/uploads\/2026\/02\/allegro-image-14544.jpg",845,510,false],"woocommerce_thumbnail":["https:\/\/twojerowery.shop\/ro64\/wp-content\/uploads\/2026\/02\/allegro-image-14544-300x300.jpg",300,300,true],"woocommerce_single":["https:\/\/twojerowery.shop\/ro64\/wp-content\/uploads\/2026\/02\/allegro-image-14544-600x362.jpg",600,362,true],"woocommerce_gallery_thumbnail":["https:\/\/twojerowery.shop\/ro64\/wp-content\/uploads\/2026\/02\/allegro-image-14544-100x100.jpg",100,100,true]},"uagb_author_info":{"display_name":"admin","author_link":"https:\/\/twojerowery.shop\/ro64\/author\/"},"uagb_comment_info":0,"uagb_excerpt":"Rower MTB Kross Hexagon 2.0 29&quot; Zielony\/Srebrny Po\u0142ysk - L (18) 29 Rowery g\u00f3rskie Kross to doskona\u0142e narz\u0119dzia do podbijania trudnych szlak\u00f3w terenowych, \u0142\u0105cz\u0105ce wytrzyma\u0142e konstrukcje z zaawansowanymi technologiami amortyzacyjnymi. Z solidnymi ramami, precyzyjnymi hamulcami tarczowymi i innowacyjnymi systemami przerzutek modele MTB Kross s\u0105 stworzone, by sprosta\u0107 wyzwaniom bezdro\u017cy i dostarczy\u0107 pasjonatom jazdy terenowej niezapomnianych&hellip;","_links":{"self":[{"href":"https:\/\/twojerowery.shop\/ro64\/wp-json\/wp\/v2\/product\/14544","targetHints":{"allow":["GET"]}}],"collection":[{"href":"https:\/\/twojerowery.shop\/ro64\/wp-json\/wp\/v2\/product"}],"about":[{"href":"https:\/\/twojerowery.shop\/ro64\/wp-json\/wp\/v2\/types\/product"}],"wp:featuredmedia":[{"embeddable":true,"href":"https:\/\/twojerowery.shop\/ro64\/wp-json\/wp\/v2\/media\/14545"}],"wp:attachment":[{"href":"https:\/\/twojerowery.shop\/ro64\/wp-json\/wp\/v2\/media?parent=14544"}],"wp:term":[{"taxonomy":"product_brand","embeddable":true,"href":"https:\/\/twojerowery.shop\/ro64\/wp-json\/wp\/v2\/product_brand?post=14544"},{"taxonomy":"product_cat","embeddable":true,"href":"https:\/\/twojerowery.shop\/ro64\/wp-json\/wp\/v2\/product_cat?post=14544"},{"taxonomy":"product_tag","embeddable":true,"href":"https:\/\/twojerowery.shop\/ro64\/wp-json\/wp\/v2\/product_tag?post=14544"}],"curies":[{"name":"wp","href":"https:\/\/api.w.org\/{rel}","templated":true}]}}