{"id":14564,"date":"2026-02-26T04:38:08","date_gmt":"2026-02-26T03:38:08","guid":{"rendered":"https:\/\/rowermax.shop\/ro64\/produkt\/rower-mtb-kross-lea-3-0-rama-15-cali-xs-kolo-26-tarczowe-bialy-fioletowy\/"},"modified":"2026-02-26T04:38:09","modified_gmt":"2026-02-26T03:38:09","slug":"rower-mtb-kross-lea-3-0-rama-15-cali-xs-kolo-26-tarczowe-bialy-fioletowy","status":"publish","type":"product","link":"https:\/\/twojerowery.shop\/ro64\/produkt\/rower-mtb-kross-lea-3-0-rama-15-cali-xs-kolo-26-tarczowe-bialy-fioletowy\/","title":{"rendered":"Rower MTB Kross Lea 3.0 rama 15 cali XS ko\u0142o 26 tarczowe bia\u0142y fioletowy"},"content":{"rendered":"<div style=\"font-family: Arial, sans-serif; line-height: 1.6; color: #333; padding: 20px; clear: both; display: block; width: 100%; float: none; position: static; overflow: hidden;\">\n<div style=\"clear: both; display: block; margin: 10px 0;\">\n<div style=\"clear: both; display: block; margin: 10px 0;\">\n<div style=\"clear: both; display: block; margin: 10px 0;\">\n<div  style=\"max-width:1200px;max-height:434px\">\n<div style=\"clear: both; display: block; margin: 10px 0;\">\n<div style=\"clear: both; width: 100%; display: block; margin: 20px 0; padding: 0; float: none; position: static; text-align: center;\"><img decoding=\"async\"  src=\"https:\/\/a.allegroimg.com\/original\/114535\/6217ad6043cbb82d343fcbaa5c80\/Rower-MTB-Kross-Lea-3-0-rama-15-cali-XS-kolo-26-tarczowe-bialy-fioletowy-Plec-kobieta\" srcset=\"https:\/\/a.allegroimg.com\/original\/114535\/6217ad6043cbb82d343fcbaa5c80\/Rower-MTB-Kross-Lea-3-0-rama-15-cali-XS-kolo-26-tarczowe-bialy-fioletowy-Plec-kobieta 360w,https:\/\/a.allegroimg.com\/original\/114535\/6217ad6043cbb82d343fcbaa5c80\/Rower-MTB-Kross-Lea-3-0-rama-15-cali-XS-kolo-26-tarczowe-bialy-fioletowy-Plec-kobieta 720w,https:\/\/a.allegroimg.com\/original\/114535\/6217ad6043cbb82d343fcbaa5c80\/Rower-MTB-Kross-Lea-3-0-rama-15-cali-XS-kolo-26-tarczowe-bialy-fioletowy-Plec-kobieta 1024w,https:\/\/a.allegroimg.com\/original\/114535\/6217ad6043cbb82d343fcbaa5c80\/Rower-MTB-Kross-Lea-3-0-rama-15-cali-XS-kolo-26-tarczowe-bialy-fioletowy-Plec-kobieta 1200w,https:\/\/a.allegroimg.com\/original\/114535\/6217ad6043cbb82d343fcbaa5c80\/Rower-MTB-Kross-Lea-3-0-rama-15-cali-XS-kolo-26-tarczowe-bialy-fioletowy-Plec-kobieta 1200w\" sizes=\"100vw\" width=\"1200px\" alt=\"Rower MTB Kross Lea 3.0 rama 15 cali XS ko\u0142o 26 tarczowe bia\u0142y fioletowy P\u0142e\u0107 kobieta\" style=\"max-width: 100%; height: auto; display: block; margin: 0 auto;\"><\/div>\n<\/div>\n<\/div>\n<\/div>\n<\/div>\n<\/div>\n<div style=\"clear: both; display: block; margin: 10px 0;\">\n<div style=\"clear: both; display: block; margin: 10px 0;\">\n<div style=\"clear: both; display: block; margin: 10px 0;\">\n<p style=\"margin: 15px 0; line-height: 1.8; clear: both; display: block; width: 100%; float: none; position: static;\">Jeste\u015bmy obecni na rynku 30 lat. Posiadamy w swojej ofercie ponad 3000 rower\u00f3w: g\u00f3rskich(MTB), crossowych, szosowych, gravelowych trekkingowych, miejskich, dzieci\u0119cych. Na miejscu posiadamy r\u00f3wnie\u017c ponad 100 modeli rower\u00f3w elektrycznych. Na aukcjach prezentujemy Pa\u0144stwu tylko u\u0142amek tego co aktualnie posiadamy.<\/p>\n<\/div>\n<\/div>\n<\/div>\n<div style=\"clear: both; display: block; margin: 10px 0;\">\n<div style=\"clear: both; display: block; margin: 10px 0;\">\n<div style=\"clear: both; display: block; margin: 10px 0;\">\n<h1>KROSS LEA 3.0<\/h1>\n<ul style=\"margin: 15px 0; padding-left: 20px; clear: both; display: block; width: 100%; float: none; position: static;\">\n<li style=\"margin: 5px 0; padding: 2px 0; clear: both; display: list-item; float: none; position: static;\"><b>kolor: bia\u0142y\/fioletowy po\u0142ysk<\/b><\/li>\n<li style=\"margin: 5px 0; padding: 2px 0; clear: both; display: list-item; float: none; position: static;\"><b>rama 26 x 15&#8243;<\/b><\/li>\n<\/ul>\n<p style=\"margin: 15px 0; line-height: 1.8; clear: both; display: block; width: 100%; float: none; position: static;\">Ka\u017cda z nas chce czasem kupi\u0107 sobie co\u015b \u0142adnego, a jednocze\u015bnie praktycznego. Dlatego te\u017c powsta\u0142 <b>Kross Lea 3.0 <\/b>\u2013 po\u0142\u0105czenie roweru praktycznego, kt\u00f3ry sprawdzi si\u0119 zar\u00f3wno w mie\u015bcie jak i w lekkim terenie. Rower stworzony dla nas, kobiet \u2013 z uwzgl\u0119dnieniem naszych potrzeb i dostosowany pod k\u0105tem naszej fizjonomii. Kiedy chcesz uciec od tego ca\u0142ego zgie\u0142ku\u2026 po prostu <b>wsi\u0105d\u017a na rower.<\/b><\/p>\n<\/div>\n<\/div>\n<div style=\"clear: both; display: block; margin: 10px 0;\">\n<div style=\"clear: both; display: block; margin: 10px 0;\">\n<div  style=\"max-width:800px;max-height:567px\">\n<div style=\"clear: both; display: block; margin: 10px 0;\">\n<div style=\"clear: both; width: 100%; display: block; margin: 20px 0; padding: 0; float: none; position: static; text-align: center;\"><img decoding=\"async\"  src=\"https:\/\/a.allegroimg.com\/original\/11b98b\/54e002844eef9317a7c3d92b9b51\/Rower-MTB-Kross-Lea-3-0-rama-15-cali-XS-kolo-26-tarczowe-bialy-fioletowy\" srcset=\"https:\/\/a.allegroimg.com\/original\/11b98b\/54e002844eef9317a7c3d92b9b51\/Rower-MTB-Kross-Lea-3-0-rama-15-cali-XS-kolo-26-tarczowe-bialy-fioletowy 360w,https:\/\/a.allegroimg.com\/original\/11b98b\/54e002844eef9317a7c3d92b9b51\/Rower-MTB-Kross-Lea-3-0-rama-15-cali-XS-kolo-26-tarczowe-bialy-fioletowy 720w,https:\/\/a.allegroimg.com\/original\/11b98b\/54e002844eef9317a7c3d92b9b51\/Rower-MTB-Kross-Lea-3-0-rama-15-cali-XS-kolo-26-tarczowe-bialy-fioletowy 800w,https:\/\/a.allegroimg.com\/original\/11b98b\/54e002844eef9317a7c3d92b9b51\/Rower-MTB-Kross-Lea-3-0-rama-15-cali-XS-kolo-26-tarczowe-bialy-fioletowy 800w\" sizes=\"(min-width: 1200px) 560px, (min-width: 992px) 50vw, 100vw\" width=\"800px\" alt=\"Rower MTB Kross Lea 3.0 rama 15 cali XS ko\u0142o 26 tarczowe bia\u0142y fioletowy\" style=\"max-width: 100%; height: auto; display: block; margin: 0 auto;\"><\/div>\n<\/div>\n<\/div>\n<\/div>\n<\/div>\n<\/div>\n<div style=\"clear: both; display: block; margin: 10px 0;\">\n<div style=\"clear: both; display: block; margin: 10px 0;\">\n<div style=\"clear: both; display: block; margin: 10px 0;\">\n<div  style=\"max-width:1599px;max-height:1200px\">\n<div style=\"clear: both; display: block; margin: 10px 0;\">\n<div style=\"clear: both; width: 100%; display: block; margin: 20px 0; padding: 0; float: none; position: static; text-align: center;\"><img decoding=\"async\"  src=\"https:\/\/a.allegroimg.com\/original\/25f89f\/f7aa27cf43329d6534653c377f69\/Rower-MTB-Kross-Lea-3-0-rama-15-cali-XS-kolo-26-tarczowe-bialy-fioletowy-Kod-producenta-KRLE3Z26X15W001338\" srcset=\"https:\/\/a.allegroimg.com\/original\/25f89f\/f7aa27cf43329d6534653c377f69\/Rower-MTB-Kross-Lea-3-0-rama-15-cali-XS-kolo-26-tarczowe-bialy-fioletowy-Kod-producenta-KRLE3Z26X15W001338 360w,https:\/\/a.allegroimg.com\/original\/25f89f\/f7aa27cf43329d6534653c377f69\/Rower-MTB-Kross-Lea-3-0-rama-15-cali-XS-kolo-26-tarczowe-bialy-fioletowy-Kod-producenta-KRLE3Z26X15W001338 720w,https:\/\/a.allegroimg.com\/original\/25f89f\/f7aa27cf43329d6534653c377f69\/Rower-MTB-Kross-Lea-3-0-rama-15-cali-XS-kolo-26-tarczowe-bialy-fioletowy-Kod-producenta-KRLE3Z26X15W001338 1024w,https:\/\/a.allegroimg.com\/original\/25f89f\/f7aa27cf43329d6534653c377f69\/Rower-MTB-Kross-Lea-3-0-rama-15-cali-XS-kolo-26-tarczowe-bialy-fioletowy-Kod-producenta-KRLE3Z26X15W001338 1440w,https:\/\/a.allegroimg.com\/original\/25f89f\/f7aa27cf43329d6534653c377f69\/Rower-MTB-Kross-Lea-3-0-rama-15-cali-XS-kolo-26-tarczowe-bialy-fioletowy-Kod-producenta-KRLE3Z26X15W001338 1599w\" sizes=\"(min-width: 1200px) 560px, (min-width: 992px) 50vw, 100vw\" width=\"1599px\" alt=\"Rower MTB Kross Lea 3.0 rama 15 cali XS ko\u0142o 26 tarczowe bia\u0142y fioletowy Kod producenta KRLE3Z26X15W001338\" style=\"max-width: 100%; height: auto; display: block; margin: 0 auto;\"><\/div>\n<\/div>\n<\/div>\n<\/div>\n<\/div>\n<div style=\"clear: both; display: block; margin: 10px 0;\">\n<div style=\"clear: both; display: block; margin: 10px 0;\">\n<h2>Osprz\u0119t<\/h2>\n<p style=\"margin: 15px 0; line-height: 1.8; clear: both; display: block; width: 100%; float: none; position: static;\">Nie szata zdobi cz\u0142owieka, ale jednak <b>sprawdzony osprz\u0119t<\/b> to podstawa w przypadku roweru. Dlatego te\u017c <b>Kross Lea 3.0 <\/b>to osprz\u0119t Shimano z tyln\u0105 przerzutk\u0105 <b>Altus M310 <\/b>wsp\u00f3\u0142pracuj\u0105ca z 21 prze\u0142o\u017ceniami. U\u0142atwi to znalezienie odpowiedniego obci\u0105\u017cenia do terenu, w kt\u00f3rym aktualnie si\u0119 znajdujesz. Nigdy wi\u0119cej problem\u00f3w z upiornymi podjazdami.<\/p>\n<p style=\"margin: 15px 0; line-height: 1.8; clear: both; display: block; width: 100%; float: none; position: static;\"><b>Lea 3.0 <\/b>to tak\u017ce <b>amortyzowany widelec<\/b> u\u0142atwiaj\u0105cy jazd\u0119 w lekkim terenie poprzez wyg\u0142adzanie nier\u00f3wno\u015bci, kt\u00f3re mo\u017cesz napotka\u0107 na drodze.<\/p>\n<p style=\"margin: 15px 0; line-height: 1.8; clear: both; display: block; width: 100%; float: none; position: static;\">Ponadto rower wyposa\u017cony jest w <b>mechaniczne hamulce tarczowe. <\/b>Wygoda eksploatacji oraz wysoka si\u0142a hamowania to dwie najwa\u017cniejsze cechy tego rozwi\u0105zania.<\/p>\n<\/div>\n<\/div>\n<\/div>\n<div style=\"clear: both; display: block; margin: 10px 0;\">\n<div style=\"clear: both; display: block; margin: 10px 0;\">\n<div style=\"clear: both; display: block; margin: 10px 0;\">\n<h2>Dopasowanie to podstawa<\/h2>\n<p style=\"margin: 15px 0; line-height: 1.8; clear: both; display: block; width: 100%; float: none; position: static;\"><b>Rama Kross Lea 3.0 <\/b>zosta\u0142a wykonana z <b>aluminium performance. <\/b>Jest to specjalny <b>stop aluminium performance 6061, <\/b>dzi\u0119ki czemu rower jest sztywny i odporny na uszkodzenia .. Jednocze\u015bnie, jest to stosunkowo lekki materia\u0142, kt\u00f3ry mo\u017ce zaskoczy\u0107 niejedn\u0105 rowerzystk\u0119 swoimi w\u0142a\u015bciwo\u015bciami.<\/p>\n<p style=\"margin: 15px 0; line-height: 1.8; clear: both; display: block; width: 100%; float: none; position: static;\"><b>Kross Lea 3.0 to rower MTB <\/b>przeznaczony do lekkiego terenu. Zosta\u0142a w niej zastosowana dostosowana dla kobiet geometria, kt\u00f3ra u\u0142atwia wsiadanie oraz zsiadanie z roweru, a tak\u017ce jest dostosowana do os\u00f3b o drobniejszej budowie.<\/p>\n<p style=\"margin: 15px 0; line-height: 1.8; clear: both; display: block; width: 100%; float: none; position: static;\"><b>Rama<\/b> jest <b>malowana<\/b> <b>proszkowo<\/b>, co przek\u0142ada si\u0119 na trwa\u0142o\u015b\u0107 malowania oraz jego <b>odporno\u015b\u0107<\/b> <b>na<\/b> <b>uszkodzenia<\/b> <b>mechaniczne.&nbsp;<\/b>To tak\u017ce rozmiar ramy dopasowany do k\u00f3\u0142 26 lub 27,5\u201d. Ty wybierasz na jakim rozmiarze k\u00f3\u0142 wolisz je\u017adzi\u0107.<\/p>\n<\/div>\n<\/div>\n<div style=\"clear: both; display: block; margin: 10px 0;\">\n<div style=\"clear: both; display: block; margin: 10px 0;\">\n<div  style=\"max-width:1599px;max-height:1200px\">\n<div style=\"clear: both; display: block; margin: 10px 0;\">\n<div style=\"clear: both; width: 100%; display: block; margin: 20px 0; padding: 0; float: none; position: static; text-align: center;\"><img decoding=\"async\"  src=\"https:\/\/a.allegroimg.com\/original\/25b0a8\/813ada2c4d2dac8a6ad1a25ad441\/Rower-MTB-Kross-Lea-3-0-rama-15-cali-XS-kolo-26-tarczowe-bialy-fioletowy-Marka-Kross\" srcset=\"https:\/\/a.allegroimg.com\/original\/25b0a8\/813ada2c4d2dac8a6ad1a25ad441\/Rower-MTB-Kross-Lea-3-0-rama-15-cali-XS-kolo-26-tarczowe-bialy-fioletowy-Marka-Kross 360w,https:\/\/a.allegroimg.com\/original\/25b0a8\/813ada2c4d2dac8a6ad1a25ad441\/Rower-MTB-Kross-Lea-3-0-rama-15-cali-XS-kolo-26-tarczowe-bialy-fioletowy-Marka-Kross 720w,https:\/\/a.allegroimg.com\/original\/25b0a8\/813ada2c4d2dac8a6ad1a25ad441\/Rower-MTB-Kross-Lea-3-0-rama-15-cali-XS-kolo-26-tarczowe-bialy-fioletowy-Marka-Kross 1024w,https:\/\/a.allegroimg.com\/original\/25b0a8\/813ada2c4d2dac8a6ad1a25ad441\/Rower-MTB-Kross-Lea-3-0-rama-15-cali-XS-kolo-26-tarczowe-bialy-fioletowy-Marka-Kross 1440w,https:\/\/a.allegroimg.com\/original\/25b0a8\/813ada2c4d2dac8a6ad1a25ad441\/Rower-MTB-Kross-Lea-3-0-rama-15-cali-XS-kolo-26-tarczowe-bialy-fioletowy-Marka-Kross 1599w\" sizes=\"(min-width: 1200px) 560px, (min-width: 992px) 50vw, 100vw\" width=\"1599px\" alt=\"Rower MTB Kross Lea 3.0 rama 15 cali XS ko\u0142o 26 tarczowe bia\u0142y fioletowy Marka Kross\" style=\"max-width: 100%; height: auto; display: block; margin: 0 auto;\"><\/div>\n<\/div>\n<\/div>\n<\/div>\n<\/div>\n<\/div>\n<div style=\"clear: both; display: block; margin: 10px 0;\">\n<div style=\"clear: both; display: block; margin: 10px 0;\">\n<div style=\"clear: both; display: block; margin: 10px 0;\">\n<div  style=\"max-width:1599px;max-height:1200px\">\n<div style=\"clear: both; display: block; margin: 10px 0;\">\n<div style=\"clear: both; width: 100%; display: block; margin: 20px 0; padding: 0; float: none; position: static; text-align: center;\"><img decoding=\"async\"  src=\"https:\/\/a.allegroimg.com\/original\/256e00\/874cc1c54516b3cdd3591ed7bccd\/Rower-MTB-Kross-Lea-3-0-rama-15-cali-XS-kolo-26-tarczowe-bialy-fioletowy-Stopien-zlozenia-wstepnie-zlozony-wyregulowany\" srcset=\"https:\/\/a.allegroimg.com\/original\/256e00\/874cc1c54516b3cdd3591ed7bccd\/Rower-MTB-Kross-Lea-3-0-rama-15-cali-XS-kolo-26-tarczowe-bialy-fioletowy-Stopien-zlozenia-wstepnie-zlozony-wyregulowany 360w,https:\/\/a.allegroimg.com\/original\/256e00\/874cc1c54516b3cdd3591ed7bccd\/Rower-MTB-Kross-Lea-3-0-rama-15-cali-XS-kolo-26-tarczowe-bialy-fioletowy-Stopien-zlozenia-wstepnie-zlozony-wyregulowany 720w,https:\/\/a.allegroimg.com\/original\/256e00\/874cc1c54516b3cdd3591ed7bccd\/Rower-MTB-Kross-Lea-3-0-rama-15-cali-XS-kolo-26-tarczowe-bialy-fioletowy-Stopien-zlozenia-wstepnie-zlozony-wyregulowany 1024w,https:\/\/a.allegroimg.com\/original\/256e00\/874cc1c54516b3cdd3591ed7bccd\/Rower-MTB-Kross-Lea-3-0-rama-15-cali-XS-kolo-26-tarczowe-bialy-fioletowy-Stopien-zlozenia-wstepnie-zlozony-wyregulowany 1440w,https:\/\/a.allegroimg.com\/original\/256e00\/874cc1c54516b3cdd3591ed7bccd\/Rower-MTB-Kross-Lea-3-0-rama-15-cali-XS-kolo-26-tarczowe-bialy-fioletowy-Stopien-zlozenia-wstepnie-zlozony-wyregulowany 1599w\" sizes=\"(min-width: 1200px) 560px, (min-width: 992px) 50vw, 100vw\" width=\"1599px\" alt=\"Rower MTB Kross Lea 3.0 rama 15 cali XS ko\u0142o 26 tarczowe bia\u0142y fioletowy Stopie\u0144 z\u0142o\u017cenia wst\u0119pnie z\u0142o\u017cony, wyregulowany\" style=\"max-width: 100%; height: auto; display: block; margin: 0 auto;\"><\/div>\n<\/div>\n<\/div>\n<\/div>\n<\/div>\n<div style=\"clear: both; display: block; margin: 10px 0;\">\n<div style=\"clear: both; display: block; margin: 10px 0;\">\n<ul style=\"margin: 15px 0; padding-left: 20px; clear: both; display: block; width: 100%; float: none; position: static;\">\n<li style=\"margin: 5px 0; padding: 2px 0; clear: both; display: list-item; float: none; position: static;\"><b>Wyko\u0144czenie lakieru:<\/b>&nbsp;po\u0142ysk<\/li>\n<li style=\"margin: 5px 0; padding: 2px 0; clear: both; display: list-item; float: none; position: static;\"><b>Materia\u0142 Ramy:<\/b>&nbsp;ALUMINIUM PERFORMANCE WOMEN GE<\/li>\n<li style=\"margin: 5px 0; padding: 2px 0; clear: both; display: list-item; float: none; position: static;\"><b>WIDELEC:<\/b>&nbsp;KROSS<\/li>\n<li style=\"margin: 5px 0; padding: 2px 0; clear: both; display: list-item; float: none; position: static;\"><b>Skok widelca:<\/b>&nbsp;80mm<\/li>\n<li style=\"margin: 5px 0; padding: 2px 0; clear: both; display: list-item; float: none; position: static;\"><b>PRZERZUTKA PRZ\u00d3D:<\/b>&nbsp;SHIMANO TOURNEY TY300<\/li>\n<li style=\"margin: 5px 0; padding: 2px 0; clear: both; display: list-item; float: none; position: static;\"><b>PRZERZUTKA TY\u0141:<\/b>&nbsp;SHIMANO ALTUS M310<\/li>\n<li style=\"margin: 5px 0; padding: 2px 0; clear: both; display: list-item; float: none; position: static;\"><b>MANETKI:<\/b>&nbsp;SHIMANO EF41<\/li>\n<li style=\"margin: 5px 0; padding: 2px 0; clear: both; display: list-item; float: none; position: static;\"><b>KORBA:<\/b>&nbsp;WHEEL TOP<\/li>\n<li style=\"margin: 5px 0; padding: 2px 0; clear: both; display: list-item; float: none; position: static;\"><b>Koronki:<\/b>&nbsp;42T-34T-24T\/170MM<\/li>\n<li style=\"margin: 5px 0; padding: 2px 0; clear: both; display: list-item; float: none; position: static;\"><b>KASETA \/ WOLNOBIEG:<\/b>&nbsp;SHIMANO MF TZ500<\/li>\n<li style=\"margin: 5px 0; padding: 2px 0; clear: both; display: list-item; float: none; position: static;\"><b>Zakres kasety \/ wolnobiegu:<\/b>&nbsp;14-28T<\/li>\n<li style=\"margin: 5px 0; padding: 2px 0; clear: both; display: list-item; float: none; position: static;\"><b>ILO\u015a\u0106 PRZE\u0141O\u017bE\u0143:<\/b>&nbsp;21<\/li>\n<li style=\"margin: 5px 0; padding: 2px 0; clear: both; display: list-item; float: none; position: static;\"><b>SUPORT:<\/b>&nbsp;FP-B902<\/li>\n<li style=\"margin: 5px 0; padding: 2px 0; clear: both; display: list-item; float: none; position: static;\"><b>\u0141A\u0143CUCH:<\/b>&nbsp;YBN S50<b><\/b><\/li>\n<\/ul>\n<\/div>\n<\/div>\n<\/div>\n<div style=\"clear: both; display: block; margin: 10px 0;\">\n<div style=\"clear: both; display: block; margin: 10px 0;\">\n<div style=\"clear: both; display: block; margin: 10px 0;\">\n<ul style=\"margin: 15px 0; padding-left: 20px; clear: both; display: block; width: 100%; float: none; position: static;\">\n<li style=\"margin: 5px 0; padding: 2px 0; clear: both; display: list-item; float: none; position: static;\"><b>PIASTA PRZ\u00d3D:<\/b>&nbsp;GL-B10F-DS<\/li>\n<li style=\"margin: 5px 0; padding: 2px 0; clear: both; display: list-item; float: none; position: static;\"><b>PIASTA TY\u0141:<\/b>&nbsp;GL-B10R-DS<\/li>\n<li style=\"margin: 5px 0; padding: 2px 0; clear: both; display: list-item; float: none; position: static;\"><b>OBR\u0118CZE:<\/b>&nbsp;KROSS<\/li>\n<li style=\"margin: 5px 0; padding: 2px 0; clear: both; display: list-item; float: none; position: static;\"><b>OPONY:<\/b> KROSS 26&#215;2.1<\/li>\n<li style=\"margin: 5px 0; padding: 2px 0; clear: both; display: list-item; float: none; position: static;\"><b>HAMULEC PRZ\u00d3D:<\/b>&nbsp;TARCZOWY MECHANICZNY<\/li>\n<li style=\"margin: 5px 0; padding: 2px 0; clear: both; display: list-item; float: none; position: static;\"><b>HAMULEC TY\u0141:<\/b>&nbsp;TARCZOWY MECHANICZNY<\/li>\n<li style=\"margin: 5px 0; padding: 2px 0; clear: both; display: list-item; float: none; position: static;\"><b>D\u0179WIGNIE HAMULCA:<\/b>&nbsp;SHIMANO EF41<\/li>\n<li style=\"margin: 5px 0; padding: 2px 0; clear: both; display: list-item; float: none; position: static;\"><b>TARCZE HAMULCOWE:<\/b>&nbsp;DISC (160)<\/li>\n<li style=\"margin: 5px 0; padding: 2px 0; clear: both; display: list-item; float: none; position: static;\"><b>KIEROWNICA:<\/b>&nbsp;ALUMINIUM 660 MM 31.8<\/li>\n<li style=\"margin: 5px 0; padding: 2px 0; clear: both; display: list-item; float: none; position: static;\"><b>WSPORNIK KIEROWNICY:<\/b>&nbsp;ALUMINIUM 90MM\/31,8\/7\u00b0<\/li>\n<li style=\"margin: 5px 0; padding: 2px 0; clear: both; display: list-item; float: none; position: static;\"><b>SIOD\u0141O:<\/b> SELLE ROYAL CZARNE<\/li>\n<li style=\"margin: 5px 0; padding: 2px 0; clear: both; display: list-item; float: none; position: static;\"><b>WSPORNIK SIOD\u0141A:<\/b>&nbsp;ALUMINIUM 27,2&#215;350<\/li>\n<li style=\"margin: 5px 0; padding: 2px 0; clear: both; display: list-item; float: none; position: static;\"><b>STERY:<\/b>&nbsp;FP-H863 O1-1\/8&#8243;<\/li>\n<li style=\"margin: 5px 0; padding: 2px 0; clear: both; display: list-item; float: none; position: static;\"><b>CHWYTY:<\/b>&nbsp;KROSS HANDY<\/li>\n<li style=\"margin: 5px 0; padding: 2px 0; clear: both; display: list-item; float: none; position: static;\"><b>PEDA\u0141Y:<\/b>&nbsp;FP-917N<\/li>\n<\/ul>\n<\/div>\n<\/div>\n<div style=\"clear: both; display: block; margin: 10px 0;\">\n<div style=\"clear: both; display: block; margin: 10px 0;\">\n<div  style=\"max-width:1599px;max-height:1200px\">\n<div style=\"clear: both; display: block; margin: 10px 0;\">\n<div style=\"clear: both; width: 100%; display: block; margin: 20px 0; padding: 0; float: none; position: static; text-align: center;\"><img decoding=\"async\"  src=\"https:\/\/a.allegroimg.com\/original\/25612f\/38d1004147f2a9d8b11f891ac074\/Rower-MTB-Kross-Lea-3-0-rama-15-cali-XS-kolo-26-tarczowe-bialy-fioletowy-Rozmiar-kola-26\" srcset=\"https:\/\/a.allegroimg.com\/original\/25612f\/38d1004147f2a9d8b11f891ac074\/Rower-MTB-Kross-Lea-3-0-rama-15-cali-XS-kolo-26-tarczowe-bialy-fioletowy-Rozmiar-kola-26 360w,https:\/\/a.allegroimg.com\/original\/25612f\/38d1004147f2a9d8b11f891ac074\/Rower-MTB-Kross-Lea-3-0-rama-15-cali-XS-kolo-26-tarczowe-bialy-fioletowy-Rozmiar-kola-26 720w,https:\/\/a.allegroimg.com\/original\/25612f\/38d1004147f2a9d8b11f891ac074\/Rower-MTB-Kross-Lea-3-0-rama-15-cali-XS-kolo-26-tarczowe-bialy-fioletowy-Rozmiar-kola-26 1024w,https:\/\/a.allegroimg.com\/original\/25612f\/38d1004147f2a9d8b11f891ac074\/Rower-MTB-Kross-Lea-3-0-rama-15-cali-XS-kolo-26-tarczowe-bialy-fioletowy-Rozmiar-kola-26 1440w,https:\/\/a.allegroimg.com\/original\/25612f\/38d1004147f2a9d8b11f891ac074\/Rower-MTB-Kross-Lea-3-0-rama-15-cali-XS-kolo-26-tarczowe-bialy-fioletowy-Rozmiar-kola-26 1599w\" sizes=\"(min-width: 1200px) 560px, (min-width: 992px) 50vw, 100vw\" width=\"1599px\" alt=\"Rower MTB Kross Lea 3.0 rama 15 cali XS ko\u0142o 26 tarczowe bia\u0142y fioletowy Rozmiar ko\u0142a (&quot;) 26\" style=\"max-width: 100%; height: auto; display: block; margin: 0 auto;\"><\/div>\n<\/div>\n<\/div>\n<\/div>\n<\/div>\n<\/div>\n<div style=\"clear: both; display: block; margin: 10px 0;\">\n<div style=\"clear: both; display: block; margin: 10px 0;\">\n<div style=\"clear: both; display: block; margin: 10px 0;\">\n<div  style=\"max-width:800px;max-height:567px\">\n<div style=\"clear: both; display: block; margin: 10px 0;\">\n<div style=\"clear: both; width: 100%; display: block; margin: 20px 0; padding: 0; float: none; position: static; text-align: center;\"><img decoding=\"async\"  src=\"https:\/\/a.allegroimg.com\/original\/11b98b\/54e002844eef9317a7c3d92b9b51\/Rower-MTB-Kross-Lea-3-0-rama-15-cali-XS-kolo-26-tarczowe-bialy-fioletowy\" srcset=\"https:\/\/a.allegroimg.com\/original\/11b98b\/54e002844eef9317a7c3d92b9b51\/Rower-MTB-Kross-Lea-3-0-rama-15-cali-XS-kolo-26-tarczowe-bialy-fioletowy 360w,https:\/\/a.allegroimg.com\/original\/11b98b\/54e002844eef9317a7c3d92b9b51\/Rower-MTB-Kross-Lea-3-0-rama-15-cali-XS-kolo-26-tarczowe-bialy-fioletowy 720w,https:\/\/a.allegroimg.com\/original\/11b98b\/54e002844eef9317a7c3d92b9b51\/Rower-MTB-Kross-Lea-3-0-rama-15-cali-XS-kolo-26-tarczowe-bialy-fioletowy 800w,https:\/\/a.allegroimg.com\/original\/11b98b\/54e002844eef9317a7c3d92b9b51\/Rower-MTB-Kross-Lea-3-0-rama-15-cali-XS-kolo-26-tarczowe-bialy-fioletowy 800w\" sizes=\"100vw\" width=\"800px\" alt=\"Rower MTB Kross Lea 3.0 rama 15 cali XS ko\u0142o 26 tarczowe bia\u0142y fioletowy\" style=\"max-width: 100%; height: auto; display: block; margin: 0 auto;\"><\/div>\n<\/div>\n<\/div>\n<\/div>\n<\/div>\n<\/div>\n<div style=\"clear: both; display: block; margin: 10px 0;\">\n<div style=\"clear: both; display: block; margin: 10px 0;\">\n<div style=\"clear: both; display: block; margin: 10px 0;\">\n<h3 style=\"color: #2c5aa0; font-size: 18px; margin: 30px 0 15px 0; font-weight: bold; clear: both; display: block; width: 100%; float: none; position: static;\">Dzi\u0119kujemy za zakupy na Naszej aukcji i \u017cyczymy przyjemnej jazdy!<\/h3>\n<\/div>\n<\/div>\n<\/div>\n<\/div>\n<\/div>\n<\/div>\n<div style=\"clear: both; display: block; margin: 10px 0;\">\n","protected":false},"excerpt":{"rendered":"<p>Jeste\u015bmy obecni na rynku 30 lat. Posiadamy w swojej ofercie ponad 3000 rower\u00f3w: g\u00f3rskich(MTB), crossowych, szosowych, gravelowych trekkingowych, miejskich, dzieci\u0119cych. Na miejscu posiadamy r\u00f3wnie\u017c ponad 100 modeli rower\u00f3w elektrycznych. Na aukcjach prezentujemy Pa\u0144stwu tylko u\u0142amek tego co aktualnie posiadamy.<\/p>\n<p>KROSS LEA 3.0<\/p>\n<p>kolor: bia\u0142y\/fioletowy po\u0142ysk<\/p>\n<p>rama 26 x 15&quot;<\/p>\n","protected":false},"featured_media":14565,"template":"","meta":{"_uag_custom_page_level_css":""},"product_brand":[692],"product_cat":[728,688,687,732],"product_tag":[],"class_list":{"0":"post-14564","1":"product","2":"type-product","3":"status-publish","4":"has-post-thumbnail","6":"product_brand-kross","7":"product_cat-mtb-gorskie","8":"product_cat-rowery","9":"product_cat-rowery-i-akcesoria","10":"product_cat-rowery-mtb-gorskie-26-cali","12":"first","13":"instock","14":"sale","15":"shipping-taxable","16":"purchasable","17":"product-type-simple"},"uagb_featured_image_src":{"full":["https:\/\/twojerowery.shop\/ro64\/wp-content\/uploads\/2026\/02\/allegro-image-14564.jpg",800,567,false],"thumbnail":["https:\/\/twojerowery.shop\/ro64\/wp-content\/uploads\/2026\/02\/allegro-image-14564-150x150.jpg",150,150,true],"medium":["https:\/\/twojerowery.shop\/ro64\/wp-content\/uploads\/2026\/02\/allegro-image-14564-300x213.jpg",300,213,true],"medium_large":["https:\/\/twojerowery.shop\/ro64\/wp-content\/uploads\/2026\/02\/allegro-image-14564-768x544.jpg",768,544,true],"large":["https:\/\/twojerowery.shop\/ro64\/wp-content\/uploads\/2026\/02\/allegro-image-14564.jpg",800,567,false],"1536x1536":["https:\/\/twojerowery.shop\/ro64\/wp-content\/uploads\/2026\/02\/allegro-image-14564.jpg",800,567,false],"2048x2048":["https:\/\/twojerowery.shop\/ro64\/wp-content\/uploads\/2026\/02\/allegro-image-14564.jpg",800,567,false],"woocommerce_thumbnail":["https:\/\/twojerowery.shop\/ro64\/wp-content\/uploads\/2026\/02\/allegro-image-14564-300x300.jpg",300,300,true],"woocommerce_single":["https:\/\/twojerowery.shop\/ro64\/wp-content\/uploads\/2026\/02\/allegro-image-14564-600x425.jpg",600,425,true],"woocommerce_gallery_thumbnail":["https:\/\/twojerowery.shop\/ro64\/wp-content\/uploads\/2026\/02\/allegro-image-14564-100x100.jpg",100,100,true]},"uagb_author_info":{"display_name":"admin","author_link":"https:\/\/twojerowery.shop\/ro64\/author\/"},"uagb_comment_info":0,"uagb_excerpt":"Jeste\u015bmy obecni na rynku 30 lat. Posiadamy w swojej ofercie ponad 3000 rower\u00f3w: g\u00f3rskich(MTB), crossowych, szosowych, gravelowych trekkingowych, miejskich, dzieci\u0119cych. Na miejscu posiadamy r\u00f3wnie\u017c ponad 100 modeli rower\u00f3w elektrycznych. Na aukcjach prezentujemy Pa\u0144stwu tylko u\u0142amek tego co aktualnie posiadamy. KROSS LEA 3.0 kolor: bia\u0142y\/fioletowy po\u0142ysk rama 26 x 15&quot;","_links":{"self":[{"href":"https:\/\/twojerowery.shop\/ro64\/wp-json\/wp\/v2\/product\/14564","targetHints":{"allow":["GET"]}}],"collection":[{"href":"https:\/\/twojerowery.shop\/ro64\/wp-json\/wp\/v2\/product"}],"about":[{"href":"https:\/\/twojerowery.shop\/ro64\/wp-json\/wp\/v2\/types\/product"}],"wp:featuredmedia":[{"embeddable":true,"href":"https:\/\/twojerowery.shop\/ro64\/wp-json\/wp\/v2\/media\/14565"}],"wp:attachment":[{"href":"https:\/\/twojerowery.shop\/ro64\/wp-json\/wp\/v2\/media?parent=14564"}],"wp:term":[{"taxonomy":"product_brand","embeddable":true,"href":"https:\/\/twojerowery.shop\/ro64\/wp-json\/wp\/v2\/product_brand?post=14564"},{"taxonomy":"product_cat","embeddable":true,"href":"https:\/\/twojerowery.shop\/ro64\/wp-json\/wp\/v2\/product_cat?post=14564"},{"taxonomy":"product_tag","embeddable":true,"href":"https:\/\/twojerowery.shop\/ro64\/wp-json\/wp\/v2\/product_tag?post=14564"}],"curies":[{"name":"wp","href":"https:\/\/api.w.org\/{rel}","templated":true}]}}