{"id":14599,"date":"2026-02-26T04:38:36","date_gmt":"2026-02-26T03:38:36","guid":{"rendered":"https:\/\/rowermax.shop\/ro64\/produkt\/ladowarka-do-roweru-elektrycznego-do-akumulatora-24v-294v-wtyk-3pin\/"},"modified":"2026-02-26T04:38:37","modified_gmt":"2026-02-26T03:38:37","slug":"ladowarka-do-roweru-elektrycznego-do-akumulatora-24v-294v-wtyk-3pin","status":"publish","type":"product","link":"https:\/\/twojerowery.shop\/ro64\/produkt\/ladowarka-do-roweru-elektrycznego-do-akumulatora-24v-294v-wtyk-3pin\/","title":{"rendered":"\u0141ADOWARKA DO ROWERU ELEKTRYCZNEGO do akumulatora 24V (29,4V) WTYK 3PIN"},"content":{"rendered":"<div style=\"font-family: Arial, sans-serif; line-height: 1.6; color: #333; padding: 20px; clear: both; display: block; width: 100%; float: none; position: static; overflow: hidden;\">\n<div style=\"clear: both; display: block; margin: 10px 0;\">\n<div style=\"clear: both; display: block; margin: 10px 0;\">\n<div style=\"clear: both; display: block; margin: 10px 0;\">\n<h1>AUTOMATYCZNA \u0141ADOWARKA DO ROWERU ELEKTRYCZNEGO 29.4V 2A HQ<\/h1>\n<h1>GWARANTOWANA WYSOKA JAKO\u015a\u0106 PRODUKTU!<\/h1>\n<p style=\"margin: 15px 0; line-height: 1.8; clear: both; display: block; width: 100%; float: none; position: static;\">\u2796Symbol: <b>40876\u2796<\/b><\/p>\n<\/div>\n<\/div>\n<\/div>\n<div style=\"clear: both; display: block; margin: 10px 0;\">\n<div style=\"clear: both; display: block; margin: 10px 0;\">\n<div style=\"clear: both; display: block; margin: 10px 0;\">\n<div  style=\"max-width:1800px;max-height:91px\">\n<div style=\"clear: both; display: block; margin: 10px 0;\">\n<div style=\"clear: both; width: 100%; display: block; margin: 20px 0; padding: 0; float: none; position: static; text-align: center;\"><img decoding=\"async\"  src=\"https:\/\/a.allegroimg.com\/original\/118a22\/b749bdd140a992dbb9a625762f0a\/LADOWARKA-DO-ROWERU-ELEKTRYCZNEGO-do-akumulatora-24V-29-4V-WTYK-3PIN-Maksymalna-moc-znamionowa-Rower-elektryczny-ponizej-250-W\" srcset=\"https:\/\/a.allegroimg.com\/original\/118a22\/b749bdd140a992dbb9a625762f0a\/LADOWARKA-DO-ROWERU-ELEKTRYCZNEGO-do-akumulatora-24V-29-4V-WTYK-3PIN-Maksymalna-moc-znamionowa-Rower-elektryczny-ponizej-250-W 360w,https:\/\/a.allegroimg.com\/original\/118a22\/b749bdd140a992dbb9a625762f0a\/LADOWARKA-DO-ROWERU-ELEKTRYCZNEGO-do-akumulatora-24V-29-4V-WTYK-3PIN-Maksymalna-moc-znamionowa-Rower-elektryczny-ponizej-250-W 720w,https:\/\/a.allegroimg.com\/original\/118a22\/b749bdd140a992dbb9a625762f0a\/LADOWARKA-DO-ROWERU-ELEKTRYCZNEGO-do-akumulatora-24V-29-4V-WTYK-3PIN-Maksymalna-moc-znamionowa-Rower-elektryczny-ponizej-250-W 1024w,https:\/\/a.allegroimg.com\/original\/118a22\/b749bdd140a992dbb9a625762f0a\/LADOWARKA-DO-ROWERU-ELEKTRYCZNEGO-do-akumulatora-24V-29-4V-WTYK-3PIN-Maksymalna-moc-znamionowa-Rower-elektryczny-ponizej-250-W 1440w,https:\/\/a.allegroimg.com\/original\/118a22\/b749bdd140a992dbb9a625762f0a\/LADOWARKA-DO-ROWERU-ELEKTRYCZNEGO-do-akumulatora-24V-29-4V-WTYK-3PIN-Maksymalna-moc-znamionowa-Rower-elektryczny-ponizej-250-W 1800w\" sizes=\"100vw\" width=\"1800px\" alt=\"\u0141ADOWARKA DO ROWERU ELEKTRYCZNEGO do akumulatora 24V (29,4V) WTYK 3PIN Maksymalna moc znamionowa Rower elektryczny (poni\u017cej 250 W)\" style=\"max-width: 100%; height: auto; display: block; margin: 0 auto;\"><\/div>\n<\/div>\n<\/div>\n<\/div>\n<\/div>\n<\/div>\n<div style=\"clear: both; display: block; margin: 10px 0;\">\n<div style=\"clear: both; display: block; margin: 10px 0;\">\n<div style=\"clear: both; display: block; margin: 10px 0;\">\n<div  style=\"max-width:1000px;max-height:1000px\">\n<div style=\"clear: both; display: block; margin: 10px 0;\">\n<div style=\"clear: both; width: 100%; display: block; margin: 20px 0; padding: 0; float: none; position: static; text-align: center;\"><img decoding=\"async\"  src=\"https:\/\/a.allegroimg.com\/original\/11bf94\/1c3ba880443f84ee6a2234a9ca1a\/LADOWARKA-DO-ROWERU-ELEKTRYCZNEGO-do-akumulatora-24V-29-4V-WTYK-3PIN-Marka-bez-marki\" srcset=\"https:\/\/a.allegroimg.com\/original\/11bf94\/1c3ba880443f84ee6a2234a9ca1a\/LADOWARKA-DO-ROWERU-ELEKTRYCZNEGO-do-akumulatora-24V-29-4V-WTYK-3PIN-Marka-bez-marki 360w,https:\/\/a.allegroimg.com\/original\/11bf94\/1c3ba880443f84ee6a2234a9ca1a\/LADOWARKA-DO-ROWERU-ELEKTRYCZNEGO-do-akumulatora-24V-29-4V-WTYK-3PIN-Marka-bez-marki 720w,https:\/\/a.allegroimg.com\/original\/11bf94\/1c3ba880443f84ee6a2234a9ca1a\/LADOWARKA-DO-ROWERU-ELEKTRYCZNEGO-do-akumulatora-24V-29-4V-WTYK-3PIN-Marka-bez-marki 1000w,https:\/\/a.allegroimg.com\/original\/11bf94\/1c3ba880443f84ee6a2234a9ca1a\/LADOWARKA-DO-ROWERU-ELEKTRYCZNEGO-do-akumulatora-24V-29-4V-WTYK-3PIN-Marka-bez-marki 1000w\" sizes=\"(min-width: 1200px) 560px, (min-width: 992px) 50vw, 100vw\" width=\"1000px\" alt=\"\u0141ADOWARKA DO ROWERU ELEKTRYCZNEGO do akumulatora 24V (29,4V) WTYK 3PIN Marka bez marki\" style=\"max-width: 100%; height: auto; display: block; margin: 0 auto;\"><\/div>\n<\/div>\n<\/div>\n<\/div>\n<\/div>\n<div style=\"clear: both; display: block; margin: 10px 0;\">\n<div style=\"clear: both; display: block; margin: 10px 0;\">\n<h3 style=\"color: #2c5aa0; font-size: 18px; margin: 30px 0 15px 0; font-weight: bold; clear: both; display: block; width: 100%; float: none; position: static;\">\u0141adowarka 29.4V \/ 2A do roweru elektrycznego, przeznaczona dla akumulator\u00f3w 24V Li-Ion (litowo-jonowych)<\/h3>\n<p style=\"margin: 15px 0; line-height: 1.8; clear: both; display: block; width: 100%; float: none; position: static;\">\u0141adowarka posiada na obudowie diod\u0119 LED wskazuj\u0105ca na aktualny proces \u0142adowania, po pe\u0142nym na\u0142adowaniu akumulatora zmienia si\u0119 kolor diody co informuje u\u017cytkownika o zako\u0144czonym procesie \u0142adowania. Ponadto \u0142adowarka wyposa\u017cona jest w szereg zabezpiecze\u0144 gwarantuj\u0105cych bezpiecze\u0144stwo u\u017cytkowania a ca\u0142y proces \u0142adowania jest kontrolowany poprzez wbudowany mikroprocesor.<\/p>\n<p style=\"margin: 15px 0; line-height: 1.8; clear: both; display: block; width: 100%; float: none; position: static;\">\u2796Cena dotyczy 1szt.\u2796<\/p>\n<\/div>\n<\/div>\n<\/div>\n<div style=\"clear: both; display: block; margin: 10px 0;\">\n<div style=\"clear: both; display: block; margin: 10px 0;\">\n<div style=\"clear: both; display: block; margin: 10px 0;\">\n<div  style=\"max-width:1800px;max-height:91px\">\n<div style=\"clear: both; display: block; margin: 10px 0;\">\n<div style=\"clear: both; width: 100%; display: block; margin: 20px 0; padding: 0; float: none; position: static; text-align: center;\"><img decoding=\"async\"  src=\"https:\/\/a.allegroimg.com\/original\/118a22\/b749bdd140a992dbb9a625762f0a\/LADOWARKA-DO-ROWERU-ELEKTRYCZNEGO-do-akumulatora-24V-29-4V-WTYK-3PIN-Maksymalna-moc-znamionowa-Rower-elektryczny-ponizej-250-W\" srcset=\"https:\/\/a.allegroimg.com\/original\/118a22\/b749bdd140a992dbb9a625762f0a\/LADOWARKA-DO-ROWERU-ELEKTRYCZNEGO-do-akumulatora-24V-29-4V-WTYK-3PIN-Maksymalna-moc-znamionowa-Rower-elektryczny-ponizej-250-W 360w,https:\/\/a.allegroimg.com\/original\/118a22\/b749bdd140a992dbb9a625762f0a\/LADOWARKA-DO-ROWERU-ELEKTRYCZNEGO-do-akumulatora-24V-29-4V-WTYK-3PIN-Maksymalna-moc-znamionowa-Rower-elektryczny-ponizej-250-W 720w,https:\/\/a.allegroimg.com\/original\/118a22\/b749bdd140a992dbb9a625762f0a\/LADOWARKA-DO-ROWERU-ELEKTRYCZNEGO-do-akumulatora-24V-29-4V-WTYK-3PIN-Maksymalna-moc-znamionowa-Rower-elektryczny-ponizej-250-W 1024w,https:\/\/a.allegroimg.com\/original\/118a22\/b749bdd140a992dbb9a625762f0a\/LADOWARKA-DO-ROWERU-ELEKTRYCZNEGO-do-akumulatora-24V-29-4V-WTYK-3PIN-Maksymalna-moc-znamionowa-Rower-elektryczny-ponizej-250-W 1440w,https:\/\/a.allegroimg.com\/original\/118a22\/b749bdd140a992dbb9a625762f0a\/LADOWARKA-DO-ROWERU-ELEKTRYCZNEGO-do-akumulatora-24V-29-4V-WTYK-3PIN-Maksymalna-moc-znamionowa-Rower-elektryczny-ponizej-250-W 1800w\" sizes=\"100vw\" width=\"1800px\" alt=\"\u0141ADOWARKA DO ROWERU ELEKTRYCZNEGO do akumulatora 24V (29,4V) WTYK 3PIN Maksymalna moc znamionowa Rower elektryczny (poni\u017cej 250 W)\" style=\"max-width: 100%; height: auto; display: block; margin: 0 auto;\"><\/div>\n<\/div>\n<\/div>\n<\/div>\n<\/div>\n<\/div>\n<div style=\"clear: both; display: block; margin: 10px 0;\">\n<div style=\"clear: both; display: block; margin: 10px 0;\">\n<div style=\"clear: both; display: block; margin: 10px 0;\">\n<div  style=\"max-width:1100px;max-height:1161px\">\n<div style=\"clear: both; display: block; margin: 10px 0;\">\n<div style=\"clear: both; width: 100%; display: block; margin: 20px 0; padding: 0; float: none; position: static; text-align: center;\"><img decoding=\"async\"  src=\"https:\/\/a.allegroimg.com\/original\/11239e\/f0cd383c4f00baa7183dc9be2c56\/LADOWARKA-DO-ROWERU-ELEKTRYCZNEGO-do-akumulatora-24V-29-4V-WTYK-3PIN-Kolor-czarny\" srcset=\"https:\/\/a.allegroimg.com\/original\/11239e\/f0cd383c4f00baa7183dc9be2c56\/LADOWARKA-DO-ROWERU-ELEKTRYCZNEGO-do-akumulatora-24V-29-4V-WTYK-3PIN-Kolor-czarny 341w,https:\/\/a.allegroimg.com\/original\/11239e\/f0cd383c4f00baa7183dc9be2c56\/LADOWARKA-DO-ROWERU-ELEKTRYCZNEGO-do-akumulatora-24V-29-4V-WTYK-3PIN-Kolor-czarny 682w,https:\/\/a.allegroimg.com\/original\/11239e\/f0cd383c4f00baa7183dc9be2c56\/LADOWARKA-DO-ROWERU-ELEKTRYCZNEGO-do-akumulatora-24V-29-4V-WTYK-3PIN-Kolor-czarny 970w,https:\/\/a.allegroimg.com\/original\/11239e\/f0cd383c4f00baa7183dc9be2c56\/LADOWARKA-DO-ROWERU-ELEKTRYCZNEGO-do-akumulatora-24V-29-4V-WTYK-3PIN-Kolor-czarny 1100w,https:\/\/a.allegroimg.com\/original\/11239e\/f0cd383c4f00baa7183dc9be2c56\/LADOWARKA-DO-ROWERU-ELEKTRYCZNEGO-do-akumulatora-24V-29-4V-WTYK-3PIN-Kolor-czarny 1100w\" sizes=\"(min-width: 1200px) 560px, (min-width: 992px) 50vw, 100vw\" width=\"1100px\" alt=\"\u0141ADOWARKA DO ROWERU ELEKTRYCZNEGO do akumulatora 24V (29,4V) WTYK 3PIN Kolor czarny\" style=\"max-width: 100%; height: auto; display: block; margin: 0 auto;\"><\/div>\n<\/div>\n<\/div>\n<\/div>\n<\/div>\n<div style=\"clear: both; display: block; margin: 10px 0;\">\n<div style=\"clear: both; display: block; margin: 10px 0;\">\n<h3 style=\"color: #2c5aa0; font-size: 18px; margin: 30px 0 15px 0; font-weight: bold; clear: both; display: block; width: 100%; float: none; position: static;\">\u2796Specyfikacja\u2796<\/h3>\n<ul style=\"margin: 15px 0; padding-left: 20px; clear: both; display: block; width: 100%; float: none; position: static;\">\n<li style=\"margin: 5px 0; padding: 2px 0; clear: both; display: list-item; float: none; position: static;\">Model: TY-84W<\/li>\n<li style=\"margin: 5px 0; padding: 2px 0; clear: both; display: list-item; float: none; position: static;\">Polaryzacja: pin1 &#8222;+&#8221;, pin2 &#8222;-&#8222;<\/li>\n<li style=\"margin: 5px 0; padding: 2px 0; clear: both; display: list-item; float: none; position: static;\">Zasilanie: 100-240V AC \/ 50Hz<\/li>\n<li style=\"margin: 5px 0; padding: 2px 0; clear: both; display: list-item; float: none; position: static;\">Napi\u0119cie wyj\u015bciowe DC: 29.4V (do akumulatora 24V)<\/li>\n<li style=\"margin: 5px 0; padding: 2px 0; clear: both; display: list-item; float: none; position: static;\">Pr\u0105d wyj\u015bciowy: 2A<\/li>\n<li style=\"margin: 5px 0; padding: 2px 0; clear: both; display: list-item; float: none; position: static;\">Pob\u00f3r mocy w trybie czuwania: 0.8W<\/li>\n<li style=\"margin: 5px 0; padding: 2px 0; clear: both; display: list-item; float: none; position: static;\">Sygnalizacja pracy: LED<\/li>\n<li style=\"margin: 5px 0; padding: 2px 0; clear: both; display: list-item; float: none; position: static;\">Wymiary: 120x55x32 mm<\/li>\n<li style=\"margin: 5px 0; padding: 2px 0; clear: both; display: list-item; float: none; position: static;\">Wtyk: XLR CANON 3p<\/li>\n<li style=\"margin: 5px 0; padding: 2px 0; clear: both; display: list-item; float: none; position: static;\">Temperatura pracy: -10\u00b0C-40\u00b0C<\/li>\n<li style=\"margin: 5px 0; padding: 2px 0; clear: both; display: list-item; float: none; position: static;\">Wilgotno\u015b\u0107 robocza: 10% wilgotno\u015bci wzgl\u0119dnej RH &#8211; 90%<\/li>\n<li style=\"margin: 5px 0; padding: 2px 0; clear: both; display: list-item; float: none; position: static;\">Temperatura przechowywania: -40\u00b0C &#8211; 70\u00b0C<\/li>\n<li style=\"margin: 5px 0; padding: 2px 0; clear: both; display: list-item; float: none; position: static;\">Wilgotno\u015b\u0107 sk\u0142adowania: Wilgotno\u015b\u0107 wzgl\u0119dna 10% RH &#8211; 95%<\/li>\n<li style=\"margin: 5px 0; padding: 2px 0; clear: both; display: list-item; float: none; position: static;\">Ci\u015bnienie atmosferyczne: 70Kpa-106Kpa (wysoko\u015b\u0107 &lt;3000m n.p.m.)<\/li>\n<li style=\"margin: 5px 0; padding: 2px 0; clear: both; display: list-item; float: none; position: static;\">SCP \/ ochrona przed zwarciem TAK<\/li>\n<li style=\"margin: 5px 0; padding: 2px 0; clear: both; display: list-item; float: none; position: static;\">OLP \/ ochrona przed przeci\u0105\u017ceniem TAK<\/li>\n<li style=\"margin: 5px 0; padding: 2px 0; clear: both; display: list-item; float: none; position: static;\">OTP \/ ochrona przed nadmiern\u0105 temperatur\u0105 TAK<\/li>\n<li style=\"margin: 5px 0; padding: 2px 0; clear: both; display: list-item; float: none; position: static;\">OCP \/ ochrona nadpr\u0105dowa TAK<\/li>\n<li style=\"margin: 5px 0; padding: 2px 0; clear: both; display: list-item; float: none; position: static;\">Masa: 250g<\/li>\n<\/ul>\n<h3 style=\"color: #2c5aa0; font-size: 18px; margin: 30px 0 15px 0; font-weight: bold; clear: both; display: block; width: 100%; float: none; position: static;\">\u2796Zestaw zawiera\u2796<\/h3>\n<ul style=\"margin: 15px 0; padding-left: 20px; clear: both; display: block; width: 100%; float: none; position: static;\">\n<li style=\"margin: 5px 0; padding: 2px 0; clear: both; display: list-item; float: none; position: static;\">\u0141adowark\u0119 z wtykiem<\/li>\n<li style=\"margin: 5px 0; padding: 2px 0; clear: both; display: list-item; float: none; position: static;\">Kabel sieciowy 230V ok. 1.5m<\/li>\n<li style=\"margin: 5px 0; padding: 2px 0; clear: both; display: list-item; float: none; position: static;\">Opakowanie<\/li>\n<li style=\"margin: 5px 0; padding: 2px 0; clear: both; display: list-item; float: none; position: static;\">Dokument sprzeda\u017cy<\/li>\n<\/ul>\n<h2>UWAGA! Instrukcja bezpiecze\u0144stwa oraz u\u017cytkowania dost\u0119pna jest do pobrania w zak\u0142adce &#8222;<\/p>\n","protected":false},"excerpt":{"rendered":"<p>AUTOMATYCZNA \u0141ADOWARKA DO ROWERU ELEKTRYCZNEGO 29.4V 2A HQ<\/p>\n<p>GWARANTOWANA WYSOKA JAKO\u015a\u0106 PRODUKTU!<\/p>\n<p>\u2796Symbol: 40876\u2796<\/p>\n<p>\u0141adowarka 29.4V \/ 2A do roweru elektrycznego, przeznaczona dla akumulator\u00f3w 24V Li-Ion (litowo-jonowych)<\/p>\n","protected":false},"featured_media":14601,"template":"","meta":{"_uag_custom_page_level_css":""},"product_brand":[447],"product_cat":[741,688,750,687],"product_tag":[],"class_list":{"0":"post-14599","1":"product","2":"type-product","3":"status-publish","4":"has-post-thumbnail","6":"product_brand-bez-marki","7":"product_cat-elektryczne","8":"product_cat-rowery","9":"product_cat-rowery-elektryczne-crossowe","10":"product_cat-rowery-i-akcesoria","12":"first","13":"instock","14":"sale","15":"shipping-taxable","16":"purchasable","17":"product-type-simple"},"uagb_featured_image_src":{"full":["https:\/\/twojerowery.shop\/ro64\/wp-content\/uploads\/2026\/02\/allegro-image-14599.jpg",1100,733,false],"thumbnail":["https:\/\/twojerowery.shop\/ro64\/wp-content\/uploads\/2026\/02\/allegro-image-14599-150x150.jpg",150,150,true],"medium":["https:\/\/twojerowery.shop\/ro64\/wp-content\/uploads\/2026\/02\/allegro-image-14599-300x200.jpg",300,200,true],"medium_large":["https:\/\/twojerowery.shop\/ro64\/wp-content\/uploads\/2026\/02\/allegro-image-14599-768x512.jpg",768,512,true],"large":["https:\/\/twojerowery.shop\/ro64\/wp-content\/uploads\/2026\/02\/allegro-image-14599-1024x682.jpg",1024,682,true],"1536x1536":["https:\/\/twojerowery.shop\/ro64\/wp-content\/uploads\/2026\/02\/allegro-image-14599.jpg",1100,733,false],"2048x2048":["https:\/\/twojerowery.shop\/ro64\/wp-content\/uploads\/2026\/02\/allegro-image-14599.jpg",1100,733,false],"woocommerce_thumbnail":["https:\/\/twojerowery.shop\/ro64\/wp-content\/uploads\/2026\/02\/allegro-image-14599-300x300.jpg",300,300,true],"woocommerce_single":["https:\/\/twojerowery.shop\/ro64\/wp-content\/uploads\/2026\/02\/allegro-image-14599-600x400.jpg",600,400,true],"woocommerce_gallery_thumbnail":["https:\/\/twojerowery.shop\/ro64\/wp-content\/uploads\/2026\/02\/allegro-image-14599-100x100.jpg",100,100,true]},"uagb_author_info":{"display_name":"admin","author_link":"https:\/\/twojerowery.shop\/ro64\/author\/"},"uagb_comment_info":0,"uagb_excerpt":"AUTOMATYCZNA \u0141ADOWARKA DO ROWERU ELEKTRYCZNEGO 29.4V 2A HQ GWARANTOWANA WYSOKA JAKO\u015a\u0106 PRODUKTU! \u2796Symbol: 40876\u2796 \u0141adowarka 29.4V \/ 2A do roweru elektrycznego, przeznaczona dla akumulator\u00f3w 24V Li-Ion (litowo-jonowych)","_links":{"self":[{"href":"https:\/\/twojerowery.shop\/ro64\/wp-json\/wp\/v2\/product\/14599","targetHints":{"allow":["GET"]}}],"collection":[{"href":"https:\/\/twojerowery.shop\/ro64\/wp-json\/wp\/v2\/product"}],"about":[{"href":"https:\/\/twojerowery.shop\/ro64\/wp-json\/wp\/v2\/types\/product"}],"wp:featuredmedia":[{"embeddable":true,"href":"https:\/\/twojerowery.shop\/ro64\/wp-json\/wp\/v2\/media\/14601"}],"wp:attachment":[{"href":"https:\/\/twojerowery.shop\/ro64\/wp-json\/wp\/v2\/media?parent=14599"}],"wp:term":[{"taxonomy":"product_brand","embeddable":true,"href":"https:\/\/twojerowery.shop\/ro64\/wp-json\/wp\/v2\/product_brand?post=14599"},{"taxonomy":"product_cat","embeddable":true,"href":"https:\/\/twojerowery.shop\/ro64\/wp-json\/wp\/v2\/product_cat?post=14599"},{"taxonomy":"product_tag","embeddable":true,"href":"https:\/\/twojerowery.shop\/ro64\/wp-json\/wp\/v2\/product_tag?post=14599"}],"curies":[{"name":"wp","href":"https:\/\/api.w.org\/{rel}","templated":true}]}}